000
CXUS53 KMKX 010910
CF6RAC
PRELIMINARY LOCAL CLIMATOLOGICAL DATA (WS FORM: F-6)
STATION: RACINE WI
MONTH: MAY
YEAR: 2020
LATITUDE: 42 45 N
LONGITUDE: 87 49 W
TEMPERATURE IN F: :PCPN: SNOW: WIND :SUNSHINE: SKY :PK WND
================================================================================
1 2 3 4 5 6A 6B 7 8 9 10 11 12 13 14 15 16 17 18
12Z AVG MX 2MIN
DY MAX MIN AVG DEP HDD CDD WTR SNW DPTH SPD SPD DIR MIN PSBL S-S WX SPD DR
================================================================================
1 60 34 47 -3 18 0 0.00 0.0 0 7.6 15 160 M M 2 20 150
2 77 47 62 12 3 0 0.00 0.0 0 9.6 18 270 M M 3 26 250
3 74 42 58 8 7 0 0.00 0.0 0 11.1 26 20 M M 0 38 20
4 44 38 41 -10 24 0 0.00 0.0 0 15.3 24 20 M M 4 31 30
5 49 40 45 -6 20 0 0.00 0.0 0 11.2 17 20 M M 5 25 20
6 57 38 48 -3 17 0 0.00 0.0 0 8.2 16 10 M M 1 21 10
7 60 37 49 -3 16 0 0.00 0.0 0 10.0 20 20 M M 0 28 340
8 42 29 36 -16 29 0 0.00 0.0 0 13.8 28 10 M M 3 40 10
9 59 28 44 -8 21 0 0.00 0.0 0 10.1 20 270 M M 2 31 290
10 54 36 45 -8 20 0 0.54 M 0 11.5 28 10 M M 10 1 39 360
11 46 36 41 -12 24 0 0.00 0.0 0 7.2 15 170 M M 6 20 170
12 54 37 46 -7 19 0 0.00 0.0 0 7.5 15 70 M M 0 21 80
13 58 36 47 -7 18 0 0.23 M 0 9.8 18 140 M M 3 1 28 170
14 69 50 60 6 5 0 0.44 0.0 0 8.2 18 220 M M 8 13 30 170
15 77 47 62 8 3 0 0.46 M 0 7.3 17 40 M M 4 13 22 10
16 55 45 50 -5 15 0 T M 0 11.2 16 10 M M 1 22 360
17 56 48 52 -3 13 0 3.32 M 0 12.9 24 70 M M 10 12 35 80
18 51 45 48 -7 17 0 0.19 M 0 10.9 20 10 M M 10 12 30 10
19 54 47 51 -5 14 0 0.38 M 0 13.8 20 10 M M 10 1 31 10
20 63 47 55 -1 10 0 0.00 0.0 0 10.1 17 80 M M 1 24 80
21 69 48 59 3 6 0 0.00 0.0 0 6.3 13 30 M M 7 18 30
22 66 50 58 1 7 0 T 0.0 0 3.9 10 110 M M 8 12 14 110
23 67 50 59 2 6 0 0.10 0.0 0 7.0 18 160 M M 5 12 28 160
24 79 60 70 13 0 5 0.00 0.0 0 7.7 16 160 M M 2 20 160
25 84 59 72 14 0 7 0.03 0.0 0 7.1 20 220 M M 2 1 28 210
26 83 62 73 15 0 8 T 0.0 0 8.1 21 160 M M 1 29 160
27 82 63 73 15 0 8 0.00 0.0 0 6.4 14 170 M M 1 22 160
28 79 63 71 12 0 6 0.11 0.0 0 7.3 18 350 M M 8 1 25 220
29 72 56 64 5 1 0 0.07 0.0 0 8.0 18 320 M M 5 1 27 310
30 67 50 59 -1 6 0 0.00 0.0 0 8.1 18 40 M M 4 24 30
31 59 47 53 -7 12 0 0.00 0.0 0 9.1 18 50 M M 0 26 50
================================================================================
SM 1966 1415 351 34 5.87 0.0 286.3 M 126
================================================================================
AV 63.4 45.7 9.2 FASTST M M 4 MAX(MPH)
MISC ----> # 28 10 # 40 10
================================================================================
NOTES:
# LAST OF SEVERAL OCCURRENCES
COLUMN 17 PEAK WIND IN M.P.H.
PRELIMINARY LOCAL CLIMATOLOGICAL DATA (WS FORM: F-6) , PAGE 2
STATION: RACINE WI
MONTH: MAY
YEAR: 2020
LATITUDE: 42 45 N
LONGITUDE: 87 49 W
[TEMPERATURE DATA] [PRECIPITATION DATA] SYMBOLS USED IN COLUMN 16
AVERAGE MONTHLY: 54.5 TOTAL FOR MONTH: 5.87 1 = FOG OR MIST
DPTR FM NORMAL: -0.3 DPTR FM NORMAL: 2.41 2 = FOG REDUCING VISIBILITY
HIGHEST: 84 ON 25 GRTST 24HR 3.32 ON 17-17 TO 1/4 MILE OR LESS
LOWEST: 28 ON 9 3 = THUNDER
SNOW, ICE PELLETS, HAIL 4 = ICE PELLETS
TOTAL MONTH: 0.0 INCH 5 = HAIL
GRTST 24HR 0.0 6 = FREEZING RAIN OR DRIZZLE
GRTST DEPTH: 0 7 = DUSTSTORM OR SANDSTORM:
VSBY 1/2 MILE OR LESS
8 = SMOKE OR HAZE
[NO. OF DAYS WITH] [WEATHER - DAYS WITH] 9 = BLOWING SNOW
X = TORNADO
MAX 32 OR BELOW: 0 0.01 INCH OR MORE: 11
MAX 90 OR ABOVE: 0 0.10 INCH OR MORE: 9
MIN 32 OR BELOW: 2 0.50 INCH OR MORE: 2
MIN 0 OR BELOW: 0 1.00 INCH OR MORE: 1
[HDD (BASE 65) ]
TOTAL THIS MO. 351 CLEAR (SCALE 0-3) 16
DPTR FM NORMAL 18 PTCLDY (SCALE 4-7) 9
TOTAL FM JUL 1 6363 CLOUDY (SCALE 8-10) 6
DPTR FM NORMAL -451
[CDD (BASE 65) ]
TOTAL THIS MO. 34
DPTR FM NORMAL 19 [PRESSURE DATA]
TOTAL FM JAN 1 34 HIGHEST SLP 30.42 ON 31
DPTR FM NORMAL 18 LOWEST SLP 29.70 ON 18
[REMARKS]
#FINAL-05-20#