000
CXUS54 KFWD 010730
CF6RBD
PRELIMINARY LOCAL CLIMATOLOGICAL DATA (WS FORM: F-6)
STATION: DALLAS EXECUTIVE
MONTH: JUNE
YEAR: 2023
LATITUDE: 32 40 N
LONGITUDE: 96 52 W
TEMPERATURE IN F: :PCPN: SNOW: WIND :SUNSHINE: SKY :PK WND
================================================================================
1 2 3 4 5 6A 6B 7 8 9 10 11 12 13 14 15 16 17 18
12Z AVG MX 2MIN
DY MAX MIN AVG DEP HDD CDD WTR SNW DPTH SPD SPD DIR MIN PSBL S-S WX SPD DR
================================================================================
1 88 70 79 0 0 14 0.00 M M 7.7 16 160 M M 1 21 140
2 91 69 80 1 0 15 0.00 M M 6.9 16 290 M M 2 25 300
3 91 66 79 0 0 14 0.31 M M 5.9 30 140 M M 2 3 39 150
4 89 64 77 -3 0 12 T M M 5.5 14 230 M M 3 3 18 50
5 85 67 76 -4 0 11 T M M 6.7 22 90 M M 5 32 110
6 90 67 79 -1 0 14 0.10 M M 3.3 17 330 M M 1 3 23 340
7 91 66 79 -1 0 14 0.58 M M 4.2 20 200 M M 3 13 29 210
8 91 66 79 -1 0 14 0.11 M M 4.1 21 190 M M 1 13 30 180
9 93 67 80 -1 0 15 0.00 M M 4.8 14 170 M M 1 17 200
10 92 72 82 1 0 17 T M M 10.0 24 130 M M 1 3 33 130
11 96 71 84 3 0 19 0.37 M M 6.8 29 60 M M 2 3 39 70
12 86 69 78 -3 0 13 0.21 M M 10.9 24 70 M M 6 3 32 60
13 81 70 76 -6 0 11 0.15 M M 6.1 14 10 M M 9 138 18 360
14 92 73 83 1 0 18 0.00 M M 5.6 15 360 M M 8 1238 20 340
15 92 74 83 1 0 18 0.00 M M 8.6 21 70 M M 5 18 30 60
16 96 70 83 1 0 18 0.00 M M 10.5 25 120 M M 7 35 110
17 94 73 84 2 0 19 0.00 M M 9.0 20 190 M M 1 27 250
18 93 76 85 3 0 20 0.00 M M 6.5 17 360 M M 4 22 20
19 96 74 85 3 0 20 0.00 M M 9.6 17 140 M M 1 25 140
20 97 79 88 5 0 23 0.00 M M 9.9 17 170 M M 3 26 150
21 92 75 84 1 0 19 0.45 M M 9.9 28 140 M M 6 13 37 140
22 89 76 83 0 0 18 0.12 M M 8.8 21 100 M M 3 3 26 100
23 90 75 83 0 0 18 0.01 M M 9.8 28 60 M M 2 3 38 50
24 97 75 86 3 0 21 0.00 M M 13.4 23 170 M M 0 33 160
25 97 79 88 5 0 23 0.00 M M 12.4 21 180 M M 0 28 160
26 98 79 89 6 0 24 0.00 M M 10.2 20 170 M M 0 27 160
27 100 77 89 5 0 24 0.00 M M 11.8 20 180 M M 0 26 170
28 99 76 88 4 0 23 0.00 M M 11.7 20 190 M M 0 26 190
29 98 78 88 4 0 23 0.00 M M 10.9 18 170 M M 0 8 25 170
30 91 80 86 2 0 21 0.00 M M 9.6 16 140 M M 0 23 140
================================================================================
SM 2775 2173 0 533 2.41 M 251.1 M 77
================================================================================
AV 92.5 72.4 8.4 FASTST M M 3 MAX(MPH)
MISC ----> 30 140 # 39 150
================================================================================
NOTES:
# LAST OF SEVERAL OCCURRENCES
COLUMN 17 PEAK WIND IN M.P.H.
PRELIMINARY LOCAL CLIMATOLOGICAL DATA (WS FORM: F-6) , PAGE 2
STATION: DALLAS EXECUTIVE
MONTH: JUNE
YEAR: 2023
LATITUDE: 32 40 N
LONGITUDE: 96 52 W
[TEMPERATURE DATA] [PRECIPITATION DATA] SYMBOLS USED IN COLUMN 16
AVERAGE MONTHLY: 82.5 TOTAL FOR MONTH: 2.41 1 = FOG OR MIST
DPTR FM NORMAL: 0.8 DPTR FM NORMAL: -1.46 2 = FOG REDUCING VISIBILITY
HIGHEST: 100 ON 27 GRTST 24HR 0.58 ON 7- 7 TO 1/4 MILE OR LESS
LOWEST: 64 ON 4 3 = THUNDER
SNOW, ICE PELLETS, HAIL 4 = ICE PELLETS
TOTAL MONTH: M 5 = HAIL
GRTST 24HR M ON M 6 = FREEZING RAIN OR DRIZZLE
GRTST DEPTH: M ON M 7 = DUSTSTORM OR SANDSTORM:
VSBY 1/2 MILE OR LESS
8 = SMOKE OR HAZE
[NO. OF DAYS WITH] [WEATHER - DAYS WITH] 9 = BLOWING SNOW
X = TORNADO
MAX 32 OR BELOW: 0 0.01 INCH OR MORE: 10
MAX 90 OR ABOVE: 24 0.10 INCH OR MORE: 9
MIN 32 OR BELOW: 0 0.50 INCH OR MORE: 1
MIN 0 OR BELOW: 0 1.00 INCH OR MORE: 0
[HDD (BASE 65) ]
TOTAL THIS MO. 0 CLEAR (SCALE 0-3) 20
DPTR FM NORMAL 0 PTCLDY (SCALE 4-7) 9
TOTAL FM JUL 1 1965 CLOUDY (SCALE 8-10) 1
DPTR FM NORMAL -127
[CDD (BASE 65) ]
TOTAL THIS MO. 533
DPTR FM NORMAL 32 [PRESSURE DATA]
TOTAL FM JAN 1 956 HIGHEST SLP M ON M
DPTR FM NORMAL 18 LOWEST SLP 29.61 ON 15
[REMARKS]
#FINAL-06-23#