000
CXUS56 KMFR 010930
CF6RBG
PRELIMINARY LOCAL CLIMATOLOGICAL DATA (WS FORM: F-6)
STATION: ROSEBURG OR
MONTH: JUNE
YEAR: 2022
LATITUDE: 43 13 N
LONGITUDE: 123 22 W
TEMPERATURE IN F: :PCPN: SNOW: WIND :SUNSHINE: SKY :PK WND
================================================================================
1 2 3 4 5 6A 6B 7 8 9 10 11 12 13 14 15 16 17 18
12Z AVG MX 2MIN
DY MAX MIN AVG DEP HDD CDD WTR SNW DPTH SPD SPD DIR MIN PSBL S-S WX SPD DR
================================================================================
1 79 50 65 3 0 0 0.00 M M 3.3 13 310 M M 0 18 300
2 82 52 67 5 0 2 0.00 M M 3.4 14 360 M M 1 19 10
3 69 55 62 0 3 0 T M M 2.0 12 230 M M 8 17 220
4 64 54 59 -3 6 0 0.66 M M 2.5 14 150 M M 9 1 19 130
5 71 57 64 2 1 0 0.18 M M 3.3 14 230 M M 10 1 22 250
6 71 52 62 -1 3 0 T M M 4.1 12 10 M M 6 16 320
7 73 47 60 -3 5 0 0.01 M M 2.8 12 10 M M 5 15 10
8 79 56 68 5 0 3 0.00 M M 3.3 9 10 M M 2 M M
9 84 53 69 6 0 4 0.00 M M 1.7 10 240 M M 4 19 270
10 79 65 72 9 0 7 0.10 M M 3.8 12 10 M M 9 1 16 270
11 72 61 67 4 0 2 0.84 M M 4.7 14 10 M M 10 1 17 10
12 61 50 56 -8 9 0 0.75 M M 5.0 17 360 M M 10 1 22 360
13 62 48 55 -9 10 0 0.07 M M 2.8 12 10 M M 8 1 19 330
14 70 44 57 -7 8 0 0.00 M M 2.9 13 10 M M 4 18 10
15 77 46 62 -2 3 0 0.01 M M 2.7 14 320 M M 2 25 310
16 66 54 60 -4 5 0 0.04 M M 3.6 12 340 M M 8 1 16 330
17 64 50 57 -8 8 0 0.19 M M 4.3 13 300 M M 10 1 21 320
18 66 47 57 -8 8 0 T M M 4.0 16 10 M M 8 8 19 340
19 69 52 61 -4 4 0 0.00 M M 3.8 13 360 M M 8 17 360
20 76 52 64 -1 1 0 0.00 M M 6.3 21 10 M M 5 27 20
21 84 49 67 1 0 2 0.00 M M 5.9 21 360 M M 0 28 10
22 88 56 72 6 0 7 0.00 M M 6.8 16 10 M M 0 25 330
23 82 57 70 4 0 5 0.00 M M 7.7 18 10 M M 1 25 20
24 84 50 67 1 0 2 0.00 M M 5.5 18 10 M M 0 28 10
25 97 55 76 9 0 11 0.00 M M 3.0 15 10 M M 0 20 360
26 100 61 81 14 0 16 0.00 M M 2.4 15 10 M M 0 21 340
27 97 61 79 12 0 14 0.00 M M 4.9 14 330 M M 0 23 330
28 82 53 68 0 0 3 0.00 M M 4.4 15 10 M M 0 21 360
29 83 55 69 1 0 4 0.00 M M 5.3 16 20 M M 3 20 20
30 80 53 67 -1 0 2 0.00 M M 4.8 14 320 M M 3 20 330
================================================================================
SM 2311 1595 74 84 2.85 M 121.0 M 134
================================================================================
AV 77.0 53.2 4.0 FASTST M M 4 MAX(MPH)
MISC ----> # 21 10 # 28 10
================================================================================
NOTES:
# LAST OF SEVERAL OCCURRENCES
COLUMN 17 PEAK WIND IN M.P.H.
PRELIMINARY LOCAL CLIMATOLOGICAL DATA (WS FORM: F-6) , PAGE 2
STATION: ROSEBURG OR
MONTH: JUNE
YEAR: 2022
LATITUDE: 43 13 N
LONGITUDE: 123 22 W
[TEMPERATURE DATA] [PRECIPITATION DATA] SYMBOLS USED IN COLUMN 16
AVERAGE MONTHLY: 65.1 TOTAL FOR MONTH: 2.85 1 = FOG OR MIST
DPTR FM NORMAL: 0.5 DPTR FM NORMAL: 1.92 2 = FOG REDUCING VISIBILITY
HIGHEST: 100 ON 26 GRTST 24HR 0.86 ON 10-11 TO 1/4 MILE OR LESS
LOWEST: 44 ON 14 3 = THUNDER
SNOW, ICE PELLETS, HAIL 4 = ICE PELLETS
TOTAL MONTH: M 5 = HAIL
GRTST 24HR M ON M 6 = FREEZING RAIN OR DRIZZLE
GRTST DEPTH: M ON M 7 = DUSTSTORM OR SANDSTORM:
VSBY 1/2 MILE OR LESS
8 = SMOKE OR HAZE
[NO. OF DAYS WITH] [WEATHER - DAYS WITH] 9 = BLOWING SNOW
X = TORNADO
MAX 32 OR BELOW: 0 0.01 INCH OR MORE: 10
MAX 90 OR ABOVE: 3 0.10 INCH OR MORE: 6
MIN 32 OR BELOW: 0 0.50 INCH OR MORE: 3
MIN 0 OR BELOW: 0 1.00 INCH OR MORE: 0
[HDD (BASE 65) ]
TOTAL THIS MO. 74 CLEAR (SCALE 0-3) 14
DPTR FM NORMAL -5 PTCLDY (SCALE 4-7) 9
TOTAL FM JUL 1 3910 CLOUDY (SCALE 8-10) 7
DPTR FM NORMAL 0
[CDD (BASE 65) ]
TOTAL THIS MO. 84
DPTR FM NORMAL 17 [PRESSURE DATA]
TOTAL FM JAN 1 89 HIGHEST SLP M ON M
DPTR FM NORMAL -4 LOWEST SLP 29.67 ON 4
[REMARKS]
#FINAL-06-22#