048
CXUS56 KMFR 011000
CF6RBG
PRELIMINARY LOCAL CLIMATOLOGICAL DATA (WS FORM: F-6)
STATION: ROSEBURG OR
MONTH: SEPTEMBER
YEAR: 2020
LATITUDE: 43 13 N
LONGITUDE: 123 22 W
TEMPERATURE IN F: :PCPN: SNOW: WIND :SUNSHINE: SKY :PK WND
================================================================================
1 2 3 4 5 6A 6B 7 8 9 10 11 12 13 14 15 16 17 18
12Z AVG MX 2MIN
DY MAX MIN AVG DEP HDD CDD WTR SNW DPTH SPD SPD DIR MIN PSBL S-S WX SPD DR
================================================================================
1 94 57 76 8 0 11 0.00 M M 4.5 21 10 M M 0 23 10
2 98 61 80 12 0 15 0.00 M M 5.3 20 10 M M 0 25 360
3 99 60 80 12 0 15 0.00 M M 3.3 13 20 M M 0 17 20
4 85 60 73 5 0 8 0.00 M M 5.1 15 10 M M 0 19 10
5 87 59 73 6 0 8 0.00 M M 3.9 13 360 M M 4 16 10
6 94 53 74 7 0 9 0.00 M M 2.5 16 10 M M 0 21 360
7 97 57 77 10 0 12 0.00 M M 4.9 21 10 M M 1 8 26 360
8 92 58 75 8 0 10 0.00 M M 3.7 20 50 M M 6 8 27 50
9 85 49 67 0 0 2 0.00 M M 2.9 15 360 M M 10 8 18 360
10 76 53 65 -1 0 0 0.00 M M 0.8 6 220 M M 10 8 8 110
11 68 51 60 -6 5 0 0.00 M M 0.3 5 350 M M 10 8 6 360
12 71 49 60 -6 5 0 0.00 M M 0.0 6 230 M M 10 8 7 230
13 73 48 61 -5 4 0 0.00 M M 0.2 7 360 M M 10 28 9 350
14 85 52 69 3 0 4 0.00 M M 1.6 10 10 M M 10 128 12 10
15 79 54 67 2 0 2 0.00 M M 0.5 6 330 M M 10 8 7 340
16 81 53 67 2 0 2 0.00 M M 2.9 13 330 M M 8 8 17 320
17 80 59 70 5 0 5 0.16 M M 2.2 12 360 M M 2 138 15 20
18 68 60 64 0 1 0 0.54 M M 0.8 7 50 M M 9 18 11 240
19 77 58 68 4 0 3 0.03 M M 2.5 10 360 M M 5 1 14 10
20 79 55 67 3 0 2 0.00 M M 2.7 12 10 M M 3 18 14 10
21 78 51 65 1 0 0 0.00 M M 3.2 13 290 M M 4 1 19 320
22 76 61 69 6 0 4 0.00 M M 2.5 9 330 M M 5 12 330
23 83 56 70 7 0 5 0.23 M M 4.8 23 240 M M 5 1 38 220
24 75 55 65 2 0 0 0.01 M M 2.7 10 330 M M 3 14 330
25 68 53 61 -1 4 0 0.06 M M 3.4 12 170 M M 7 1 16 210
26 74 57 66 4 0 1 0.00 M M 2.6 12 360 M M 8 1 13 20
27 77 52 65 3 0 0 0.00 M M 4.0 18 10 M M 3 12 22 10
28 88 48 68 6 0 3 0.00 M M 1.2 9 10 M M 0 11 10
29 96 51 74 13 0 9 0.00 M M 1.2 9 360 M M 0 11 360
30 84 54 69 8 0 4 0.00 M M 1.5 9 360 M M 0 8 14 360
================================================================================
SM 2467 1644 19 134 1.03 M 77.7 M 143
================================================================================
AV 82.2 54.8 2.6 FASTST M M 5 MAX(MPH)
MISC ----> # 23 240 # 38 220
================================================================================
NOTES:
# LAST OF SEVERAL OCCURRENCES
COLUMN 17 PEAK WIND IN M.P.H.
PRELIMINARY LOCAL CLIMATOLOGICAL DATA (WS FORM: F-6) , PAGE 2
STATION: ROSEBURG OR
MONTH: SEPTEMBER
YEAR: 2020
LATITUDE: 43 13 N
LONGITUDE: 123 22 W
[TEMPERATURE DATA] [PRECIPITATION DATA] SYMBOLS USED IN COLUMN 16
AVERAGE MONTHLY: 68.5 TOTAL FOR MONTH: 1.03 1 = FOG OR MIST
DPTR FM NORMAL: 3.6 DPTR FM NORMAL: 0.07 2 = FOG REDUCING VISIBILITY
HIGHEST: 99 ON 3 GRTST 24HR 0.54 ON 18-18 TO 1/4 MILE OR LESS
LOWEST: 48 ON 28,13 3 = THUNDER
SNOW, ICE PELLETS, HAIL 4 = ICE PELLETS
TOTAL MONTH: M 5 = HAIL
GRTST 24HR M ON M 6 = FREEZING RAIN OR DRIZZLE
GRTST DEPTH: M ON M 7 = DUSTSTORM OR SANDSTORM:
VSBY 1/2 MILE OR LESS
8 = SMOKE OR HAZE
[NO. OF DAYS WITH] [WEATHER - DAYS WITH] 9 = BLOWING SNOW
X = TORNADO
MAX 32 OR BELOW: 0 0.01 INCH OR MORE: 6
MAX 90 OR ABOVE: 7 0.10 INCH OR MORE: 3
MIN 32 OR BELOW: 0 0.50 INCH OR MORE: 1
MIN 0 OR BELOW: 0 1.00 INCH OR MORE: 0
[HDD (BASE 65) ]
TOTAL THIS MO. 19 CLEAR (SCALE 0-3) 12
DPTR FM NORMAL -49 PTCLDY (SCALE 4-7) 9
TOTAL FM JUL 1 22 CLOUDY (SCALE 8-10) 9
DPTR FM NORMAL -67
[CDD (BASE 65) ]
TOTAL THIS MO. 134
DPTR FM NORMAL 69 [PRESSURE DATA]
TOTAL FM JAN 1 795 HIGHEST SLP 30.34 ON 27
DPTR FM NORMAL 319 LOWEST SLP 29.73 ON 9
[REMARKS]
#FINAL-09-20#