000
CXUS56 KSTO 231425
CF6RBL
PRELIMINARY LOCAL CLIMATOLOGICAL DATA (WS FORM: F-6)

                                          STATION:   RED BLUFF AIRPORT CA
                                          MONTH:     NOVEMBER
                                          YEAR:      2017
                                          LATITUDE:   40  9 N
                                          LONGITUDE: 122 15 W

  TEMPERATURE IN F:       :PCPN:    SNOW:  WIND      :SUNSHINE: SKY     :PK WND
================================================================================
1   2   3   4   5  6A  6B    7    8   9   10  11  12  13   14  15   16   17  18
                                     12Z  AVG MX 2MIN
DY MAX MIN AVG DEP HDD CDD  WTR  SNW DPTH SPD SPD DIR MIN PSBL S-S WX    SPD DR
================================================================================

 1  70  44  57  -1   8   0 0.00  0.0    0  4.3 10 170   M    M   0 18     13 150
 2  67  45  56  -2   9   0 0.00  0.0    0 11.2 21 150   M    M   5 18     27 150
 3  60  56  58   1   7   0    T  0.0    0 16.8 28 150   M    M  10        33 150
 4  61  45  53  -4  12   0 0.44  0.0    0  4.6 13 150   M    M   8 1      15 140
 5  56  39  48  -8  17   0    T  0.0    0  6.8 18 170   M    M   8        23 180
 6  63  40  52  -4  13   0 0.00  0.0    0  5.0 10 280   M    M   4        13 350
 7  65  37  51  -4  14   0 0.00  0.0    0  4.5 13 350   M    M   0        21 330
 8  57  41  49  -6  16   0 0.68    M    0  7.1 21 150   M    M   9 1      24 160
 9  66  55  61   6   4   0    T  0.0    0 17.6 26 170   M    M   7        33 190
10  63  54  59   5   6   0 0.03  0.0    0 12.8 22 150   M    M   8 3      28 150
11  64  45  55   1  10   0 0.00  0.0    0  3.1  8 150   M    M   5        11 330
12  60  45  53  -1  12   0 0.00  0.0    0  4.9 15 140   M    M   5        18 140
13  62  53  58   5   7   0 0.19  0.0    0 13.7 25 170   M    M   9 1      33 160
14  61  41  51  -2  14   0 0.00  0.0    0  3.4  9 330   M    M   1        12 290
15  55  49  52   0  13   0 0.77    M    0  6.0 23 160   M    M   9 1      30 160
16  62  52  57   5   8   0 0.02  0.0    0  8.0 22 140   M    M   9 1      28 130
17  61  43  52   0  13   0 0.00  0.0    0  7.2 14 350   M    M   2        20 300
18  63  36  50  -1  15   0 0.00  0.0    0  5.8 13 360   M    M   0        15  10
19  57  34  46  -5  19   0    T  0.0    0  3.6  9 350   M    M   2        11 340
20  51  48  50  -1  15   0 0.59    M    0  4.1  9 320   M    M  10 1      12 310
21  67  50  59   9   6   0    T  0.0    0  5.6 12 350   M    M   3 1      14  30
22  74  48  61  11   4   0 0.00  0.0    0  3.7 12 360   M    M   1 12     20 360
================================================================================
SM 1365 1000       242   0  2.72     0.0 159.8          M      115
================================================================================
AV 62.1 45.5                               7.3 FASTST   M    M   5    MAX(MPH)
                                 MISC ---->  # 28 150               # 33  150
================================================================================
NOTES:
# LAST OF SEVERAL OCCURRENCES

COLUMN 17 PEAK WIND IN M.P.H.

PRELIMINARY LOCAL CLIMATOLOGICAL DATA (WS FORM: F-6) , PAGE 2

                                          STATION:  RED BLUFF AIRPORT CA
                                          MONTH:    NOVEMBER
                                          YEAR:     2017
                                          LATITUDE:   40  9 N
                                          LONGITUDE: 122 15 W

[TEMPERATURE DATA]      [PRECIPITATION DATA]       SYMBOLS USED IN COLUMN 16

AVERAGE MONTHLY: 53.8   TOTAL FOR MONTH:   2.72    1 = FOG OR MIST
DPTR FM NORMAL:  -0.1   DPTR FM NORMAL:    0.69    2 = FOG REDUCING VISIBILITY
HIGHEST:    74 ON 22    GRTST 24HR  0.77 ON 15-15      TO 1/4 MILE OR LESS
LOWEST:     34 ON 19                               3 = THUNDER
                        SNOW, ICE PELLETS, HAIL    4 = ICE PELLETS
                        TOTAL MONTH:   0.0 INCH    5 = HAIL
                        GRTST 24HR     0.0         6 = FREEZING RAIN OR DRIZZLE
                        GRTST DEPTH:   0           7 = DUSTSTORM OR SANDSTORM:
                                                       VSBY 1/2 MILE OR LESS
                                                   8 = SMOKE OR HAZE
[NO. OF DAYS WITH]      [WEATHER - DAYS WITH]      9 = BLOWING SNOW
                                                   X = TORNADO
MAX 32 OR BELOW:   0    0.01 INCH OR MORE:   7
MAX 90 OR ABOVE:   0    0.10 INCH OR MORE:   5
MIN 32 OR BELOW:   0    0.50 INCH OR MORE:   3
MIN  0 OR BELOW:   0    1.00 INCH OR MORE:   0

[HDD (BASE 65) ]
TOTAL THIS MO.   242    CLEAR  (SCALE 0-3)   7
DPTR FM NORMAL    -6    PTCLDY (SCALE 4-7)   7
TOTAL FM JUL 1   289    CLOUDY (SCALE 8-10)  8
DPTR FM NORMAL   -58

[CDD (BASE 65) ]
TOTAL THIS MO.     0
DPTR FM NORMAL     0    [PRESSURE DATA]
TOTAL FM JAN 1  2343    HIGHEST SLP M ON M
DPTR FM NORMAL   515    LOWEST  SLP 29.74 ON 16

[REMARKS]
