047
CXUS56 KSTO 131749
CF6RBL
PRELIMINARY LOCAL CLIMATOLOGICAL DATA (WS FORM: F-6)
STATION: RED BLUFF AIRPORT CA
MONTH: DECEMBER
YEAR: 2020
LATITUDE: 40 9 N
LONGITUDE: 122 15 W
TEMPERATURE IN F: :PCPN: SNOW: WIND :SUNSHINE: SKY :PK WND
================================================================================
1 2 3 4 5 6A 6B 7 8 9 10 11 12 13 14 15 16 17 18
12Z AVG MX 2MIN
DY MAX MIN AVG DEP HDD CDD WTR SNW DPTH SPD SPD DIR MIN PSBL S-S WX SPD DR
================================================================================
1 70 39 55 7 10 0 0.00 0.0 0 8.4 21 350 M M 0 26 330
2 73 34 54 6 11 0 0.00 0.0 0 6.1 14 10 M M 0 18 30
3 66 35 51 4 14 0 0.00 0.0 0 4.1 9 300 M M 0 14 30
4 74 36 55 8 10 0 0.00 0.0 0 5.2 12 10 M M 0 20 80
5 76 34 55 8 10 0 0.00 0.0 0 4.1 10 300 M M 1 12 300
6 67 42 55 8 10 0 0.00 0.0 0 13.1 25 350 M M 1 34 340
7 0 58 29 -18 36 0 0.00 0.0 0 12.6 21 360 M M 0 32 360
8 76 34 55 9 10 0 0.00 0.0 0 6.2 10 30 M M 0 M M
9 72 34 53 7 12 0 0.00 0.0 0 12.1 24 340 M M 0 32 340
10 67 47 57 11 8 0 0.00 0.0 0 9.5 17 300 M M 0 23 310
11 53 40 47 1 18 0 0.06 M 0 6.7 15 170 M M 6 18 20 170
12 57 45 51 5 14 0 0.02 M 0 5.8 14 350 M M 5 18 18 350
13 50 39 45 -1 20 0 0.82 0.0 0 6.6 15 150 M M 9 12 19 140
14 58 35 47 1 18 0 0.00 0.0 0 8.2 17 340 M M 2 128 21 360
15 54 36 45 -1 20 0 0.01 0.0 0 3.8 9 310 M M 6 12 320
16 49 36 43 -3 22 0 0.45 0.0 0 5.1 14 160 M M 5 1 16 160
17 60 43 52 6 13 0 0.13 M 0 7.6 15 330 M M 3 1 20 330
18 63 36 50 5 15 0 0.00 0.0 0 5.2 16 10 M M 0 21 360
19 57 33 45 0 20 0 0.00 0.0 0 5.2 9 340 M M 0 11 350
20 62 35 49 4 16 0 0.00 0.0 0 3.8 9 330 M M 0 8 12 320
21 57 32 45 0 20 0 0.01 0.0 0 3.1 14 130 M M 1 18 16 130
22 59 37 48 3 17 0 0.00 0.0 0 11.1 21 360 M M 1 18 27 340
23 63 34 49 4 16 0 0.00 0.0 0 10.7 23 350 M M 0 18 29 350
24 56 30 43 -2 22 0 0.00 0.0 0 4.7 10 320 M M 1 18 13 320
25 50 41 46 1 19 0 0.40 M 0 5.4 20 160 M M 10 18 24 160
26 59 41 50 5 15 0 0.02 M 0 6.6 18 170 M M 5 1 30 150
27 56 40 48 3 17 0 0.00 0.0 0 6.8 13 350 M M 2 16 350
28 58 35 47 2 18 0 0.00 0.0 0 6.3 13 360 M M 2 14 320
29 61 35 48 3 17 0 0.00 0.0 0 7.4 14 330 M M 0 18 340
30 52 33 43 -2 22 0 0.04 0.0 0 5.7 14 170 M M 4 18 16 170
31 60 36 48 3 17 0 0.00 0.0 0 7.0 15 340 M M 1 18 18 340
================================================================================
SM 1835 1165 507 0 1.96 0.0 214.2 M 65
================================================================================
AV 59.2 37.6 6.9 FASTST M M 2 MAX(MPH)
MISC ----> # 25 350 # 34 340
================================================================================
NOTES:
# LAST OF SEVERAL OCCURRENCES
COLUMN 17 PEAK WIND IN M.P.H.
PRELIMINARY LOCAL CLIMATOLOGICAL DATA (WS FORM: F-6) , PAGE 2
STATION: RED BLUFF AIRPORT CA
MONTH: DECEMBER
YEAR: 2020
LATITUDE: 40 9 N
LONGITUDE: 122 15 W
[TEMPERATURE DATA] [PRECIPITATION DATA] SYMBOLS USED IN COLUMN 16
AVERAGE MONTHLY: 48.4 TOTAL FOR MONTH: 1.96 1 = FOG OR MIST
DPTR FM NORMAL: 2.5 DPTR FM NORMAL: -2.20 2 = FOG REDUCING VISIBILITY
HIGHEST: 76 ON 8, 5 GRTST 24HR 0.82 ON 13-13 TO 1/4 MILE OR LESS
LOWEST: 30 ON 24 3 = THUNDER
SNOW, ICE PELLETS, HAIL 4 = ICE PELLETS
TOTAL MONTH: 0.0 INCH 5 = HAIL
GRTST 24HR 0.0 6 = FREEZING RAIN OR DRIZZLE
GRTST DEPTH: 0 7 = DUSTSTORM OR SANDSTORM:
VSBY 1/2 MILE OR LESS
8 = SMOKE OR HAZE
[NO. OF DAYS WITH] [WEATHER - DAYS WITH] 9 = BLOWING SNOW
X = TORNADO
MAX 32 OR BELOW: 1 0.01 INCH OR MORE: 10
MAX 90 OR ABOVE: 0 0.10 INCH OR MORE: 4
MIN 32 OR BELOW: 2 0.50 INCH OR MORE: 1
MIN 0 OR BELOW: 0 1.00 INCH OR MORE: 0
[HDD (BASE 65) ]
TOTAL THIS MO. 507 CLEAR (SCALE 0-3) 23
DPTR FM NORMAL -85 PTCLDY (SCALE 4-7) 6
TOTAL FM JUL 1 896 CLOUDY (SCALE 8-10) 2
DPTR FM NORMAL -171
[CDD (BASE 65) ]
TOTAL THIS MO. 0
DPTR FM NORMAL 0 [PRESSURE DATA]
TOTAL FM JAN 1 2515 HIGHEST SLP 30.46 ON 19
DPTR FM NORMAL 686 LOWEST SLP 29.77 ON 28
[REMARKS]
#FINAL-12-20#