000
CDUS41 KPHI 170547
CLIRDG


CLIMATE REPORT
NATIONAL WEATHER SERVICE MOUNT HOLLY NJ
146 AM EDT TUE OCT 17 2017


...................................

...THE READING PA CLIMATE SUMMARY FOR OCTOBER 16 2017...

CLIMATE NORMAL PERIOD 1981 TO 2010
CLIMATE RECORD PERIOD 1869 TO 2017


WEATHER ITEM   OBSERVED TIME   RECORD YEAR NORMAL DEPARTURE LAST
                VALUE   (LST)  VALUE       VALUE  FROM      YEAR
                                                  NORMAL
..................................................................
TEMPERATURE (F)
 YESTERDAY
  MAXIMUM         67   1215 AM  83    1938  64      3       71
  MINIMUM         44   1159 PM  31    2006  43      1       43
                                      1976
  AVERAGE         56                        54      2       57

PRECIPITATION (IN)
  YESTERDAY        0.01          1.64 2002   0.10  -0.09      T
  MONTH TO DATE    1.54                      1.97  -0.43     0.25
  SINCE SEP 1      5.16                      6.31  -1.15     4.90
  SINCE JAN 1     38.60                     35.27   3.33    29.41

DEGREE DAYS
 HEATING
  YESTERDAY        9                        12     -3        8
  MONTH TO DATE   48                       151   -103      118
  SINCE SEP 1    104                       225   -121      150
  SINCE JUL 1    108                       230   -122      150

 COOLING
  YESTERDAY        0                         0      0        0
  MONTH TO DATE   53                         5     48        0
  SINCE SEP 1    196                        89    107      191
  SINCE JAN 1   1085                       892    193     1333
..................................................................


WIND (MPH)
  HIGHEST WIND SPEED    23   HIGHEST WIND DIRECTION    NW (320)
  HIGHEST GUST SPEED    31   HIGHEST GUST DIRECTION     N (340)
  AVERAGE WIND SPEED    10.9


SKY COVER
  POSSIBLE SUNSHINE  MM
  AVERAGE SKY COVER 0.4


WEATHER CONDITIONS
 THE FOLLOWING WEATHER WAS RECORDED YESTERDAY.
  LIGHT RAIN


RELATIVE HUMIDITY (PERCENT)
 HIGHEST    93          1200 AM
 LOWEST     44           400 PM
 AVERAGE    69

..........................................................


THE READING PA CLIMATE NORMALS FOR TODAY
                         NORMAL    RECORD    YEAR
 MAXIMUM TEMPERATURE (F)   64        86      1938
                                             1908
 MINIMUM TEMPERATURE (F)   43        31      1976
                                             1937


SUNRISE AND SUNSET
OCTOBER 17 2017.......SUNRISE   717 AM EDT   SUNSET   621 PM EDT
OCTOBER 18 2017.......SUNRISE   718 AM EDT   SUNSET   619 PM EDT


-  INDICATES NEGATIVE NUMBERS.
R  INDICATES RECORD WAS SET OR TIED.
MM INDICATES DATA IS MISSING.
T  INDICATES TRACE AMOUNT.




$$
