000
CDUS41 KPHI 282127
CLIRDG


CLIMATE REPORT
NATIONAL WEATHER SERVICE MOUNT HOLLY NJ
527 PM EDT SAT MAY 28 2016


...................................

...THE READING PA CLIMATE SUMMARY FOR MAY 28 2016...
VALID TODAY AS OF 0500 PM LOCAL TIME.

CLIMATE NORMAL PERIOD 1981 TO 2010
CLIMATE RECORD PERIOD 1869 TO 2016


WEATHER ITEM   OBSERVED TIME   RECORD YEAR NORMAL DEPARTURE LAST
                VALUE   (LST)  VALUE       VALUE  FROM      YEAR
                                                  NORMAL
..................................................................
TEMPERATURE (F)
 TODAY
  MAXIMUM         91    202 PM  92    1977  76     15       88
                                      1941
                                      1914
  MINIMUM         69    528 AM  38    1994  54     15       65
  AVERAGE         80                        65     15       77

PRECIPITATION (IN)
  TODAY            0.00          2.28 1968   0.16  -0.16      T
  MONTH TO DATE    3.12                      3.75  -0.63     0.63
  SINCE MAR 1      5.93                     11.00  -5.07     7.14
  SINCE JAN 1     12.74                     16.53  -3.79    10.88

SNOWFALL (IN)
  TODAY           MM            MM      MM  MM     MM       MM
  MONTH TO DATE   MM                        MM     MM       MM
  SINCE MAR 1     MM                        MM     MM       MM
  SINCE JUL 1     MM                        MM     MM       MM
  SNOW DEPTH      MM

DEGREE DAYS
 HEATING
  TODAY            0                         3     -3        0
  MONTH TO DATE  192                       162     30       68
  SINCE MAR 1   1147                      1318   -171     1357
  SINCE JUL 1   4494                      5360   -866     5662

 COOLING
  TODAY           15                         3     12       12
  MONTH TO DATE   46                        44      2      122
  SINCE MAR 1     59                        53      6      122
  SINCE JAN 1     59                        53      6      122
..................................................................


WIND (MPH)
  HIGHEST WIND SPEED    17   HIGHEST WIND DIRECTION    SW (210)
  HIGHEST GUST SPEED    21   HIGHEST GUST DIRECTION     S (190)
  AVERAGE WIND SPEED     5.4


SKY COVER
  POSSIBLE SUNSHINE  MM
  AVERAGE SKY COVER 0.1


WEATHER CONDITIONS
 THE FOLLOWING WEATHER WAS RECORDED TODAY.
  NO SIGNIFICANT WEATHER WAS OBSERVED.


RELATIVE HUMIDITY (PERCENT)
 HIGHEST    79           600 AM
 LOWEST     47           100 PM
 AVERAGE    63

..........................................................


THE READING PA CLIMATE NORMALS FOR TOMORROW
                         NORMAL    RECORD    YEAR
 MAXIMUM TEMPERATURE (F)   76        95      1969
 MINIMUM TEMPERATURE (F)   54        37      1902


SUNRISE AND SUNSET
MAY 28 2016...........SUNRISE   538 AM EDT   SUNSET   825 PM EDT
MAY 29 2016...........SUNRISE   537 AM EDT   SUNSET   826 PM EDT


-  INDICATES NEGATIVE NUMBERS.
R  INDICATES RECORD WAS SET OR TIED.
MM INDICATES DATA IS MISSING.
T  INDICATES TRACE AMOUNT.




$$
