000
CDUS41 KPHI 230630
CLIRDG


CLIMATE REPORT
NATIONAL WEATHER SERVICE MOUNT HOLLY NJ
128 AM EST SUN NOV 23 2014


...................................

...THE READING PA CLIMATE SUMMARY FOR NOVEMBER 22 2014...

CLIMATE NORMAL PERIOD 1981 TO 2010
CLIMATE RECORD PERIOD 1869 TO 2014


WEATHER ITEM   OBSERVED TIME   RECORD YEAR NORMAL DEPARTURE LAST
                VALUE   (LST)  VALUE       VALUE  FROM      YEAR
                                                  NORMAL
..................................................................
TEMPERATURE (F)
 YESTERDAY
  MAXIMUM         43    409 PM  73    1931  51     -8       54
  MINIMUM         18    602 AM  16    1969  33    -15       44
  AVERAGE         31                        42    -11       49

PRECIPITATION (IN)
  YESTERDAY        T             1.72 2011   0.11  -0.11     0.03
  MONTH TO DATE    1.23                      2.39  -1.16     0.68
  SINCE SEP 1      7.47                      9.95  -2.48     6.76
  SINCE JAN 1     37.90                     38.91  -1.01    35.90

SNOWFALL (IN)
  YESTERDAY       MM            MM      MM  MM     MM       MM
  MONTH TO DATE   MM                        MM     MM       MM
  SINCE SEP 1     MM                        MM     MM       MM
  SINCE JUL 1     MM                        MM     MM       MM
  SNOW DEPTH      MM

DEGREE DAYS
 HEATING
  YESTERDAY       34                        23     11       16
  MONTH TO DATE  520                       429     91      422
  SINCE SEP 1    822                       862    -40      787
  SINCE JUL 1    823                       867    -44      787

 COOLING
  YESTERDAY        0                         0      0        0
  MONTH TO DATE    0                         0      0        0
  SINCE SEP 1    141                        93     48      140
  SINCE JAN 1    962                       896     66     1124
..................................................................


WIND (MPH)
  HIGHEST WIND SPEED    15   HIGHEST WIND DIRECTION    SW (210)
  HIGHEST GUST SPEED    20   HIGHEST GUST DIRECTION     S (200)
  AVERAGE WIND SPEED     4.4


SKY COVER
  POSSIBLE SUNSHINE  MM
  AVERAGE SKY COVER 0.4


WEATHER CONDITIONS
 THE FOLLOWING WEATHER WAS RECORDED YESTERDAY.
  LIGHT RAIN


RELATIVE HUMIDITY (PERCENT)
 HIGHEST    73           400 AM
 LOWEST     29           100 PM
 AVERAGE    51

..........................................................


THE READING PA CLIMATE NORMALS FOR TODAY
                         NORMAL    RECORD    YEAR
 MAXIMUM TEMPERATURE (F)   50        71      1979
                                             1939
                                             1931
 MINIMUM TEMPERATURE (F)   33        16      1972


SUNRISE AND SUNSET
NOVEMBER 23 2014......SUNRISE   659 AM EST   SUNSET   441 PM EST
NOVEMBER 24 2014......SUNRISE   700 AM EST   SUNSET   441 PM EST


-  INDICATES NEGATIVE NUMBERS.
R  INDICATES RECORD WAS SET OR TIED.
MM INDICATES DATA IS MISSING.
T  INDICATES TRACE AMOUNT.




$$
