000
CDUS41 KPHI 240632
CLIRDG


CLIMATE REPORT
NATIONAL WEATHER SERVICE MOUNT HOLLY NJ
231 AM EDT FRI OCT 24 2014


...................................

...THE READING PA CLIMATE SUMMARY FOR OCTOBER 23 2014...

CLIMATE NORMAL PERIOD 1981 TO 2010
CLIMATE RECORD PERIOD 1869 TO 2014


WEATHER ITEM   OBSERVED TIME   RECORD YEAR NORMAL DEPARTURE LAST
                VALUE   (LST)  VALUE       VALUE  FROM      YEAR
                                                  NORMAL
..................................................................
TEMPERATURE (F)
 YESTERDAY
  MAXIMUM         56   1159 PM  86    1947  62     -6       54
  MINIMUM         50    625 AM  24    1976  41      9       37
  AVERAGE         53                        51      2       46

PRECIPITATION (IN)
  YESTERDAY        0.02          2.03 1912   0.09  -0.07      T
  MONTH TO DATE    4.40                      2.61   1.79     4.73
  SINCE SEP 1      6.20                      6.95  -0.75     6.04
  SINCE JAN 1     36.63                     35.91   0.72    35.18

SNOWFALL (IN)
  YESTERDAY       MM            MM      MM  MM     MM       MM
  MONTH TO DATE   MM                        MM     MM       MM
  SINCE SEP 1     MM                        MM     MM       MM
  SINCE JUL 1     MM                        MM     MM       MM
  SNOW DEPTH      MM

DEGREE DAYS
 HEATING
  YESTERDAY       12                        14     -2       19
  MONTH TO DATE  166                       241    -75      139
  SINCE SEP 1    220                       315    -95      229
  SINCE JUL 1    221                       320    -99      229

 COOLING
  YESTERDAY        0                         0      0        0
  MONTH TO DATE   16                         5     11       42
  SINCE SEP 1    141                        89     52      140
  SINCE JAN 1    962                       892     70     1124
..................................................................


WIND (MPH)
  HIGHEST WIND SPEED    23   HIGHEST WIND DIRECTION     N (340)
  HIGHEST GUST SPEED    29   HIGHEST GUST DIRECTION    NW (330)
  AVERAGE WIND SPEED    13.6


SKY COVER
  POSSIBLE SUNSHINE  MM
  AVERAGE SKY COVER 0.9


WEATHER CONDITIONS
 THE FOLLOWING WEATHER WAS RECORDED YESTERDAY.
  LIGHT RAIN


RELATIVE HUMIDITY (PERCENT)
 HIGHEST    71           200 AM
 LOWEST     61           400 PM
 AVERAGE    66

..........................................................


THE READING PA CLIMATE NORMALS FOR TODAY
                         NORMAL    RECORD    YEAR
 MAXIMUM TEMPERATURE (F)   62        81      2001
 MINIMUM TEMPERATURE (F)   41        20      1969


SUNRISE AND SUNSET
OCTOBER 24 2014.......SUNRISE   724 AM EDT   SUNSET   611 PM EDT
OCTOBER 25 2014.......SUNRISE   726 AM EDT   SUNSET   610 PM EDT


-  INDICATES NEGATIVE NUMBERS.
R  INDICATES RECORD WAS SET OR TIED.
MM INDICATES DATA IS MISSING.
T  INDICATES TRACE AMOUNT.




$$
