000
CDUS41 KPHI 180626
CLIRDG


CLIMATE REPORT
NATIONAL WEATHER SERVICE MOUNT HOLLY NJ
226 AM EDT SAT APR 18 2015


...................................

...THE READING PA CLIMATE SUMMARY FOR APRIL 17 2015...

CLIMATE NORMAL PERIOD 1981 TO 2010
CLIMATE RECORD PERIOD 1869 TO 2015


WEATHER ITEM   OBSERVED TIME   RECORD YEAR NORMAL DEPARTURE LAST
                VALUE   (LST)  VALUE       VALUE  FROM      YEAR
                                                  NORMAL
..................................................................
TEMPERATURE (F)
 YESTERDAY
  MAXIMUM         73    328 PM  95    1976  63     10       54
  MINIMUM         55    529 AM  26    1980  41     14       31
  AVERAGE         64                        52     12       43

PRECIPITATION (IN)
  YESTERDAY        0.07          1.25 1873   0.11  -0.04     0.00
  MONTH TO DATE    0.59                      2.22  -1.63     2.30
  SINCE MAR 1      5.41                      5.70  -0.29     4.47
  SINCE JAN 1      9.15                     11.23  -2.08    11.15

SNOWFALL (IN)
  YESTERDAY       MM            MM      MM  MM     MM       MM
  MONTH TO DATE   MM                        MM     MM       MM
  SINCE MAR 1     MM                        MM     MM       MM
  SINCE JUL 1     MM                        MM     MM       MM
  SNOW DEPTH      MM

DEGREE DAYS
 HEATING
  YESTERDAY        1                        13    -12       22
  MONTH TO DATE  221                       267    -46      244
  SINCE MAR 1   1141                      1010    131     1161
  SINCE JUL 1   5446                      5052    394     5471

 COOLING
  YESTERDAY        0                         0      0        0
  MONTH TO DATE    0                         0      0        9
  SINCE MAR 1      0                         0      0        9
  SINCE JAN 1      0                         0      0        9
..................................................................


WIND (MPH)
  HIGHEST WIND SPEED    15   HIGHEST WIND DIRECTION     W (270)
  HIGHEST GUST SPEED    18   HIGHEST GUST DIRECTION     W (270)
  AVERAGE WIND SPEED     6.7


SKY COVER
  POSSIBLE SUNSHINE  MM
  AVERAGE SKY COVER 0.8


WEATHER CONDITIONS
 THE FOLLOWING WEATHER WAS RECORDED YESTERDAY.
  LIGHT RAIN


RELATIVE HUMIDITY (PERCENT)
 HIGHEST    93           500 AM
 LOWEST     49           500 PM
 AVERAGE    71

..........................................................


THE READING PA CLIMATE NORMALS FOR TODAY
                         NORMAL    RECORD    YEAR
 MAXIMUM TEMPERATURE (F)   64        96      1976
 MINIMUM TEMPERATURE (F)   41        31      2001
                                             1990


SUNRISE AND SUNSET
APRIL 18 2015.........SUNRISE   621 AM EDT   SUNSET   746 PM EDT
APRIL 19 2015.........SUNRISE   620 AM EDT   SUNSET   747 PM EDT


-  INDICATES NEGATIVE NUMBERS.
R  INDICATES RECORD WAS SET OR TIED.
MM INDICATES DATA IS MISSING.
T  INDICATES TRACE AMOUNT.




$$
