000
CDUS41 KPHI 270628
CLIRDG


CLIMATE REPORT
NATIONAL WEATHER SERVICE MOUNT HOLLY NJ
228 AM EDT MON JUN 27 2016


...................................

...THE READING PA CLIMATE SUMMARY FOR JUNE 26 2016...

CLIMATE NORMAL PERIOD 1981 TO 2010
CLIMATE RECORD PERIOD 1869 TO 2016


WEATHER ITEM   OBSERVED TIME   RECORD YEAR NORMAL DEPARTURE LAST
                VALUE   (LST)  VALUE       VALUE  FROM      YEAR
                                                  NORMAL
..................................................................
TEMPERATURE (F)
 YESTERDAY
  MAXIMUM         87    313 PM 102    1952  84      3       82
  MINIMUM         63    537 AM  46    1979  63      0       63
  AVERAGE         75                        73      2       73

PRECIPITATION (IN)
  YESTERDAY        0.00          2.25 2006   0.10  -0.10     0.02
  MONTH TO DATE    1.59                      3.32  -1.73     5.08
  SINCE JUN 1      1.59                      3.32  -1.73     5.08
  SINCE JAN 1     15.59                     20.34  -4.75    16.99

SNOWFALL (IN)
  YESTERDAY       MM            MM      MM  MM     MM       MM
  MONTH TO DATE   MM                        MM     MM       MM
  SINCE JUN 1     MM                        MM     MM       MM
  SINCE JUL 1     MM                        MM     MM       MM
  SNOW DEPTH      MM

DEGREE DAYS
 HEATING
  YESTERDAY        0                         0      0        0
  MONTH TO DATE    9                        23    -14       21
  SINCE JUN 1      9                        23    -14       21
  SINCE JUL 1   4503                      5391   -888     5683

 COOLING
  YESTERDAY       10                         8      2        8
  MONTH TO DATE  192                       153     39      210
  SINCE JUN 1    192                       153     39      210
  SINCE JAN 1    286                       213     73      369
..................................................................


WIND (MPH)
  HIGHEST WIND SPEED    16   HIGHEST WIND DIRECTION    SW (210)
  HIGHEST GUST SPEED    20   HIGHEST GUST DIRECTION    SW (220)
  AVERAGE WIND SPEED     6.5


SKY COVER
  POSSIBLE SUNSHINE  MM
  AVERAGE SKY COVER 0.1


WEATHER CONDITIONS
 THE FOLLOWING WEATHER WAS RECORDED YESTERDAY.
  NO SIGNIFICANT WEATHER WAS OBSERVED.


RELATIVE HUMIDITY (PERCENT)
 HIGHEST    78           300 AM
 LOWEST     34           200 PM
 AVERAGE    56

..........................................................


THE READING PA CLIMATE NORMALS FOR TODAY
                         NORMAL    RECORD    YEAR
 MAXIMUM TEMPERATURE (F)   84        99      1952
 MINIMUM TEMPERATURE (F)   63        50      1981


SUNRISE AND SUNSET
JUNE 27 2016..........SUNRISE   536 AM EDT   SUNSET   838 PM EDT
JUNE 28 2016..........SUNRISE   536 AM EDT   SUNSET   838 PM EDT


-  INDICATES NEGATIVE NUMBERS.
R  INDICATES RECORD WAS SET OR TIED.
MM INDICATES DATA IS MISSING.
T  INDICATES TRACE AMOUNT.




$$
