000
CDUS41 KPHI 270630
CLIRDG


CLIMATE REPORT
NATIONAL WEATHER SERVICE MOUNT HOLLY NJ
229 AM EDT TUE JUN 27 2017


...................................

...THE READING PA CLIMATE SUMMARY FOR JUNE 26 2017...

CLIMATE NORMAL PERIOD 1981 TO 2010
CLIMATE RECORD PERIOD 1869 TO 2017


WEATHER ITEM   OBSERVED TIME   RECORD YEAR NORMAL DEPARTURE LAST
                VALUE   (LST)  VALUE       VALUE  FROM      YEAR
                                                  NORMAL
..................................................................
TEMPERATURE (F)
 YESTERDAY
  MAXIMUM         79    325 PM 102    1952  84     -5       87
  MINIMUM         56    453 AM  46    1979  63     -7       63
  AVERAGE         68                        73     -5       75

PRECIPITATION (IN)
  YESTERDAY        T             2.25 2006   0.10  -0.10     0.00
  MONTH TO DATE    4.74                      3.32   1.42     1.59
  SINCE JUN 1      4.74                      3.32   1.42     1.59
  SINCE JAN 1     18.16                     20.34  -2.18    15.59

DEGREE DAYS
 HEATING
  YESTERDAY        0                         0      0        0
  MONTH TO DATE   16                        23     -7        9
  SINCE JUN 1     16                        23     -7        9
  SINCE JUL 1   4581                      5391   -810     4503

 COOLING
  YESTERDAY        3                         8     -5       10
  MONTH TO DATE  200                       153     47      192
  SINCE JUN 1    200                       153     47      192
  SINCE JAN 1    275                       213     62      286
..................................................................


WIND (MPH)
  HIGHEST WIND SPEED    25   HIGHEST WIND DIRECTION    NW (300)
  HIGHEST GUST SPEED    31   HIGHEST GUST DIRECTION     W (290)
  AVERAGE WIND SPEED     6.0


SKY COVER
  POSSIBLE SUNSHINE  MM
  AVERAGE SKY COVER 0.3


WEATHER CONDITIONS
 THE FOLLOWING WEATHER WAS RECORDED YESTERDAY.
  LIGHT RAIN


RELATIVE HUMIDITY (PERCENT)
 HIGHEST    78           200 AM
 LOWEST     35           200 PM
 AVERAGE    57

..........................................................


THE READING PA CLIMATE NORMALS FOR TODAY
                         NORMAL    RECORD    YEAR
 MAXIMUM TEMPERATURE (F)   84        99      1952
 MINIMUM TEMPERATURE (F)   63        50      1981


SUNRISE AND SUNSET
JUNE 27 2017..........SUNRISE   536 AM EDT   SUNSET   838 PM EDT
JUNE 28 2017..........SUNRISE   536 AM EDT   SUNSET   838 PM EDT


-  INDICATES NEGATIVE NUMBERS.
R  INDICATES RECORD WAS SET OR TIED.
MM INDICATES DATA IS MISSING.
T  INDICATES TRACE AMOUNT.




$$
