000
CXUS56 KPDT 011810
CF6RDM
PRELIMINARY LOCAL CLIMATOLOGICAL DATA (WS FORM: F-6)
STATION: REDMOND OR
MONTH: AUGUST
YEAR: 2022
LATITUDE: 44 16 N
LONGITUDE: 121 9 W
TEMPERATURE IN F: :PCPN: SNOW: WIND :SUNSHINE: SKY :PK WND
================================================================================
1 2 3 4 5 6A 6B 7 8 9 10 11 12 13 14 15 16 17 18
12Z AVG MX 2MIN
DY MAX MIN AVG DEP HDD CDD WTR SNW DPTH SPD SPD DIR MIN PSBL S-S WX SPD DR
================================================================================
1 98 69 84 14 0 19 T M M 7.9 23 290 M M 0 27 290
2 95 66 81 12 0 16 T M M 6.9 20 310 M M 2 3 26 320
3 100 55 78 9 0 13 0.00 M M 9.3 28 220 M M 1 8 36 230
4 90 48 69 0 0 4 0.00 M M 6.7 20 340 M M 0 25 350
5 88 47 68 -1 0 3 0.00 M M 7.5 18 350 M M 0 24 340
6 89 46 68 -1 0 3 0.00 M M 5.0 15 340 M M 0 20 340
7 98 46 72 3 0 7 0.00 M M 6.8 18 350 M M 0 24 340
8 101 53 77 9 0 12 0.00 M M 4.8 23 150 M M 0 30 140
9 88 61 75 7 0 10 0.05 M M 5.5 17 250 M M 4 3 22 270
10 93 51 72 4 0 7 0.00 M M 7.3 21 300 M M 1 12 26 310
11 92 48 70 2 0 5 0.00 M M 5.8 26 290 M M 0 8 31 290
12 94 52 73 5 0 8 0.00 M M 8.2 24 290 M M 0 31 290
13 87 41 64 -4 1 0 0.00 M M 5.4 15 330 M M 0 19 350
14 90 46 68 1 0 3 0.00 M M 7.1 17 360 M M 0 22 360
15 93 48 71 4 0 6 0.00 M M 6.5 16 330 M M 0 22 340
16 96 50 73 6 0 8 0.00 M M 5.8 18 350 M M 0 24 330
17 96 53 75 8 0 10 0.00 M M 5.5 23 300 M M 0 30 300
18 90 70 80 14 0 15 0.00 M M 4.6 15 310 M M 0 20 330
19 96 64 80 14 0 15 0.00 M M 7.2 20 320 M M 1 26 330
20 95 57 76 10 0 11 0.00 M M 6.4 22 300 M M 0 26 320
21 96 47 72 6 0 7 0.00 M M 6.7 17 300 M M 0 24 360
22 92 56 74 8 0 9 0.00 M M 5.6 21 290 M M 0 25 310
23 91 53 72 6 0 7 0.00 M M 6.5 15 340 M M 0 20 330
24 93 53 73 8 0 8 0.00 M M 5.8 18 350 M M 0 24 330
25 95 54 75 10 0 10 0.00 M M 5.9 15 310 M M 0 20 350
26 91 56 74 9 0 9 0.00 M M 8.0 23 290 M M 0 30 290
27 82 48 65 0 0 0 0.00 M M 7.8 17 30 M M 0 23 340
28 84 41 63 -1 2 0 0.00 M M 5.9 16 330 M M 0 22 330
29 92 45 69 5 0 4 0.00 M M 6.7 18 340 M M 0 23 330
30 100 48 74 10 0 9 T M M 6.9 20 350 M M 0 27 350
31 97 53 75 11 0 10 0.00 M M 7.5 20 310 M M 0 8 24 300
================================================================================
SM 2882 1625 3 248 0.05 M 203.5 M 9
================================================================================
AV 93.0 52.4 6.6 FASTST M M 0 MAX(MPH)
MISC ----> 28 220 36 230
================================================================================
NOTES:
# LAST OF SEVERAL OCCURRENCES
COLUMN 17 PEAK WIND IN M.P.H.
PRELIMINARY LOCAL CLIMATOLOGICAL DATA (WS FORM: F-6) , PAGE 2
STATION: REDMOND OR
MONTH: AUGUST
YEAR: 2022
LATITUDE: 44 16 N
LONGITUDE: 121 9 W
[TEMPERATURE DATA] [PRECIPITATION DATA] SYMBOLS USED IN COLUMN 16
AVERAGE MONTHLY: 72.7 TOTAL FOR MONTH: 0.05 1 = FOG OR MIST
DPTR FM NORMAL: 5.9 DPTR FM NORMAL: -0.41 2 = FOG REDUCING VISIBILITY
HIGHEST: 101 ON 8 GRTST 24HR 0.05 ON 9- 9 TO 1/4 MILE OR LESS
LOWEST: 41 ON 28,13 3 = THUNDER
SNOW, ICE PELLETS, HAIL 4 = ICE PELLETS
TOTAL MONTH: M 5 = HAIL
GRTST 24HR M ON M 6 = FREEZING RAIN OR DRIZZLE
GRTST DEPTH: M ON M 7 = DUSTSTORM OR SANDSTORM:
VSBY 1/2 MILE OR LESS
8 = SMOKE OR HAZE
[NO. OF DAYS WITH] [WEATHER - DAYS WITH] 9 = BLOWING SNOW
X = TORNADO
MAX 32 OR BELOW: 0 0.01 INCH OR MORE: 1
MAX 90 OR ABOVE: 25 0.10 INCH OR MORE: 0
MIN 32 OR BELOW: 0 0.50 INCH OR MORE: 0
MIN 0 OR BELOW: 0 1.00 INCH OR MORE: 0
[HDD (BASE 65) ]
TOTAL THIS MO. 3 CLEAR (SCALE 0-3) 30
DPTR FM NORMAL -50 PTCLDY (SCALE 4-7) 1
TOTAL FM JUL 1 4 CLOUDY (SCALE 8-10) 0
DPTR FM NORMAL -93
[CDD (BASE 65) ]
TOTAL THIS MO. 248
DPTR FM NORMAL 138 [PRESSURE DATA]
TOTAL FM JAN 1 523 HIGHEST SLP 30.13 ON 13
DPTR FM NORMAL 237 LOWEST SLP 29.80 ON 19
[REMARKS]
#FINAL-08-22#