501
CXUS52 KRAH 011311
CLMRDU


CLIMATE REPORT
NATIONAL WEATHER SERVICE RALEIGH NC
902 AM EDT MON AUG 1 2016

...................................

...THE RALEIGH-DURHAM INTL AIRPORT CLIMATE SUMMARY FOR THE MONTH OF JULY 2016...

CLIMATE NORMAL PERIOD 1981 TO 2010
CLIMATE RECORD PERIOD 1887 TO 2016

WEATHER         OBSERVED          NORMAL  DEPART  LAST YEAR`S
                 VALUE   DATE(S)  VALUE   FROM    VALUE
                                          NORMAL
.............................................................
TEMPERATURE (F)
RECORD
 HIGH             105   07/08/2012
                        07/23/1952
                        07/14/1954
 LOW               48   07/02/1975
HIGHEST            97   07/26                         94
LOWEST             68   07/17                         64
                        07/09
AVG. MAXIMUM     91.9              90.2     1.7     89.2
AVG. MINIMUM     72.0              69.9     2.1     70.7
MEAN             82.0              80.0     2.0     80.0
DAYS MAX >= 90     24                                 16
DAYS MAX <= 32      0                                  0
DAYS MIN <= 32      0                                  0
DAYS MIN <= 0       0                                  0

PRECIPITATION (INCHES)
RECORD
 MAXIMUM        12.36   1931
TOTALS           8.11              4.73    3.38     5.01
DAYS >= .01        12
DAYS >= .10         9
DAYS >= .50         4
DAYS >= 1.00        4
GREATEST
 24 HR. TOTAL    1.99   07/15 TO 07/16

DEGREE_DAYS
HEATING TOTAL       0                 0       0        0
 SINCE 7/1          0                 0       0        0
COOLING TOTAL     535               466      69      472
 SINCE 1/1       1130              1022     108
..............................................................

WIND (MPH)
AVERAGE WIND SPEED              5.3
HIGHEST WIND SPEED/DIRECTION    31/240    DATE  07/05
HIGHEST GUST SPEED/DIRECTION    39/240    DATE  07/05

SKY COVER
POSSIBLE SUNSHINE (PERCENT)   MM
AVERAGE SKY COVER           0.60
NUMBER OF DAYS FAIR            6
NUMBER OF DAYS PC             20
NUMBER OF DAYS CLOUDY          5

AVERAGE RH (PERCENT)     73

WEATHER CONDITIONS. NUMBER OF DAYS WITH
THUNDERSTORM              0     MIXED PRECIP               0
HEAVY RAIN                6     RAIN                       7
LIGHT RAIN               11     FREEZING RAIN              0
LT FREEZING RAIN          0     HAIL                       0
HEAVY SNOW                0     SNOW                       0
LIGHT SNOW                0     SLEET                      0
FOG                      17     FOG W/VIS <= 1/4 MILE      1
HAZE                      2

-  INDICATES NEGATIVE NUMBERS.
R  INDICATES RECORD WAS SET OR TIED.
MM INDICATES DATA IS MISSING.
T  INDICATES TRACE AMOUNT.

&&

A RECORD RAINFALL OF 1.48 INCHES WAS SET AT RALEIGH-DURHAM INTL
AIRPORT NC...JULY 3RD. THIS BREAKS THE OLD RECORD OF 1.34 SET IN 1968.


$$
