145
CXUS52 KRAH 011336
CLMRDU


CLIMATE REPORT
NATIONAL WEATHER SERVICE RALEIGH NC
929 AM EDT SAT JUL 1 2017

...................................

...THE RALEIGH-DURHAM INTL AIRPORT CLIMATE SUMMARY FOR THE MONTH OF JUNE 2017...

CLIMATE NORMAL PERIOD 1981 TO 2010
CLIMATE RECORD PERIOD 1887 TO 2017

WEATHER         OBSERVED          NORMAL  DEPART  LAST YEAR`S
                 VALUE   DATE(S)  VALUE   FROM    VALUE
                                          NORMAL
.............................................................
TEMPERATURE (F)
RECORD
 HIGH             105   06/30/2012
                        06/29/2012
                        06/27/1954
 LOW               38   06/08/1977
HIGHEST            93   06/14                         93
LOWEST             53   06/09                         52
AVG. MAXIMUM     86.3              87.1    -0.8     87.4
AVG. MINIMUM     64.8              65.8    -1.0     65.9
MEAN             75.6              76.4    -0.8     76.7
DAYS MAX >= 90      8                                 11
DAYS MAX <= 32      0                                  0
DAYS MIN <= 32      0                                  0
DAYS MIN <= 0       0                                  0

PRECIPITATION (INCHES)
RECORD
 MAXIMUM        10.45   2006
TOTALS           6.16              3.52    2.64     6.02
DAYS >= .01        11
DAYS >= .10         8
DAYS >= .50         3
DAYS >= 1.00        2
GREATEST
 24 HR. TOTAL    2.47   06/16 TO 06/17

DEGREE_DAYS
HEATING TOTAL       1                 4      -3        0
 SINCE 7/1       2507              3247    -740     2609
COOLING TOTAL     325               347     -22      359
 SINCE 1/1        664               556     108
..............................................................

WIND (MPH)
AVERAGE WIND SPEED              6.1
HIGHEST WIND SPEED/DIRECTION    26/240    DATE  06/04
HIGHEST GUST SPEED/DIRECTION    40/230    DATE  06/18

SKY COVER
POSSIBLE SUNSHINE (PERCENT)    0
AVERAGE SKY COVER           0.60
NUMBER OF DAYS FAIR            5
NUMBER OF DAYS PC             15
NUMBER OF DAYS CLOUDY         10

AVERAGE RH (PERCENT)     70

WEATHER CONDITIONS. NUMBER OF DAYS WITH
THUNDERSTORM              9     MIXED PRECIP               0
HEAVY RAIN                5     RAIN                       6
LIGHT RAIN               12     FREEZING RAIN              0
LT FREEZING RAIN          0     HAIL                       0
HEAVY SNOW                0     SNOW                       0
LIGHT SNOW                0     SLEET                      0
FOG                      12     FOG W/VIS <= 1/4 MILE      0
HAZE                      1

-  INDICATES NEGATIVE NUMBERS.
R  INDICATES RECORD WAS SET OR TIED.
MM INDICATES DATA IS MISSING.
T  INDICATES TRACE AMOUNT.

&&

A RECORD RAINFALL OF 2.30 INCHES WAS SET AT RALEIGH-DURHAM INTL
AIRPORT NC ON JUNE 16. THIS BROKE THE OLD RECORD OF 1.73 INCHES SET
IN 1895.

$$
