000
CXUS52 KRAH 011450
CLMRDU


CLIMATE REPORT
NATIONAL WEATHER SERVICE RALEIGH NC
937 AM EST WED FEB 1 2017

...................................

...THE RALEIGH-DURHAM INTL AIRPORT CLIMATE SUMMARY FOR THE MONTH OF JANUARY 2017...

CLIMATE NORMAL PERIOD 1981 TO 2010
CLIMATE RECORD PERIOD 1887 TO 2017

WEATHER         OBSERVED          NORMAL  DEPART  LAST YEAR`S
                 VALUE   DATE(S)  VALUE   FROM    VALUE
                                          NORMAL
.............................................................
TEMPERATURE (F)
RECORD
 HIGH              80   01/30/2002
 LOW               -9   01/21/1985
HIGHEST            76   01/13                         70
LOWEST              9   01/09                         18
AVG. MAXIMUM     55.4              50.9     4.5     48.2
AVG. MINIMUM     37.5              31.0     6.5     30.4
MEAN             46.5              41.0     5.5     39.3
DAYS MAX >= 90      0                                  0
DAYS MAX <= 32      3                                  3
DAYS MIN <= 32     11                                 20
DAYS MIN <= 0       0                                  0

PRECIPITATION (INCHES)
RECORD
 MAXIMUM         7.52   1954
TOTALS           3.77              3.50    0.27     1.73
DAYS >= .01        14
DAYS >= .10         7
DAYS >= .50         3
DAYS >= 1.00        1
GREATEST
 24 HR. TOTAL    1.39   01/01 TO 01/02

SNOWFALL (INCHES)
RECORDS
 TOTAL           25.8   2000
                        0
                        -26215
 SNOW DEPTH        20   01/26/2000
TOTALS            0.5               2.9    -2.4      1.2
SINCE 7/1         0.5
SNOWDEPTH AVG.      0
DAYS >= TRACE       2
DAYS >= 1.0         0               0.8    -0.8        1

DEGREE_DAYS
HEATING TOTAL     564               746    -182      791
 SINCE 7/1       1646              1997    -351     1537
COOLING TOTAL       0                 0       0        0
 SINCE 1/1          0                 0       0
..............................................................

WIND (MPH)
AVERAGE WIND SPEED              6.6
HIGHEST WIND SPEED/DIRECTION    28/230    DATE  01/12
HIGHEST GUST SPEED/DIRECTION    38/320    DATE  01/26

SKY COVER
POSSIBLE SUNSHINE (PERCENT)   MM
AVERAGE SKY COVER           0.70
NUMBER OF DAYS FAIR            5
NUMBER OF DAYS PC             11
NUMBER OF DAYS CLOUDY         15

AVERAGE RH (PERCENT)     68

WEATHER CONDITIONS. NUMBER OF DAYS WITH
THUNDERSTORM              0     MIXED PRECIP               0
HEAVY RAIN                2     RAIN                       4
LIGHT RAIN               14     FREEZING RAIN              0
LT FREEZING RAIN          2     HAIL                       0
HEAVY SNOW                0     SNOW                       2
LIGHT SNOW                1     SLEET                      2
FOG                      14     FOG W/VIS <= 1/4 MILE      7
HAZE                      0

-  INDICATES NEGATIVE NUMBERS.
R  INDICATES RECORD WAS SET OR TIED.
MM INDICATES DATA IS MISSING.
T  INDICATES TRACE AMOUNT.

&&

A RECORD RAINFALL OF 1.08 INCHES WAS TIED AT RALEIGH-DURHAM INTL
AIRPORT NC JANUARY 2ND. THIS TIES THE OLD RECORD OF 1.08 SET IN 2017.

$$
