000
CXUS52 KRAH 011328
CLMRDU


CLIMATE REPORT
NATIONAL WEATHER SERVICE RALEIGH NC
925 AM EDT FRI JUL 1 2016

...................................

...THE RALEIGH-DURHAM INTL AIRPORT CLIMATE SUMMARY FOR THE MONTH OF JUNE 2016...

CLIMATE NORMAL PERIOD 1981 TO 2010
CLIMATE RECORD PERIOD 1887 TO 2016

WEATHER         OBSERVED          NORMAL  DEPART  LAST YEAR`S
                 VALUE   DATE(S)  VALUE   FROM    VALUE
                                          NORMAL
.............................................................
TEMPERATURE (F)
RECORD
 HIGH             105   06/30/2012
                        06/29/2012
                        06/27/1954
 LOW               38   06/08/1977
HIGHEST            93   06/12                        100
LOWEST             52   06/09                         59
AVG. MAXIMUM     87.4              87.1     0.3     90.1
AVG. MINIMUM     65.9              65.8     0.1     68.4
MEAN             76.7              76.4     0.3     79.3
DAYS MAX >= 90     11                                 18
DAYS MAX <= 32      0                                  0
DAYS MIN <= 32      0                                  0
DAYS MIN <= 0       0                                  0

PRECIPITATION (INCHES)
RECORD
 MAXIMUM        10.45   2006
TOTALS           6.02              3.52    2.50     6.35
DAYS >= .01        13
DAYS >= .10         9
DAYS >= .50         5
DAYS >= 1.00        2
GREATEST
 24 HR. TOTAL    1.71   06/23 TO 06/24

DEGREE_DAYS
HEATING TOTAL       0                 4      -4        0
 SINCE 7/1       2609              3247    -638     3484
COOLING TOTAL     359               347      12      437
 SINCE 1/1        595               556      39
..............................................................

WIND (MPH)
AVERAGE WIND SPEED              5.3
HIGHEST WIND SPEED/DIRECTION    43/210    DATE  06/05
HIGHEST GUST SPEED/DIRECTION    59/220    DATE  06/05

SKY COVER
POSSIBLE SUNSHINE (PERCENT)   MM
AVERAGE SKY COVER           0.60
NUMBER OF DAYS FAIR            6
NUMBER OF DAYS PC             19
NUMBER OF DAYS CLOUDY          5

AVERAGE RH (PERCENT)     69

WEATHER CONDITIONS. NUMBER OF DAYS WITH
THUNDERSTORM              9     MIXED PRECIP               0
HEAVY RAIN                6     RAIN                       7
LIGHT RAIN               12     FREEZING RAIN              0
LT FREEZING RAIN          0     HAIL                       0
HEAVY SNOW                0     SNOW                       0
LIGHT SNOW                0     SLEET                      0
FOG                      18     FOG W/VIS <= 1/4 MILE      1
HAZE                      3

-  INDICATES NEGATIVE NUMBERS.
R  INDICATES RECORD WAS SET OR TIED.
MM INDICATES DATA IS MISSING.
T  INDICATES TRACE AMOUNT.

$$
