000
CXUS52 KRAH 011421
CLMRDU


CLIMATE REPORT
NATIONAL WEATHER SERVICE RALEIGH NC
859 AM EST TUE MAR 1 2016

...................................

...THE RALEIGH-DURHAM INTL AIRPORT CLIMATE SUMMARY FOR THE MONTH OF FEBRUARY 2016...

CLIMATE NORMAL PERIOD 1981 TO 2010
CLIMATE RECORD PERIOD 1887 TO 2016

WEATHER         OBSERVED          NORMAL  DEPART  LAST YEAR`S
                 VALUE   DATE(S)  VALUE   FROM    VALUE
                                          NORMAL
.............................................................
TEMPERATURE (F)
RECORD
 HIGH              84   02/26/1977
 LOW               -2   02/14/1899
HIGHEST            73   02/29                         72
                        02/24
LOWEST             15   02/14                          7
AVG. MAXIMUM     53.5              55.2    -1.7     45.0
AVG. MINIMUM     34.1              33.8     0.3     24.6
MEAN             43.8              44.5    -0.7     34.8
DAYS MAX >= 90      0                                  0
DAYS MAX <= 32      2                                  5
DAYS MIN <= 32     15                                 24
DAYS MIN <= 0       0                                  0

PRECIPITATION (INCHES)
RECORD
 MAXIMUM         8.54   1939
TOTALS           4.68              3.23    1.45     2.91
DAYS >= .01        10
DAYS >= .10         7
DAYS >= .50         3
DAYS >= 1.00        2
GREATEST
 24 HR. TOTAL    1.39   02/15 TO 02/16

SNOWFALL (INCHES)
RECORDS
 TOTAL           21.0   1948
 SNOW DEPTH        10   02/19/1979
TOTALS            0.2               1.9    -1.7      7.9
SINCE 7/1         1.4
SNOWDEPTH AVG.      0
DAYS >= TRACE       3
DAYS >= 1.0         0               0.6    -0.6        3

DEGREE_DAYS
HEATING TOTAL     606               575      31      836
 SINCE 7/1       2143              2590    -447     2897
COOLING TOTAL       0                 1      -1        0
 SINCE 1/1          0                 1      -1
..............................................................

WIND (MPH)
AVERAGE WIND SPEED              6.9
HIGHEST WIND SPEED/DIRECTION    35/230    DATE  02/24
HIGHEST GUST SPEED/DIRECTION    46/230    DATE  02/24

SKY COVER
POSSIBLE SUNSHINE (PERCENT)   MM
AVERAGE SKY COVER           0.60
NUMBER OF DAYS FAIR            9
NUMBER OF DAYS PC              8
NUMBER OF DAYS CLOUDY         12

AVERAGE RH (PERCENT)     62

WEATHER CONDITIONS. NUMBER OF DAYS WITH
THUNDERSTORM              1     MIXED PRECIP               0
HEAVY RAIN                4     RAIN                       7
LIGHT RAIN               11     FREEZING RAIN              0
LT FREEZING RAIN          1     HAIL                       0
HEAVY SNOW                0     SNOW                       1
LIGHT SNOW                2     SLEET                      1
FOG                      14     FOG W/VIS <= 1/4 MILE      7
HAZE                      1

-  INDICATES NEGATIVE NUMBERS.
R  INDICATES RECORD WAS SET OR TIED.
MM INDICATES DATA IS MISSING.
T  INDICATES TRACE AMOUNT.

$$
