000
CXUS52 KRAH 051245 CCA
CLMRDU

CLIMATE REPORT...CORRECTION
NATIONAL WEATHER SERVICE RALEIGH NC
951 AM EDT MON JUL 1 2013

...................................

...THE RALEIGH-DURHAM INTL AIRPORT CLIMATE SUMMARY FOR THE MONTH OF JUNE 2013...

CLIMATE NORMAL PERIOD 1981 TO 2010
CLIMATE RECORD PERIOD 1887 TO 2013

WEATHER         OBSERVED          NORMAL  DEPART  LAST YEAR`S
                 VALUE   DATE(S)  VALUE   FROM    VALUE
                                          NORMAL
.............................................................
TEMPERATURE (F)
RECORD
 HIGH             105   06/30/2012
                        06/29/2012
                        06/27/1954
 LOW               38   06/08/1977
HIGHEST            94   06/13                        105
LOWEST             55   06/21                         52
AVG. MAXIMUM     85.4              87.1    -1.7     86.8
AVG. MINIMUM     66.2              65.8     0.4     62.5
MEAN             75.8              76.4    -0.6     74.6
DAYS MAX >= 90      5                                  9
DAYS MAX <= 32      0                                  0
DAYS MIN <= 32      0                                  0
DAYS MIN <= 0       0                                  0

PRECIPITATION (INCHES)
RECORD
 MAXIMUM        10.45   2006
TOTALS          10.08              3.52    6.56     3.10
DAYS >= .01        15
DAYS >= .10        10
DAYS >= .50         4
DAYS >= 1.00        2
GREATEST
 24 HR. TOTAL    5.42   06/06 TO 06/07

DEGREE_DAYS
HEATING TOTAL       0                 4      -4        0
 SINCE 7/1       3320              3247      73     2528
COOLING TOTAL     331               347     -16      299
 SINCE 1/1        509               556     -47
..............................................................

WIND (MPH)
AVERAGE WIND SPEED              7.1
HIGHEST WIND SPEED/DIRECTION    30/300    DATE  06/13
HIGHEST GUST SPEED/DIRECTION    49/300    DATE  06/13

SKY COVER
POSSIBLE SUNSHINE (PERCENT)   MM
AVERAGE SKY COVER           0.70
NUMBER OF DAYS FAIR            4
NUMBER OF DAYS PC             15
NUMBER OF DAYS CLOUDY         11

AVERAGE RH (PERCENT)     74

WEATHER CONDITIONS. NUMBER OF DAYS WITH
THUNDERSTORM             10     MIXED PRECIP               0
HEAVY RAIN                5     RAIN                       8
LIGHT RAIN               16     FREEZING RAIN              0
LT FREEZING RAIN          0     HAIL                       0
HEAVY SNOW                0     SNOW                       0
LIGHT SNOW                0     SLEET                      0
FOG                      19     FOG W/VIS <= 1/4 MILE      0
HAZE                      0

-  INDICATES NEGATIVE NUMBERS.
R  INDICATES RECORD WAS SET OR TIED.
MM INDICATES DATA IS MISSING.
T  INDICATES TRACE AMOUNT.

&&

RECORDS FOR THE MONTH OF JUNE AT RDU

A RECORD RAINFALL OF 5.14 INCHES WAS SET AT RALEIGH-DURHAM
INTERNATIONAL AIRPORT NC JUNE 7. THIS BREAKS THE OLD RECORD OF 1.24
SET IN 1930.

10.08 INCHES OF RAIN FELL DURING JUNE 2013. THIS IS THE 3RD WETTEST
JUNE ON RECORD. (10.45 INCHES IN JUNE 2006 AND 10.44 INCHES IN JUNE 1889)

$$
