000
CXUS52 KRAH 011515
CLMRDU


CLIMATE REPORT
NATIONAL WEATHER SERVICE RALEIGH NC
1005 AM EST THU DEC 1 2016

...................................

...THE RALEIGH-DURHAM INTL AIRPORT CLIMATE SUMMARY FOR THE MONTH OF NOVEMBER 2016...

CLIMATE NORMAL PERIOD 1981 TO 2010
CLIMATE RECORD PERIOD 1887 TO 2016

WEATHER         OBSERVED          NORMAL  DEPART  LAST YEAR`S
                 VALUE   DATE(S)  VALUE   FROM    VALUE
                                          NORMAL
.............................................................
TEMPERATURE (F)
RECORD
 HIGH              86   11/15/1993
 LOW               11   11/25/1970
HIGHEST            83   11/03                         77
LOWEST             24   11/13                         27
AVG. MAXIMUM     66.2              63.6     2.6     65.5
AVG. MINIMUM     39.4              40.8    -1.4     45.4
MEAN             52.8              52.2     0.6     55.4
DAYS MAX >= 90      0                                  0
DAYS MAX <= 32      0                                  0
DAYS MIN <= 32      9                                  5
DAYS MIN <= 0       0                                  0

PRECIPITATION (INCHES)
RECORD
 MAXIMUM         9.03   2006
TOTALS           0.60              3.12   -2.52     7.14
DAYS >= .01         7
DAYS >= .10         1
DAYS >= .50         0
DAYS >= 1.00        0
GREATEST
 24 HR. TOTAL    0.33   11/13 TO 11/14

DEGREE_DAYS
HEATING TOTAL     371               392     -21      290
 SINCE 7/1        455               581    -126      451
COOLING TOTAL      11                 8       3       11
 SINCE 1/1       2101              1728     373
..............................................................

WIND (MPH)
AVERAGE WIND SPEED              4.3
HIGHEST WIND SPEED/DIRECTION    28/240    DATE  11/30
HIGHEST GUST SPEED/DIRECTION    38/290    DATE  11/19

SKY COVER
POSSIBLE SUNSHINE (PERCENT)   MM
AVERAGE SKY COVER           0.40
NUMBER OF DAYS FAIR           17
NUMBER OF DAYS PC              7
NUMBER OF DAYS CLOUDY          6

AVERAGE RH (PERCENT)     65

WEATHER CONDITIONS. NUMBER OF DAYS WITH
THUNDERSTORM              0     MIXED PRECIP               0
HEAVY RAIN                0     RAIN                       2
LIGHT RAIN                9     FREEZING RAIN              0
LT FREEZING RAIN          0     HAIL                       0
HEAVY SNOW                0     SNOW                       0
LIGHT SNOW                0     SLEET                      0
FOG                      18     FOG W/VIS <= 1/4 MILE      0
HAZE                      3

-  INDICATES NEGATIVE NUMBERS.
R  INDICATES RECORD WAS SET OR TIED.
MM INDICATES DATA IS MISSING.
T  INDICATES TRACE AMOUNT.

&&

A RECORD HIGH TEMPERATURE OF 77 DEGREES WAS SET AT RALEIGH-DURHAM
INTL AIRPORT NC ON NOVEMBER 30. THIS TIES THE OLD RECORD OF 77 SET
IN 2006.

A RECORD HIGH MINIMUM TEMPERATURE OF 65 DEGREES WAS SET AT RALEIGH-
DURHAM INTL AIRPORT NC ON NOVEMBER 30. THIS BREAKS THE OLD RECORD OF
62 SET IN 1934.

$$
