000
CXUS52 KRAH 011405
CLMRDU


CLIMATE REPORT
NATIONAL WEATHER SERVICE RALEIGH NC
855 AM EST SAT MAR 1 2014

...................................

...THE RALEIGH-DURHAM INTL AIRPORT CLIMATE SUMMARY FOR THE MONTH OF FEBRUARY 2014...

CLIMATE NORMAL PERIOD 1981 TO 2010
CLIMATE RECORD PERIOD 1887 TO 2014

WEATHER         OBSERVED          NORMAL  DEPART  LAST YEAR`S
                 VALUE   DATE(S)  VALUE   FROM    VALUE
                                          NORMAL
.............................................................
TEMPERATURE (F)
RECORD
 HIGH              84   02/26/1977
 LOW               -2   02/14/1899
HIGHEST            73   02/21                         63
LOWEST             23   02/12                         18
AVG. MAXIMUM     53.5              55.2    -1.7     51.8
AVG. MINIMUM     33.4              33.8    -0.4     32.5
MEAN             43.4              44.5    -1.1     42.1
DAYS MAX >= 90      0                                  0
DAYS MAX <= 32      1                                  0
DAYS MIN <= 32     14                                 15
DAYS MIN <= 0       0                                  0

PRECIPITATION (INCHES)
RECORD
 MAXIMUM         6.42   1989
TOTALS           3.00              3.23   -0.23     4.08
DAYS >= .01         9
DAYS >= .10         7
DAYS >= .50         2
DAYS >= 1.00        0
GREATEST
 24 HR. TOTAL    0.98   02/12 TO 02/13

SNOWFALL (INCHES)
RECORDS
 TOTAL           17.2   5
                        0
                        -26215
 SNOW DEPTH        10   MM
TOTALS            3.7               1.9     1.8      0.7
SINCE 7/1         5.6
SNOWDEPTH AVG.      0
DAYS >= TRACE       4
DAYS >= 1.0         1               0.6     0.4        0

DEGREE_DAYS
HEATING TOTAL     597               575      22      635
 SINCE 7/1       2701              2572     129     2446
COOLING TOTAL       0                 1      -1        0
 SINCE 1/1          0                 1      -1
..............................................................

WIND (MPH)
AVERAGE WIND SPEED              5.9
HIGHEST WIND SPEED/DIRECTION    32/250    DATE  02/21
HIGHEST GUST SPEED/DIRECTION    41/250    DATE  02/21

SKY COVER
POSSIBLE SUNSHINE (PERCENT)   MM
AVERAGE SKY COVER           0.70
NUMBER OF DAYS FAIR            3
NUMBER OF DAYS PC             14
NUMBER OF DAYS CLOUDY         11

AVERAGE RH (PERCENT)     62

WEATHER CONDITIONS. NUMBER OF DAYS WITH
THUNDERSTORM              2     MIXED PRECIP               0
HEAVY RAIN                1     RAIN                       3
LIGHT RAIN               10     FREEZING RAIN              1
LT FREEZING RAIN          2     HAIL                       0
HEAVY SNOW                1     SNOW                       2
LIGHT SNOW                4     SLEET                      2
FOG                      15     FOG W/VIS <= 1/4 MILE      3
HAZE                      1

-  INDICATES NEGATIVE NUMBERS.
R  INDICATES RECORD WAS SET OR TIED.
MM INDICATES DATA IS MISSING.
T  INDICATES TRACE AMOUNT.

&&

NO CLIMATE RECORDS WERE TIED OR BROKEN AT RALEIGH DURHAM INTERNATIONAL AIRPORT
FOR THE MONTH OF FEBRUARY.


$$
