000
CXUS52 KRAH 020714
CLMRDU

CLIMATE REPORT
NATIONAL WEATHER SERVICE RALEIGH NC
943 AM EST TUE DEC 1 2015

...................................

...THE RALEIGH-DURHAM INTL AIRPORT CLIMATE SUMMARY FOR THE MONTH OF NOVEMBER 2015...

CLIMATE NORMAL PERIOD 1981 TO 2010
CLIMATE RECORD PERIOD 1887 TO 2015

WEATHER         OBSERVED          NORMAL  DEPART  LAST YEAR`S
                 VALUE   DATE(S)  VALUE   FROM    VALUE
                                          NORMAL
.............................................................
TEMPERATURE (F)
RECORD
 HIGH              86   11/15/1993
 LOW               11   11/25/1970
HIGHEST            77   11/12                         76
LOWEST             27   11/24                         19
AVG. MAXIMUM     65.5              63.6     1.9     58.1
AVG. MINIMUM     45.4              40.8     4.6     35.8
MEAN             55.4              52.2     3.2     47.0
DAYS MAX >= 90      0                                  0
DAYS MAX <= 32      0                                  0
DAYS MIN <= 32      5                                 12
DAYS MIN <= 0       0                                  0

PRECIPITATION (INCHES)
RECORD
 MAXIMUM         9.03   2006
TOTALS           7.14              3.12    4.02     3.78
DAYS >= .01         9
DAYS >= .10         9
DAYS >= .50         6
DAYS >= 1.00        3
GREATEST
 24 HR. TOTAL    1.86   11/19 TO 11/19

DEGREE_DAYS
HEATING TOTAL     290               392    -102      536
 SINCE 7/1        451               581    -130      664
COOLING TOTAL      11                 8       3        1
 SINCE 1/1       1886              1728     158
..............................................................

WIND (MPH)
AVERAGE WIND SPEED              4.0
HIGHEST WIND SPEED/DIRECTION    24/230    DATE  11/12
HIGHEST GUST SPEED/DIRECTION    31/230    DATE  11/12

SKY COVER
POSSIBLE SUNSHINE (PERCENT)   MM
AVERAGE SKY COVER           0.70
NUMBER OF DAYS FAIR            4
NUMBER OF DAYS PC             12
NUMBER OF DAYS CLOUDY         14

AVERAGE RH (PERCENT)     72

WEATHER CONDITIONS. NUMBER OF DAYS WITH
THUNDERSTORM              1     MIXED PRECIP               0
HEAVY RAIN                3     RAIN                       7
LIGHT RAIN               14     FREEZING RAIN              0
LT FREEZING RAIN          0     HAIL                       0
HEAVY SNOW                0     SNOW                       0
LIGHT SNOW                0     SLEET                      0
FOG                      16     FOG W/VIS <= 1/4 MILE      2
HAZE                      1

-  INDICATES NEGATIVE NUMBERS.
R  INDICATES RECORD WAS SET OR TIED.
MM INDICATES DATA IS MISSING.
T  INDICATES TRACE AMOUNT.

&&

THE 7.74 INCHES OF PRECIPIATION AT RALEIGH-DURHAM INTL AIRPORT MAKES
NOVEMBER 2015 THE 6TH WETTEST NOVEMBER OF ALL TIME.

THE MINIMUM TEMPERATURE NOVEMBER 6 AT RALEIGH-DURHAM INTERNATIONAL
AIRPORT WAS 65 DEGREES. THIS TIES THE OLD RECORD LAST SET IN 2003.

A RECORD RAINFALL OF 1.86 INCHES WAS SET AT RALEIGH-DURHAM
INTERNATIONAL AIRPORT ON NOVEMBER 19. THIS BREAKS THE OLD RECORD OF
1.53 SET IN 1938.

$$
