000
CXUS52 KRAH 011445
CLMRDU


CLIMATE REPORT
NATIONAL WEATHER SERVICE RALEIGH NC
942 AM EST SUN NOV 1 2015

...................................

...THE RALEIGH-DURHAM INTL AIRPORT CLIMATE SUMMARY FOR THE MONTH OF OCTOBER 2015...

CLIMATE NORMAL PERIOD 1981 TO 2010
CLIMATE RECORD PERIOD 1887 TO 2015

WEATHER         OBSERVED          NORMAL  DEPART  LAST YEAR`S
                 VALUE   DATE(S)  VALUE   FROM    VALUE
                                          NORMAL
.............................................................
TEMPERATURE (F)
RECORD
 HIGH              98   10/06/1954
 LOW               19   10/27/1962
HIGHEST            83   10/08                         86
LOWEST             32   10/19                         39
AVG. MAXIMUM     71.0              72.7    -1.7     75.0
AVG. MINIMUM     49.8              49.8     0.0     51.0
MEAN             60.4              61.2    -0.8     63.0
DAYS MAX >= 90      0                                  0
DAYS MAX <= 32      0                                  0
DAYS MIN <= 32      1                                  0
DAYS MIN <= 0       0                                  0

PRECIPITATION (INCHES)
RECORD
 MAXIMUM        10.23   1887
TOTALS           5.06              3.25    1.81     2.18
DAYS >= .01        10
DAYS >= .10         8
DAYS >= .50         2
DAYS >= 1.00        2
GREATEST
 24 HR. TOTAL    2.07   10/02 TO 10/02

DEGREE_DAYS
HEATING TOTAL     159               168      -9      118
 SINCE 7/1        161               189     -28      128
COOLING TOTAL      24                52     -28       64
 SINCE 1/1       1875              1720     155
..............................................................

WIND (MPH)
AVERAGE WIND SPEED              5.9
HIGHEST WIND SPEED/DIRECTION    26/050    DATE  10/04
HIGHEST GUST SPEED/DIRECTION    37/050    DATE  10/04

SKY COVER
POSSIBLE SUNSHINE (PERCENT)    0
AVERAGE SKY COVER           0.50
NUMBER OF DAYS FAIR           15
NUMBER OF DAYS PC              7
NUMBER OF DAYS CLOUDY          9

AVERAGE RH (PERCENT)     72

WEATHER CONDITIONS. NUMBER OF DAYS WITH
THUNDERSTORM              0     MIXED PRECIP               0
HEAVY RAIN                1     RAIN                       4
LIGHT RAIN                9     FREEZING RAIN              0
LT FREEZING RAIN          0     HAIL                       0
HEAVY SNOW                0     SNOW                       0
LIGHT SNOW                0     SLEET                      0
FOG                      11     FOG W/VIS <= 1/4 MILE      0
HAZE                      1

-  INDICATES NEGATIVE NUMBERS.
R  INDICATES RECORD WAS SET OR TIED.
MM INDICATES DATA IS MISSING.
T  INDICATES TRACE AMOUNT.

&&

A RECORD RAINFALL OF 2.07 INCHES WAS SET AT RALEIGH-DURHAM
INTERNATIONAL AIRPORT ON OCTOBER 2ND. THE PREVIOUS RECORD OF 2.01
WAS SET IN 1969.

A RECORD RAINFALL OF 1.23 INCHES WAS TIED AT RALEIGH-DURHAM
INTERNATIONAL AIRPORT ON OCTOBER 3RD. THIS TIED THE PREVIOUS RECORD
OF 1.23 SET IN 1988.

A RECORD LOW TEMPERATURE OF 32 WAS TIED AT RALEIGH-DURHAM
INTERNATIONAL AIRPORT ON OCTOBER 19TH. THIS TIED THE PREVIOUS RECORD
OF 32 SET IN 1948.

$$
