000
CXUS52 KRAH 011719
CLMRDU


CLIMATE REPORT
NATIONAL WEATHER SERVICE RALEIGH NC
1157 AM EST SUN DEC 1 2013

...................................

...THE RALEIGH-DURHAM INTL AIRPORT CLIMATE SUMMARY FOR THE MONTH OF NOVEMBER 2013...

CLIMATE NORMAL PERIOD 1981 TO 2010
CLIMATE RECORD PERIOD 1887 TO 2013

WEATHER         OBSERVED          NORMAL  DEPART  LAST YEAR`S
                 VALUE   DATE(S)  VALUE   FROM    VALUE
                                          NORMAL
.............................................................
TEMPERATURE (F)
RECORD
 HIGH              86   11/15/1993
 LOW               11   11/25/1970
HIGHEST            75   11/18                         75
LOWEST             18   11/25                         23
AVG. MAXIMUM     59.8              63.6    -3.8     59.3
AVG. MINIMUM     36.9              40.8    -3.9     35.8
MEAN             48.3              52.2    -3.9     47.6
DAYS MAX >= 90      0                                  0
DAYS MAX <= 32      0                                  0
DAYS MIN <= 32     11                                  8
DAYS MIN <= 0       0                                  0

PRECIPITATION (INCHES)
RECORD
 MAXIMUM         9.03   2006
TOTALS           2.99              3.12   -0.13     0.56
DAYS >= .01         9
DAYS >= .10         3
DAYS >= .50         3
DAYS >= 1.00        1
GREATEST
 24 HR. TOTAL    1.47   11/26 TO 11/27

DEGREE_DAYS
HEATING TOTAL     493               392     101      517
 SINCE 7/1        652               581      71      694
COOLING TOTAL       2                 8      -6        0
 SINCE 1/1       1552              1728    -176
..............................................................

WIND (MPH)
AVERAGE WIND SPEED              4.9
HIGHEST WIND SPEED/DIRECTION    22/220    DATE  11/01
HIGHEST GUST SPEED/DIRECTION    29/030    DATE  11/12

SKY COVER
POSSIBLE SUNSHINE (PERCENT)   MM
AVERAGE SKY COVER           0.50
NUMBER OF DAYS FAIR           11
NUMBER OF DAYS PC             13
NUMBER OF DAYS CLOUDY          6

AVERAGE RH (PERCENT)     62

WEATHER CONDITIONS. NUMBER OF DAYS WITH
THUNDERSTORM              0     MIXED PRECIP               0
HEAVY RAIN                1     RAIN                       3
LIGHT RAIN                9     FREEZING RAIN              0
LT FREEZING RAIN          0     HAIL                       0
HEAVY SNOW                0     SNOW                       2
LIGHT SNOW                2     SLEET                      0
FOG                      11     FOG W/VIS <= 1/4 MILE      4
HAZE                      0

-  INDICATES NEGATIVE NUMBERS.
R  INDICATES RECORD WAS SET OR TIED.
MM INDICATES DATA IS MISSING.
T  INDICATES TRACE AMOUNT.

NO CLIMATE RECORDS WERE TIED OR BROKEN AT RALEIGH DURHAM INTERNATIONAL AIRPORT
FOR THE MONTH OF NOVEMBER.

$$
