667
CXUS52 KRAH 011454
CLMRDU


CLIMATE REPORT
NATIONAL WEATHER SERVICE RALEIGH NC
949 AM EST FRI DEC 1 2017

...................................

...THE RALEIGH-DURHAM INTL AIRPORT CLIMATE SUMMARY FOR THE MONTH OF NOVEMBER 2017...

CLIMATE NORMAL PERIOD 1981 TO 2010
CLIMATE RECORD PERIOD 1887 TO 2017

WEATHER         OBSERVED          NORMAL  DEPART  LAST YEAR`S
                 VALUE   DATE(S)  VALUE   FROM    VALUE
                                          NORMAL
.............................................................
TEMPERATURE (F)
RECORD
 HIGH              88   11/01/1950
 LOW               11   11/25/1970
HIGHEST            81   11/03                         83
LOWEST             26   11/27                         24
                        11/24
AVG. MAXIMUM     61.9              63.6    -1.7     66.2
AVG. MINIMUM     37.9              40.8    -2.9     39.4
MEAN             49.9              52.2    -2.3     52.8
DAYS MAX >= 90      0                                  0
DAYS MAX <= 32      0                                  0
DAYS MIN <= 32      9                                  9
DAYS MIN <= 0       0                                  0

PRECIPITATION (INCHES)
RECORD
 MAXIMUM         9.03   2006
TOTALS           1.28              3.12   -1.84     0.60
DAYS >= .01         7
DAYS >= .10         4
DAYS >= .50         1
DAYS >= 1.00        0
GREATEST
 24 HR. TOTAL    0.67   11/12 TO 11/13

DEGREE_DAYS
HEATING TOTAL     447               392      55      371
 SINCE 7/1        582               581       1      455
COOLING TOTAL       4                 8      -4       11
 SINCE 1/1       1968              1728     240
..............................................................

WIND (MPH)
AVERAGE WIND SPEED              4.3
HIGHEST WIND SPEED/DIRECTION    29/230    DATE  11/18
HIGHEST GUST SPEED/DIRECTION    37/230    DATE  11/19

SKY COVER
POSSIBLE SUNSHINE (PERCENT)   MM
AVERAGE SKY COVER           0.50
NUMBER OF DAYS FAIR            9
NUMBER OF DAYS PC             13
NUMBER OF DAYS CLOUDY          8

AVERAGE RH (PERCENT)     71

WEATHER CONDITIONS. NUMBER OF DAYS WITH
THUNDERSTORM              0     MIXED PRECIP               0
HEAVY RAIN                0     RAIN                       2
LIGHT RAIN                8     FREEZING RAIN              0
LT FREEZING RAIN          0     HAIL                       0
HEAVY SNOW                0     SNOW                       0
LIGHT SNOW                0     SLEET                      0
FOG                      11     FOG W/VIS <= 1/4 MILE      1
HAZE                      0

-  INDICATES NEGATIVE NUMBERS.
R  INDICATES RECORD WAS SET OR TIED.
MM INDICATES DATA IS MISSING.
T  INDICATES TRACE AMOUNT.

&&

RECORDS

THE HIGH TEMPERATURE AT THE RALEIGH-DURHAM INTERNATIONAL AIRPORT ON
NOVEMBER 8TH WAS 45 DEGREES. THIS BROKE THE OLD RECORD LOW MAXIMUM
TEMPERATURE FOR THIS DATE OF 46 DEGREES, SET IN 1971.

$$
