000
CXUS52 KRAH 011341
CLMRDU


CLIMATE REPORT
NATIONAL WEATHER SERVICE RALEIGH NC
936 AM EDT THU AUG 1 2013

...................................

...THE RALEIGH-DURHAM INTL AIRPORT CLIMATE SUMMARY FOR THE MONTH OF JULY 2013...

CLIMATE NORMAL PERIOD 1981 TO 2010
CLIMATE RECORD PERIOD 1887 TO 2013

WEATHER         OBSERVED          NORMAL  DEPART  LAST YEAR`S
                 VALUE   DATE(S)  VALUE   FROM    VALUE
                                          NORMAL
.............................................................
TEMPERATURE (F)
RECORD
 HIGH             105   07/08/2012
                        07/23/1952
                        07/14/1954
 LOW               48   07/02/1975
HIGHEST            96   07/24                        105
LOWEST             62   07/30                         67
                        07/26
AVG. MAXIMUM     87.5              90.2    -2.7     94.7
AVG. MINIMUM     70.7              69.9     0.8     72.4
MEAN             79.1              80.0    -0.9     83.6
DAYS MAX >= 90     11                                 24
DAYS MAX <= 32      0                                  0
DAYS MIN <= 32      0                                  0
DAYS MIN <= 0       0                                  0

PRECIPITATION (INCHES)
RECORD
 MAXIMUM        10.27   1991
TOTALS           3.48              4.73   -1.25     4.64
DAYS >= .01        12
DAYS >= .10         8
DAYS >= .50         4
DAYS >= 1.00        0
GREATEST
 24 HR. TOTAL    1.71   06/30 TO 07/01

DEGREE_DAYS
HEATING TOTAL       0                 0       0        0
 SINCE 7/1          0                 0       0        0
COOLING TOTAL     446               466     -20      582
 SINCE 1/1        955              1022     -67
..............................................................

WIND (MPH)
AVERAGE WIND SPEED              5.7
HIGHEST WIND SPEED/DIRECTION    25/220    DATE  07/31
HIGHEST GUST SPEED/DIRECTION    31/220    DATE  07/31

SKY COVER
POSSIBLE SUNSHINE (PERCENT)   MM
AVERAGE SKY COVER           0.70
NUMBER OF DAYS FAIR            0
NUMBER OF DAYS PC             20
NUMBER OF DAYS CLOUDY         11

AVERAGE RH (PERCENT)     76

WEATHER CONDITIONS. NUMBER OF DAYS WITH
THUNDERSTORM             13     MIXED PRECIP               0
HEAVY RAIN                2     RAIN                       4
LIGHT RAIN               15     FREEZING RAIN              0
LT FREEZING RAIN          0     HAIL                       0
HEAVY SNOW                0     SNOW                       0
LIGHT SNOW                0     SLEET                      0
FOG                      17     FOG W/VIS <= 1/4 MILE      0
HAZE                      0

-  INDICATES NEGATIVE NUMBERS.
R  INDICATES RECORD WAS SET OR TIED.
MM INDICATES DATA IS MISSING.
T  INDICATES TRACE AMOUNT.

&&

NO RECORDS WERE SET AT RDU FOR THE MONTH OF JULY

$$
