000
CXUS52 KRAH 011418
CLMRDU


CLIMATE REPORT
NATIONAL WEATHER SERVICE RALEIGH NC
1012 AM EDT FRI NOV 1 2013

...................................

...THE RALEIGH-DURHAM INTL AIRPORT CLIMATE SUMMARY FOR THE MONTH OF OCTOBER 2013...

CLIMATE NORMAL PERIOD 1981 TO 2010
CLIMATE RECORD PERIOD 1887 TO 2013

WEATHER         OBSERVED          NORMAL  DEPART  LAST YEAR`S
                 VALUE   DATE(S)  VALUE   FROM    VALUE
                                          NORMAL
.............................................................
TEMPERATURE (F)
RECORD
 HIGH              98   10/06/1954
 LOW               19   10/27/1962
HIGHEST            89   10/05                         88
LOWEST             29   10/26                         37
AVG. MAXIMUM     70.8              72.7    -1.9     71.2
AVG. MINIMUM     52.6              49.8     2.8     50.6
MEAN             61.7              61.2     0.5     60.9
DAYS MAX >= 90      0                                  0
DAYS MAX <= 32      0                                  0
DAYS MIN <= 32      1                                  0
DAYS MIN <= 0       0                                  0

PRECIPITATION (INCHES)
RECORD
 MAXIMUM         9.35   2002
TOTALS           1.41              3.25   -1.84     1.83
DAYS >= .01         8
DAYS >= .10         4
DAYS >= .50         1
DAYS >= 1.00        0
GREATEST
 24 HR. TOTAL    0.86   10/07 TO 10/07

DEGREE_DAYS
HEATING TOTAL     148               168     -20      167
 SINCE 7/1        159               189     -30      177
COOLING TOTAL      55                52       3       48
 SINCE 1/1       1550              1720    -170
..............................................................

WIND (MPH)
AVERAGE WIND SPEED              4.4
HIGHEST WIND SPEED/DIRECTION    21/210    DATE  10/07
HIGHEST GUST SPEED/DIRECTION    28/210    DATE  10/31

SKY COVER
POSSIBLE SUNSHINE (PERCENT)   MM
AVERAGE SKY COVER           0.60
NUMBER OF DAYS FAIR            7
NUMBER OF DAYS PC             10
NUMBER OF DAYS CLOUDY         14

AVERAGE RH (PERCENT)     75

WEATHER CONDITIONS. NUMBER OF DAYS WITH
THUNDERSTORM              1     MIXED PRECIP               0
HEAVY RAIN                1     RAIN                       3
LIGHT RAIN               12     FREEZING RAIN              0
LT FREEZING RAIN          0     HAIL                       0
HEAVY SNOW                0     SNOW                       0
LIGHT SNOW                0     SLEET                      0
FOG                      21     FOG W/VIS <= 1/4 MILE      1
HAZE                      1

-  INDICATES NEGATIVE NUMBERS.
R  INDICATES RECORD WAS SET OR TIED.
MM INDICATES DATA IS MISSING.
T  INDICATES TRACE AMOUNT.

$$
