000
CXUS53 KLOT 020506 CCB
CF6RFD
PRELIMINARY LOCAL CLIMATOLOGICAL DATA (WS FORM: F-6)...COR SKY COVER TOTALS.
STATION: ROCKFORD IL
MONTH: FEBRUARY
YEAR: 2024
LATITUDE: 42 12 N
LONGITUDE: 89 6 W
TEMPERATURE IN F: :PCPN: SNOW: WIND :SUNSHINE: SKY :PK WND
================================================================================
1 2 3 4 5 6A 6B 7 8 9 10 11 12 13 14 15 16 17 18
12Z AVG MX 2MIN
DY MAX MIN AVG DEP HDD CDD WTR SNW DPTH SPD SPD DIR MIN PSBL S-S WX SPD DR
================================================================================
1 55 29 42 20 23 0 0.00 0.0 0 5.2 15 350 M M 1 20 360
2 41 32 37 15 28 0 T T 0 7.0 14 50 M M 8 25 70
3 49 30 40 18 25 0 0.00 0.0 0 6.2 13 50 M M 5 1 20 60
4 52 25 39 17 26 0 0.00 0.0 0 6.0 13 10 M M 6 1 19 40
5 39 22 31 8 34 0 0.00 0.0 0 4.0 10 360 M M 5 1 14 10
6 37 26 32 9 33 0 T T 0 4.8 10 140 M M 9 126 16 130
7 48 31 40 17 25 0 0.00 0.0 0 7.0 14 130 M M 10 128 19 130
8 59 40 50 27 15 0 T 0.0 0 15.0 29 170 M M 8 42 160
9 51 31 41 17 24 0 0.00 0.0 0 10.9 23 230 M M 2 30 250
10 44 24 34 10 31 0 0.00 0.0 0 9.8 22 310 M M 5 30 310
11 41 20 31 7 34 0 0.00 0.0 0 3.4 13 330 M M 4 16 300
12 47 18 33 9 32 0 0.00 0.0 0 4.3 15 240 M M 1 21 210
13 43 23 33 8 32 0 0.00 0.0 0 5.8 17 340 M M 3 24 340
14 49 18 34 9 31 0 T 0.0 0 5.4 15 190 M M 5 22 150
15 43 30 37 12 28 0 0.24 0.0 0 13.6 26 320 M M 7 38 310
16 33 15 24 -2 41 0 0.00 0.0 0 11.5 23 330 M M 9 31 340
17 31 12 22 -4 43 0 0.00 0.0 0 14.8 24 220 M M 1 44 240
18 47 20 34 8 31 0 0.00 0.0 0 10.3 20 280 M M 0 29 270
19 52 17 35 8 30 0 0.00 0.0 0 2.8 13 180 M M 5 16 180
20 60 26 43 16 22 0 0.00 0.0 0 7.3 23 190 M M 2 31 180
21 60 38 49 21 16 0 0.00 0.0 0 6.3 17 200 M M 10 21 200
22 64 33 49 21 16 0 0.00 0.0 0 6.7 18 300 M M 6 25 290
23 54 25 40 12 25 0 0.05 1.0 0 9.4 20 10 M M 5 1 31 10
24 36 13 25 -4 40 0 0.00 0.0 1 7.1 17 10 M M 3 24 10
25 64 30 47 18 18 0 0.00 0.0 0 6.0 15 280 M M 5 20 280
26 73 26 50 20 15 0 0.00 0.0 0 8.1 23 180 M M 2 33 160
27 78 45 62 32 3 0 T 0.0 0 10.0 28 280 M M 6 13 44 270
28 45 18 32 2 33 0 T T 0 17.7 37 300 M M 4 18 56 290
29 47 13 30 -1 35 0 0.00 0.0 0 10.0 20 190 M M 1 31 190
================================================================================
SM 1442 730 789 0 0.29 1.0 236.4 M 138
================================================================================
AV 49.7 25.2 8.2 FASTST M M 5 MAX(MPH)
MISC ----> 37 300 56 290
================================================================================
NOTES:
# LAST OF SEVERAL OCCURRENCES
COLUMN 17 PEAK WIND IN M.P.H.
PRELIMINARY LOCAL CLIMATOLOGICAL DATA (WS FORM: F-6) , PAGE 2
STATION: ROCKFORD IL
MONTH: FEBRUARY
YEAR: 2024
LATITUDE: 42 12 N
LONGITUDE: 89 6 W
[TEMPERATURE DATA] [PRECIPITATION DATA] SYMBOLS USED IN COLUMN 16
AVERAGE MONTHLY: 37.4 TOTAL FOR MONTH: 0.29 1 = FOG OR MIST
DPTR FM NORMAL: 11.8 DPTR FM NORMAL: -1.34 2 = FOG REDUCING VISIBILITY
HIGHEST: 78 ON 27 GRTST 24HR 0.24 ON 14-15 TO 1/4 MILE OR LESS
LOWEST: 12 ON 17 3 = THUNDER
SNOW, ICE PELLETS, HAIL 4 = ICE PELLETS
TOTAL MONTH: 1.0 INCH 5 = HAIL
GRTST 24HR 1.0 ON 23-23 6 = FREEZING RAIN OR DRIZZLE
GRTST DEPTH: 1 ON 24 7 = DUSTSTORM OR SANDSTORM:
VSBY 1/2 MILE OR LESS
8 = SMOKE OR HAZE
[NO. OF DAYS WITH] [WEATHER - DAYS WITH] 9 = BLOWING SNOW
X = TORNADO
MAX 32 OR BELOW: 1 0.01 INCH OR MORE: 2
MAX 90 OR ABOVE: 0 0.10 INCH OR MORE: 1
MIN 32 OR BELOW: 25 0.50 INCH OR MORE: 0
MIN 0 OR BELOW: 0 1.00 INCH OR MORE: 0
[HDD (BASE 65) ]
TOTAL THIS MO. 789 CLEAR (SCALE 0-3) 10
DPTR FM NORMAL -314 PTCLDY (SCALE 4-7) 13
TOTAL FM JUL 1 4174 CLOUDY (SCALE 8-10) 6
DPTR FM NORMAL -822
[CDD (BASE 65) ]
TOTAL THIS MO. 0
DPTR FM NORMAL 0 [PRESSURE DATA]
TOTAL FM JAN 1 0 HIGHEST SLP 30.50 ON 29
DPTR FM NORMAL 0 LOWEST SLP 29.17 ON 27
[REMARKS]
#FINAL-02-24#