000
CXUS53 KGRB 051350
CLMRHI
CLIMATE REPORT
NATIONAL WEATHER SERVICE GREEN BAY
850 AM CDT MON JUN 05 2023
...................................
...THE RHINELANDER WI CLIMATE SUMMARY FOR THE MONTH OF MAY 2023...
CLIMATE NORMAL PERIOD: 1991 TO 2020
CLIMATE RECORD PERIOD: 1908 TO 2023
WEATHER OBSERVED NORMAL DEPART LAST YEAR`S
VALUE DATE(S) VALUE FROM VALUE DATE(S)
NORMAL
................................................................
TEMPERATURE (F)
RECORD
HIGH 99 05/31/1934
LOW 18 05/02/1911
HIGHEST 88 05/31 84 4 91 05/12
LOWEST 31 05/03 27 4 25 05/04
05/17
AVG. MAXIMUM 69.9 66.4 3.5 67.0
AVG. MINIMUM 40.9 40.6 0.3 43.9
MEAN 55.4 53.5 1.9 55.4
DAYS MAX >= 90 0 0.3 -0.3 1
DAYS MAX <= 32 0 0.0 0.0 0
DAYS MIN <= 32 4 6.5 -2.5 6
DAYS MIN <= 0 0 0.0 0.0 0
PRECIPITATION (INCHES)
RECORD
MAXIMUM 7.50 1991
MINIMUM 0.56 1986
TOTALS 0.95 3.42 -2.47 3.83
DAYS >= .01 5 13.5 -8.5 15
DAYS >= .10 3 7.5 -4.5 9
DAYS >= .50 0 2.0 -2.0 1
DAYS >= 1.00 0 0.7 -0.7 1
GREATEST
STORM TOTAL 0.45
(MM/DD(HH))
SNOWFALL (INCHES)
RECORDS
TOTAL 11.0 1960
TOTALS T MM MM 0.0
SINCE 7/1 122.9 MM MM MM
DAYS >= TRACE 2 MM MM 0
DAYS >= 1.0 0 MM MM 0
GREATEST
SNOW DEPTH 0 0 MM
24 HR TOTAL MM
DEGREE DAYS
HEATING TOTAL 297 370 -73 333
SINCE 7/1 8290 8713 -423 MM
COOLING TOTAL 10 13 -3 45
SINCE 1/1 11 14 -3 MM
................................................................
WIND (MPH)
AVERAGE WIND SPEED 6.3
HIGHEST WIND SPEED/DIRECTION 23/110 DATE 05/04
HIGHEST GUST SPEED/DIRECTION MM DATE MM
SKY COVER
POSSIBLE SUNSHINE (PERCENT) MM
AVERAGE SKY COVER 0.35
NUMBER OF DAYS FAIR 18
NUMBER OF DAYS PC 6
NUMBER OF DAYS CLOUDY 7
AVERAGE RH (PERCENT) 59
WEATHER CONDITIONS. NUMBER OF DAYS WITH
THUNDERSTORM 1 MIXED PRECIP 0
HEAVY RAIN 3 RAIN 3
LIGHT RAIN 9 FREEZING RAIN 0
LT FREEZING RAIN 0 HAIL 0
HEAVY SNOW 0 SNOW 0
LIGHT SNOW 1 SLEET 0
FOG 11 FOG W/VIS <= 1/4 MILE 5
HAZE 3
- INDICATES NEGATIVE NUMBERS.
R INDICATES RECORD WAS SET OR TIED.
MM INDICATES DATA IS MISSING.
T INDICATES TRACE AMOUNT.
$$