000
CXUS54 KCRP 011310
CF6RKP
PRELIMINARY LOCAL CLIMATOLOGICAL DATA (WS FORM: F-6)
STATION: ROCKPORT
MONTH: FEBRUARY
YEAR: 2024
LATITUDE: 28 4 N
LONGITUDE: 97 3 W
TEMPERATURE IN F: :PCPN: SNOW: WIND :SUNSHINE: SKY :PK WND
================================================================================
1 2 3 4 5 6A 6B 7 8 9 10 11 12 13 14 15 16 17 18
12Z AVG MX 2MIN
DY MAX MIN AVG DEP HDD CDD WTR SNW DPTH SPD SPD DIR MIN PSBL S-S WX SPD DR
================================================================================
1 74 55 65 6 0 0 0.00 0.0 M 7.1 15 140 M M 0 23 170
2 74 62 68 9 0 3 0.07 0.0 0 11.1 20 120 M M 7 13 28 120
3 74 56 65 6 0 0 1.19 0.0 0 8.5 30 360 M M 4 13 45 350
4 M M M M M M 0.00 0.0 0 M M M M M 0 M M
5 67 56 62 3 3 0 0.00 0.0 0 15.0 23 340 M M 2 32 340
6 68 47 58 -2 7 0 0.00 0.0 0 6.5 13 130 M M 0 18 16 140
7 73 51 62 2 3 0 0.00 0.0 0 10.1 18 140 M M 3 29 160
8 75 61 68 8 0 3 0.00 0.0 0 8.3 16 140 M M 5 18 25 140
9 75 65 70 10 0 5 0.00 0.0 0 8.8 17 160 M M 4 1 29 160
10 70 67 69 9 0 4 T 0.0 0 8.3 16 160 M M 8 1 25 160
11 83 56 70 10 0 5 T 0.0 0 13.0 25 350 M M 5 18 34 350
12 66 45 56 -5 9 0 0.00 0.0 0 13.9 26 340 M M 1 35 320
13 67 45 56 -5 9 0 0.00 0.0 0 8.2 13 140 M M 0 18 140
14 70 57 64 3 1 0 0.00 0.0 0 8.4 13 90 M M 6 17 110
15 73 63 68 7 0 3 T 0.0 0 5.1 13 140 M M 8 1 17 140
16 66 61 64 3 1 0 T 0.0 0 4.6 12 340 M M 8 1 14 20
17 62 42 52 -10 13 0 T 0.0 0 17.3 30 10 M M 6 1 41 360
18 59 38 49 -13 16 0 0.00 0.0 0 9.3 17 360 M M 0 24 350
19 66 38 52 -10 13 0 0.00 0.0 0 6.4 15 150 M M 0 23 170
20 75 49 62 0 3 0 0.00 0.0 0 7.7 15 150 M M 0 12 24 170
21 76 62 69 7 0 4 0.00 0.0 0 10.5 18 140 M M 1 1 31 160
22 76 61 69 7 0 4 0.00 0.0 0 6.6 16 170 M M 5 128 29 180
23 83 56 70 7 0 5 0.00 0.0 0 7.6 17 20 M M 1 128 22 20
24 76 56 66 3 0 1 0.00 0.0 0 7.5 15 150 M M 0 22 150
25 77 62 70 7 0 5 0.00 0.0 0 9.9 20 160 M M 0 31 170
26 77 65 71 8 0 6 0.00 0.0 0 10.8 20 160 M M 2 18 32 160
27 77 68 73 10 0 8 0.00 0.0 0 13.0 21 170 M M 5 18 37 150
28 73 55 64 0 1 0 0.00 0.0 0 14.7 25 10 M M 9 128 36 20
29 59 52 56 -8 9 0 0.00 0.0 0 12.7 22 20 M M 10 29 20
================================================================================
SM 2011 1551 88 56 1.26 0.0 270.9 M 100
================================================================================
AV 71.8 55.4 9.7 FASTST M M 3 MAX(MPH)
MISC ----> # 30 360 45 350
================================================================================
NOTES:
# LAST OF SEVERAL OCCURRENCES
COLUMN 17 PEAK WIND IN M.P.H.
PRELIMINARY LOCAL CLIMATOLOGICAL DATA (WS FORM: F-6) , PAGE 2
STATION: ROCKPORT
MONTH: FEBRUARY
YEAR: 2024
LATITUDE: 28 4 N
LONGITUDE: 97 3 W
[TEMPERATURE DATA] [PRECIPITATION DATA] SYMBOLS USED IN COLUMN 16
AVERAGE MONTHLY: 63.6 TOTAL FOR MONTH: 1.26 1 = FOG OR MIST
DPTR FM NORMAL: 2.5 DPTR FM NORMAL: 0.21 2 = FOG REDUCING VISIBILITY
HIGHEST: 83 ON 23,11 GRTST 24HR 1.26 ON 2- 3 TO 1/4 MILE OR LESS
LOWEST: 38 ON 19,18 3 = THUNDER
SNOW, ICE PELLETS, HAIL 4 = ICE PELLETS
TOTAL MONTH: 0.0 INCH 5 = HAIL
GRTST 24HR 0.0 6 = FREEZING RAIN OR DRIZZLE
GRTST DEPTH: 0 7 = DUSTSTORM OR SANDSTORM:
VSBY 1/2 MILE OR LESS
8 = SMOKE OR HAZE
[NO. OF DAYS WITH] [WEATHER - DAYS WITH] 9 = BLOWING SNOW
X = TORNADO
MAX 32 OR BELOW: 0 0.01 INCH OR MORE: 2
MAX 90 OR ABOVE: 0 0.10 INCH OR MORE: 1
MIN 32 OR BELOW: 0 0.50 INCH OR MORE: 1
MIN 0 OR BELOW: 0 1.00 INCH OR MORE: 1
[HDD (BASE 65) ]
TOTAL THIS MO. 88 CLEAR (SCALE 0-3) 15
DPTR FM NORMAL -68 PTCLDY (SCALE 4-7) 11
TOTAL FM JUL 1 649 CLOUDY (SCALE 8-10) 3
DPTR FM NORMAL -103
[CDD (BASE 65) ]
TOTAL THIS MO. 56
DPTR FM NORMAL 9 [PRESSURE DATA]
TOTAL FM JAN 1 60 HIGHEST SLP 30.35 ON 18
DPTR FM NORMAL -12 LOWEST SLP 29.56 ON 3
[REMARKS]
#FINAL-02-24#