000
CXUS52 KFFC 011010
CF6RMG
PRELIMINARY LOCAL CLIMATOLOGICAL DATA (WS FORM: F-6)
STATION: ROME
MONTH: SEPTEMBER
YEAR: 2020
LATITUDE: 34 20 N
LONGITUDE: 85 10 W
TEMPERATURE IN F: :PCPN: SNOW: WIND :SUNSHINE: SKY :PK WND
================================================================================
1 2 3 4 5 6A 6B 7 8 9 10 11 12 13 14 15 16 17 18
12Z AVG MX 2MIN
DY MAX MIN AVG DEP HDD CDD WTR SNW DPTH SPD SPD DIR MIN PSBL S-S WX SPD DR
================================================================================
1 92 71 82 6 0 17 0.01 M M 1.2 14 210 M M 4 13 20 210
2 91 73 82 6 0 17 0.00 M M 3.6 14 200 M M 3 1 20 210
3 92 70 81 5 0 16 0.00 M M 3.7 14 220 M M 1 1 21 230
4 95 70 83 7 0 18 0.00 M M 4.0 13 320 M M 2 1 19 300
5 89 65 77 2 0 12 0.00 M M 7.7 15 10 M M 0 21 10
6 88 60 74 -1 0 9 0.00 M M 2.8 9 10 M M 0 13 60
7 88 59 74 -1 0 9 0.00 M M 2.2 9 160 M M 0 14 140
8 89 60 75 0 0 10 0.00 M M 2.1 9 50 M M 1 13 20
9 90 60 75 1 0 10 0.00 M M 1.8 10 60 M M 2 14 90
10 91 69 80 6 0 15 0.00 M M 2.6 9 70 M M 3 13 70
11 93 70 82 8 0 17 0.00 0.0 M 2.5 9 40 M M 2 15 60
12 93 73 83 10 0 18 0.00 0.0 M 3.8 18 100 M M 4 30 90
13 92 73 83 10 0 18 0.00 0.0 M 2.9 12 60 M M 4 16 150
14 93 70 82 9 0 17 0.00 0.0 M 4.6 16 50 M M 3 22 50
15 78 68 73 1 0 8 0.01 0.0 M 6.6 14 110 M M 6 22 120
16 74 68 71 -1 0 6 0.49 0.0 M 7.2 16 80 M M 7 1 24 80
17 85 69 77 5 0 12 0.70 M M 9.5 21 10 M M 6 1 29 20
18 83 66 75 4 0 10 0.00 M M 11.2 21 20 M M 0 28 10
19 75 65 70 -1 0 5 0.00 M M 4.9 13 100 M M 6 18 90
20 77 56 67 -4 0 2 0.00 M M 5.4 14 70 M M 2 20 60
21 75 51 63 -7 2 0 0.00 M M 7.1 20 100 M M 0 28 100
22 75 46 61 -9 4 0 0.00 M M 1.6 10 60 M M 0 16 150
23 79 54 67 -3 0 2 0.01 0.0 M 3.2 10 360 M M 4 13 20
24 69 60 65 -4 0 0 2.06 M M 6.5 15 300 M M 9 1 25 110
25 77 65 71 2 0 6 0.03 M M 2.5 9 230 M M 10 1 14 200
26 78 64 71 3 0 6 0.00 M M 0.8 7 240 M M 8 12 10 240
27 87 66 77 9 0 12 0.02 M M 3.1 13 170 M M 6 1 19 170
28 86 61 74 6 0 9 0.50 M M 6.2 21 300 M M 8 13 29 300
29 67 52 60 -7 5 0 0.19 M M 5.1 13 330 M M 6 13 17 340
30 75 46 61 -6 4 0 0.00 M M 3.1 12 230 M M 0 1 19 200
================================================================================
SM 2516 1900 15 281 4.02 0.0 129.5 M 107
================================================================================
AV 83.9 63.3 4.3 FASTST M M 4 MAX(MPH)
MISC ----> # 21 10 30 90
================================================================================
NOTES:
# LAST OF SEVERAL OCCURRENCES
COLUMN 17 PEAK WIND IN M.P.H.
PRELIMINARY LOCAL CLIMATOLOGICAL DATA (WS FORM: F-6) , PAGE 2
STATION: ROME
MONTH: SEPTEMBER
YEAR: 2020
LATITUDE: 34 20 N
LONGITUDE: 85 10 W
[TEMPERATURE DATA] [PRECIPITATION DATA] SYMBOLS USED IN COLUMN 16
AVERAGE MONTHLY: 73.6 TOTAL FOR MONTH: 4.02 1 = FOG OR MIST
DPTR FM NORMAL: 1.6 DPTR FM NORMAL: 0.61 2 = FOG REDUCING VISIBILITY
HIGHEST: 95 ON 4 GRTST 24HR 2.07 ON 24-25 TO 1/4 MILE OR LESS
LOWEST: 46 ON 30,22 3 = THUNDER
SNOW, ICE PELLETS, HAIL 4 = ICE PELLETS
TOTAL MONTH: 0.0 INCH 5 = HAIL
GRTST 24HR 0.0 6 = FREEZING RAIN OR DRIZZLE
GRTST DEPTH: M ON M 7 = DUSTSTORM OR SANDSTORM:
VSBY 1/2 MILE OR LESS
8 = SMOKE OR HAZE
[NO. OF DAYS WITH] [WEATHER - DAYS WITH] 9 = BLOWING SNOW
X = TORNADO
MAX 32 OR BELOW: 0 0.01 INCH OR MORE: 10
MAX 90 OR ABOVE: 10 0.10 INCH OR MORE: 5
MIN 32 OR BELOW: 0 0.50 INCH OR MORE: 3
MIN 0 OR BELOW: 0 1.00 INCH OR MORE: 1
[HDD (BASE 65) ]
TOTAL THIS MO. 15 CLEAR (SCALE 0-3) 15
DPTR FM NORMAL 1 PTCLDY (SCALE 4-7) 12
TOTAL FM JUL 1 15 CLOUDY (SCALE 8-10) 3
DPTR FM NORMAL 2
[CDD (BASE 65) ]
TOTAL THIS MO. 281
DPTR FM NORMAL 57 [PRESSURE DATA]
TOTAL FM JAN 1 1887 HIGHEST SLP 30.39 ON 21
DPTR FM NORMAL 297 LOWEST SLP 29.73 ON 28
[REMARKS]
#FINAL-09-20#