000
CXUS51 KRNK 010620
CF6RNK
PRELIMINARY LOCAL CLIMATOLOGICAL DATA (WS FORM: F-6)
STATION: BLACKSBURG VA
MONTH: MARCH
YEAR: 2021
LATITUDE: 37 13 N
LONGITUDE: 80 25 W
TEMPERATURE IN F: :PCPN: SNOW: WIND :SUNSHINE: SKY :PK WND
================================================================================
1 2 3 4 5 6A 6B 7 8 9 10 11 12 13 14 15 16 17 18
12Z AVG MX 2MIN
DY MAX MIN AVG DEP HDD CDD WTR SNW DPTH SPD SPD DIR MIN PSBL S-S WX SPD DR
================================================================================
1 54 35 45 8 20 0 0.39 0.0 0 9.3 24 310 M M 5 1 36 310
2 45 26 36 -2 29 0 0.00 0.0 0 3.7 16 310 M M 1 28 310
3 58 22 40 2 25 0 0.00 0.0 0 3.7 12 300 M M 0 17 300
4 56 35 46 8 19 0 0.00 0.0 0 9.9 23 310 M M 0 35 310
5 42 23 33 -5 32 0 0.00 0.0 0 8.0 14 310 M M 0 23 280
6 47 27 37 -2 28 0 0.00 0.0 0 7.2 15 330 M M 0 24 310
7 46 18 32 -7 33 0 0.00 0.0 0 4.8 14 320 M M 1 23 320
8 60 22 41 2 24 0 0.00 0.0 0 3.4 9 300 M M 0 17 300
9 65 25 45 6 20 0 0.00 0.0 0 2.2 13 320 M M 0 20 300
10 70 28 49 9 16 0 0.00 0.0 0 1.2 9 200 M M 0 M M
11 71 36 54 14 11 0 0.00 0.0 0 3.1 13 240 M M 0 22 240
12 65 48 57 17 8 0 T 0.0 0 3.9 14 300 M M 6 20 300
13 59 42 51 10 14 0 0.00 0.0 0 3.4 7 300 M M 1 M M
14 56 35 46 5 19 0 0.00 0.0 0 5.5 18 310 M M 0 24 310
15 48 34 41 0 24 0 0.07 0.0 0 4.7 9 110 M M 7 M M
16 59 31 45 3 20 0 T 0.0 0 5.3 12 100 M M 4 M M
17 69 34 52 10 13 0 0.04 0.0 0 3.9 13 110 M M 6 12 M M
18 51 43 47 5 18 0 0.44 0.0 0 4.8 10 110 M M 10 13 M M
19 53 31 42 0 23 0 0.50 0.0 0 7.6 16 90 M M 4 1 23 80
20 53 25 39 -4 26 0 0.00 0.0 0 5.1 13 90 M M 0 17 100
21 59 28 44 1 21 0 0.00 0.0 0 5.1 12 80 M M 0 18 80
22 63 28 46 3 19 0 0.00 0.0 0 5.5 12 70 M M 0 18 80
23 55 36 46 2 19 0 0.02 0.0 0 6.5 14 80 M M 8 1 M M
24 69 46 58 14 7 0 0.01 0.0 0 3.0 9 180 M M 7 1 17 200
25 61 44 53 9 12 0 0.39 0.0 0 2.0 15 170 M M 6 12 22 160
26 74 47 61 17 4 0 0.14 0.0 0 5.2 12 260 M M 3 25 260
27 66 38 52 7 13 0 0.47 0.0 0 2.0 9 80 M M 3 13 M M
28 65 38 52 7 13 0 0.94 T 0 7.4 22 300 M M 8 13 37 300
29 59 34 47 2 18 0 0.00 0.0 0 7.2 21 310 M M 2 32 300
30 68 32 50 4 15 0 0.00 0.0 0 3.5 12 160 M M 0 17 190
31 62 37 50 4 15 0 0.51 T 0 2.8 17 300 M M 8 29 300
================================================================================
SM 1828 1028 578 0 3.92 T 150.9 M 90
================================================================================
AV 59.0 33.2 4.9 FASTST M M 3 MAX(MPH)
MISC ----> 24 310 37 300
================================================================================
NOTES:
# LAST OF SEVERAL OCCURRENCES
COLUMN 17 PEAK WIND IN M.P.H.
PRELIMINARY LOCAL CLIMATOLOGICAL DATA (WS FORM: F-6) , PAGE 2
STATION: BLACKSBURG VA
MONTH: MARCH
YEAR: 2021
LATITUDE: 37 13 N
LONGITUDE: 80 25 W
[TEMPERATURE DATA] [PRECIPITATION DATA] SYMBOLS USED IN COLUMN 16
AVERAGE MONTHLY: 46.1 TOTAL FOR MONTH: 3.92 1 = FOG OR MIST
DPTR FM NORMAL: 4.5 DPTR FM NORMAL: 0.28 2 = FOG REDUCING VISIBILITY
HIGHEST: 74 ON 26 GRTST 24HR 0.94 ON 28-28 TO 1/4 MILE OR LESS
LOWEST: 18 ON 7 3 = THUNDER
SNOW, ICE PELLETS, HAIL 4 = ICE PELLETS
TOTAL MONTH: T 5 = HAIL
GRTST 24HR T ON 28-28 6 = FREEZING RAIN OR DRIZZLE
GRTST DEPTH: 0 7 = DUSTSTORM OR SANDSTORM:
VSBY 1/2 MILE OR LESS
8 = SMOKE OR HAZE
[NO. OF DAYS WITH] [WEATHER - DAYS WITH] 9 = BLOWING SNOW
X = TORNADO
MAX 32 OR BELOW: 0 0.01 INCH OR MORE: 12
MAX 90 OR ABOVE: 0 0.10 INCH OR MORE: 8
MIN 32 OR BELOW: 14 0.50 INCH OR MORE: 3
MIN 0 OR BELOW: 0 1.00 INCH OR MORE: 0
[HDD (BASE 65) ]
TOTAL THIS MO. 578 CLEAR (SCALE 0-3) 19
DPTR FM NORMAL -149 PTCLDY (SCALE 4-7) 11
TOTAL FM JUL 1 4293 CLOUDY (SCALE 8-10) 1
DPTR FM NORMAL -482
[CDD (BASE 65) ]
TOTAL THIS MO. 0
DPTR FM NORMAL 0 [PRESSURE DATA]
TOTAL FM JAN 1 0 HIGHEST SLP M ON M
DPTR FM NORMAL 0 LOWEST SLP M ON M
[REMARKS]
#FINAL-03-21#