000
CXUS55 KREV 011637
CF6RNO
PRELIMINARY LOCAL CLIMATOLOGICAL DATA (WS FORM: F-6)
STATION: RENO-TAHOE INTL AIRPORT NV
MONTH: JULY
YEAR: 2022
LATITUDE: 39 30 N
LONGITUDE: 119 47 W
TEMPERATURE IN F: :PCPN: SNOW: WIND :SUNSHINE: SKY :PK WND
================================================================================
1 2 3 4 5 6A 6B 7 8 9 10 11 12 13 14 15 16 17 18
12Z AVG MX 2MIN
DY MAX MIN AVG DEP HDD CDD WTR SNW DPTH SPD SPD DIR MIN PSBL S-S WX SPD DR
================================================================================
1 92 55 74 0 0 9 0.00 0.0 0 7.4 26 290 M M 0 33 290
2 89 57 73 -1 0 8 0.00 0.0 0 9.4 28 290 M M 4 39 290
3 78 56 67 -8 0 2 0.00 0.0 0 8.1 24 290 M M 7 31 270
4 83 51 67 -8 0 2 0.00 0.0 0 10.1 26 280 M M 3 35 280
5 85 56 71 -4 0 6 0.00 0.0 0 9.5 26 290 M M 2 33 290
6 89 57 73 -3 0 8 0.00 0.0 0 8.1 28 290 M M 2 36 300
7 92 58 75 -1 0 10 0.00 0.0 0 7.4 24 290 M M 2 31 280
8 94 57 76 0 0 11 0.00 0.0 0 7.8 25 280 M M 2 32 280
9 91 59 75 -1 0 10 0.00 0.0 0 8.6 28 180 M M 2 37 130
10 96 59 78 1 0 13 0.00 0.0 0 5.2 18 10 M M 0 23 10
11 100 63 82 5 0 17 0.00 0.0 0 5.6 17 290 M M 1 20 290
12 102 66 84 7 0 19 0.00 0.0 0 7.7 25 280 M M 2 31 280
13 99 65 82 5 0 17 0.00 0.0 0 9.5 28 280 M M 2 34 280
14 100 62 81 3 0 16 0.00 0.0 0 6.5 24 290 M M 1 31 290
15 100 62 81 3 0 16 0.00 0.0 0 6.9 25 290 M M 2 33 300
16 101 68 85 7 0 20 0.00 0.0 0 6.5 22 300 M M 2 33 290
17 101 69 85 7 0 20 0.00 0.0 0 7.3 29 190 M M 3 35 230
18 98 69 84 6 0 19 0.00 0.0 0 8.0 26 290 M M 3 34 290
19 97 70 84 6 0 19 0.00 0.0 0 6.6 23 280 M M 5 30 300
20 99 64 82 4 0 17 0.00 0.0 0 6.3 22 280 M M 1 34 280
21 101 62 82 4 0 17 0.00 0.0 0 6.9 23 270 M M 1 30 280
22 96 58 77 -1 0 12 0.00 0.0 0 7.5 23 280 M M 1 30 270
23 98 59 79 1 0 14 0.00 0.0 0 6.8 24 220 M M 2 36 240
24 99 61 80 2 0 15 0.00 0.0 0 4.8 18 290 M M 4 8 24 290
25 101 67 84 6 0 19 0.00 0.0 0 6.4 22 290 M M 3 8 29 270
26 95 70 83 5 0 18 0.00 0.0 0 5.1 15 290 M M 7 21 270
27 102 73 88 10 0 23 0.00 0.0 0 4.9 17 320 M M 5 23 310
28 103 69 86 8 0 21 0.00 0.0 0 6.5 22 320 M M 2 27 300
29 104 67 86 8 0 21 0.00 0.0 0 4.1 17 80 M M 2 21 90
30 103 70 87 9 0 22 0.00 0.0 0 4.9 18 280 M M 5 23 270
31 100 69 85 7 0 20 0.00 0.0 0 5.7 28 180 M M 7 3 32 170
================================================================================
SM 2988 1948 0 461 0.00 0.0 216.1 M 85
================================================================================
AV 96.4 62.8 7.0 FASTST M M 3 MAX(MPH)
MISC ----> 29 190 39 290
================================================================================
NOTES:
# LAST OF SEVERAL OCCURRENCES
COLUMN 17 PEAK WIND IN M.P.H.
PRELIMINARY LOCAL CLIMATOLOGICAL DATA (WS FORM: F-6) , PAGE 2
STATION: RENO-TAHOE INTL AIRPORT NV
MONTH: JULY
YEAR: 2022
LATITUDE: 39 30 N
LONGITUDE: 119 47 W
[TEMPERATURE DATA] [PRECIPITATION DATA] SYMBOLS USED IN COLUMN 16
AVERAGE MONTHLY: 79.6 TOTAL FOR MONTH: 0.00 1 = FOG OR MIST
DPTR FM NORMAL: 2.4 DPTR FM NORMAL: -0.20 2 = FOG REDUCING VISIBILITY
HIGHEST: 104 ON 29 GRTST 24HR 0.00 ON 1- 1 TO 1/4 MILE OR LESS
LOWEST: 51 ON 4 3 = THUNDER
SNOW, ICE PELLETS, HAIL 4 = ICE PELLETS
TOTAL MONTH: 0.0 INCH 5 = HAIL
GRTST 24HR 0.0 6 = FREEZING RAIN OR DRIZZLE
GRTST DEPTH: 0 7 = DUSTSTORM OR SANDSTORM:
VSBY 1/2 MILE OR LESS
8 = SMOKE OR HAZE
[NO. OF DAYS WITH] [WEATHER - DAYS WITH] 9 = BLOWING SNOW
X = TORNADO
MAX 32 OR BELOW: 0 0.01 INCH OR MORE: 0
MAX 90 OR ABOVE: 26 0.10 INCH OR MORE: 0
MIN 32 OR BELOW: 0 0.50 INCH OR MORE: 0
MIN 0 OR BELOW: 0 1.00 INCH OR MORE: 0
[HDD (BASE 65) ]
TOTAL THIS MO. 0 CLEAR (SCALE 0-3) 21
DPTR FM NORMAL -2 PTCLDY (SCALE 4-7) 10
TOTAL FM JUL 1 0 CLOUDY (SCALE 8-10) 0
DPTR FM NORMAL 0
[CDD (BASE 65) ]
TOTAL THIS MO. 461
DPTR FM NORMAL 82 [PRESSURE DATA]
TOTAL FM JAN 1 675 HIGHEST SLP 30.15 ON 10
DPTR FM NORMAL 78 LOWEST SLP 29.70 ON 12
[REMARKS]
#FINAL-07-22#