000
CXUS51 KBUF 011324
CLMROC


CLIMATE REPORT
NATIONAL WEATHER SERVICE BUFFALO NY
916 AM EDT THU MAY 1 2014

...................................

...THE ROCHESTER NY CLIMATE SUMMARY FOR THE MONTH OF APRIL 2014...

CLIMATE NORMAL PERIOD 1981 TO 2010
CLIMATE RECORD PERIOD 1871 TO 2014

WEATHER         OBSERVED          NORMAL  DEPART  LAST YEAR`S
                 VALUE   DATE(S)  VALUE   FROM    VALUE  DATE(S)
                                          NORMAL
................................................................
TEMPERATURE (F)
RECORD
 HIGH              93   04/28/1990
                        04/30/1970
 LOW               11   04/04/1879
HIGHEST            82   04/14                         77  04/18
                        04/13
LOWEST             24   04/16                         22  04/04
AVG. MAXIMUM     56.8              56.0     0.8     56.9
AVG. MINIMUM     35.4              36.6    -1.2     36.4
MEAN             46.1              46.3    -0.2     46.6
DAYS MAX >= 90      0               0.0     0.0        0
DAYS MAX <= 32      0               0.2    -0.2        0
DAYS MIN <= 32     11               9.5     1.5        9
DAYS MIN <= 0       0               0.0     0.0        0

PRECIPITATION (INCHES)
RECORD
 MAXIMUM         5.81   2011
 MINIMUM         0.94   1884
TOTALS           3.85              2.73    1.12     2.71
DAYS >= .01        15                                 14
DAYS >= .10        10                                  4
DAYS >= .50         3                                  3
DAYS >= 1.00        0                                  0
GREATEST
 24 HR. TOTAL    0.78   04/07 TO 04/08           04/09 TO 04/10
                                                          04/10 TO 04/10
                                                          04/10 TO 04/10

SNOWFALL (INCHES)
RECORDS
 TOTAL           23.8   1901
TOTALS            0.3               3.9    -3.6      2.3
SINCE 7/1       112.7              99.1    13.6     78.1
SNOWDEPTH AVG.      0                MM      MM        0
DAYS >= 1.0         0               1.2    -1.2        1
GREATEST
 SNOW DEPTH         4   04/01                          1  04/02
 24 HR TOTAL      0.2   MM                       04/10 TO 04/10
                                                          04/10 TO 04/10
                                                          04/10 TO 04/10

DEGREE_DAYS
HEATING TOTAL     562               565      -3      545
 SINCE 7/1       6795              6303     492     5824
COOLING TOTAL       1                 4      -3        1
 SINCE 1/1          1                 4      -3        1
.................................................

WIND (MPH)
AVERAGE WIND SPEED              9.6
HIGHEST WIND SPEED/DIRECTION    37/260
HIGHEST GUST SPEED/DIRECTION    51/250    DATE  04/04

SKY COVER
POSSIBLE SUNSHINE (PERCENT)   MM
NUMBER OF DAYS FAIR            5
NUMBER OF DAYS PC             13
NUMBER OF DAYS CLOUDY         12

AVERAGE RH (PERCENT)     63

WEATHER CONDITIONS. NUMBER OF DAYS WITH
THUNDERSTORM              1     MIXED PRECIP               0
HEAVY RAIN                6     RAIN                       9
LIGHT RAIN               15     FREEZING RAIN              0
LT FREEZING RAIN          0     HAIL                       0
HEAVY SNOW                0     SNOW                       1
LIGHT SNOW                4     SLEET                      1
FOG                      14     FOG W/VIS <= 1/4 MILE      0
HAZE                      3

-  INDICATES NEGATIVE NUMBERS.
R  INDICATES RECORD WAS SET OR TIED.
MM INDICATES DATA IS MISSING.
T  INDICATES TRACE AMOUNT.

$$
