000
CXUS51 KBUF 011210
CLMROC


CLIMATE REPORT
NATIONAL WEATHER SERVICE BUFFALO NY
809 AM EDT SUN SEP 1 2013

...................................

...THE ROCHESTER NY CLIMATE SUMMARY FOR THE MONTH OF AUGUST 2013...

CLIMATE NORMAL PERIOD 1981 TO 2010
CLIMATE RECORD PERIOD 1871 TO 2013

WEATHER         OBSERVED          NORMAL  DEPART  LAST YEAR`S
                 VALUE   DATE(S)  VALUE   FROM    VALUE  DATE(S)
                                          NORMAL
................................................................
TEMPERATURE (F)
RECORD
 HIGH              99   08/28/1948
                        08/26/1948
 LOW               36   08/30/1965
HIGHEST            87   08/21                         93  08/31
LOWEST             49   08/15                         51  08/30
                                                          08/18
AVG. MAXIMUM     79.2              79.1     0.1     81.2
AVG. MINIMUM     59.3              59.5    -0.2     59.9
MEAN             69.3              69.3     0.0     70.6
DAYS MAX >= 90      0               1.4    -1.4        2
DAYS MAX <= 32      0               0.0     0.0        0
DAYS MIN <= 32      0               0.0     0.0        0
DAYS MIN <= 0       0               0.0     0.0        0

PRECIPITATION (INCHES)
RECORD
 MAXIMUM         7.26   1886
 MINIMUM         0.36   1876
TOTALS           2.70              3.47   -0.77     2.73
DAYS >= .01        10                                  6
DAYS >= .10         8                                  3
DAYS >= .50         1                                  2
DAYS >= 1.00        0                                  1
GREATEST
 24 HR. TOTAL    0.90   08/08 TO 08/09           08/05 TO 08/05

SNOWFALL (INCHES)
RECORDS
 TOTAL             MM   MM
TOTALS            0.0               0.0     0.0      0.0
SINCE 7/1         0.0               0.0     0.0      0.0
SNOWDEPTH AVG.      0                MM      MM        0
DAYS >= 1.0         0               0.0     0.0        0
GREATEST
 SNOW DEPTH         0   MM                             0  MM
 24 HR TOTAL      0.0   MM                       08/31 TO 08/31
                                                          08/31 TO 08/31
                                                          08/31 TO 08/31

DEGREE_DAYS
HEATING TOTAL      10                22     -12        7
 SINCE 7/1         18                34     -16        7
COOLING TOTAL     152               155      -3      189
 SINCE 1/1        591               484     107      735
..................................................

WIND (MPH)
AVERAGE WIND SPEED              6.2
HIGHEST WIND SPEED/DIRECTION    22/280
HIGHEST GUST SPEED/DIRECTION    31/270    DATE  08/26

SKY COVER
POSSIBLE SUNSHINE (PERCENT)   MM
NUMBER OF DAYS FAIR            8
NUMBER OF DAYS PC             14
NUMBER OF DAYS CLOUDY          9

AVERAGE RH (PERCENT)     72

WEATHER CONDITIONS. NUMBER OF DAYS WITH
THUNDERSTORM              6     MIXED PRECIP               0
HEAVY RAIN                6     RAIN                       8
LIGHT RAIN               13     FREEZING RAIN              0
LT FREEZING RAIN          0     HAIL                       0
HEAVY SNOW                0     SNOW                       0
LIGHT SNOW                0     SLEET                      0
FOG                      17     FOG W/VIS <= 1/4 MILE      2
HAZE                      6

-  INDICATES NEGATIVE NUMBERS.
R  INDICATES RECORD WAS SET OR TIED.
MM INDICATES DATA IS MISSING.
T  INDICATES TRACE AMOUNT.

$$
