000
CXUS51 KBUF 011401
CLMROC


CLIMATE REPORT
NATIONAL WEATHER SERVICE BUFFALO NY
859 AM EST SAT MAR 1 2014

...................................

...THE ROCHESTER NY CLIMATE SUMMARY FOR THE MONTH OF FEBRUARY 2014...

CLIMATE NORMAL PERIOD 1981 TO 2010
CLIMATE RECORD PERIOD 1871 TO 2014

WEATHER         OBSERVED          NORMAL  DEPART  LAST YEAR`S
                 VALUE   DATE(S)  VALUE   FROM    VALUE  DATE(S)
                                          NORMAL
................................................................
TEMPERATURE (F)
RECORD
 HIGH              73   02/21/1997
 LOW              -22   02/09/1934
HIGHEST            50   02/19                         51  02/11
LOWEST             -5   02/12                          3  02/10
AVG. MAXIMUM     28.4              34.1    -5.7     32.7
AVG. MINIMUM     14.1              18.6    -4.5     20.8
MEAN             21.2              26.4    -5.2     26.8
DAYS MAX >= 90      0               0.0     0.0        0
DAYS MAX <= 32     21              12.4     8.6       13
DAYS MIN <= 32     26              25.2     0.8       25
DAYS MIN <= 0       3               0.8     2.2        0

PRECIPITATION (INCHES)
RECORD
 MAXIMUM         6.04   1876
 MINIMUM         0.35   1888
TOTALS           2.39              1.95    0.44     2.86
DAYS >= .01        17                                 19
DAYS >= .10         8                                  5
DAYS >= .50         2                                  3
DAYS >= 1.00        0                                  0
GREATEST
 24 HR. TOTAL    0.81   02/20 TO 02/21                MM

SNOWFALL (INCHES)
RECORDS
 TOTAL           64.8   1958
TOTALS           26.3              21.5     4.8     28.8
SINCE 7/1        83.1              78.9     4.2     63.9
SNOWDEPTH AVG.      4                 4       0        2
DAYS >= 1.0         5               6.8    -1.8        7
GREATEST
 SNOW DEPTH         9   02/06                         10  02/10
                                                          02/09
 24 HR TOTAL     12.7   MM                       02/08 TO 02/08


DEGREE_DAYS
HEATING TOTAL    1217              1082     135     1063
 SINCE 7/1       5085              4786     299     4308
COOLING TOTAL       0                 0       0        0
 SINCE 1/1          0                 0       0        0
.........................................................

WIND (MPH)
AVERAGE WIND SPEED              10.3
HIGHEST WIND SPEED/DIRECTION    43/250
HIGHEST GUST SPEED/DIRECTION    58/250    DATE  02/22

SKY COVER
POSSIBLE SUNSHINE (PERCENT)   MM
NUMBER OF DAYS FAIR            1
NUMBER OF DAYS PC             10
NUMBER OF DAYS CLOUDY         17

AVERAGE RH (PERCENT)     68

WEATHER CONDITIONS. NUMBER OF DAYS WITH
THUNDERSTORM              0     MIXED PRECIP               2
HEAVY RAIN                1     RAIN                       2
LIGHT RAIN                5     FREEZING RAIN              0
LT FREEZING RAIN          0     HAIL                       0
HEAVY SNOW                3     SNOW                       5
LIGHT SNOW               24     SLEET                      0
FOG                      19     FOG W/VIS <= 1/4 MILE      3
HAZE                     12

-  INDICATES NEGATIVE NUMBERS.
R  INDICATES RECORD WAS SET OR TIED.
MM INDICATES DATA IS MISSING.
T  INDICATES TRACE AMOUNT.

$$
