000
CXUS51 KBUF 011509
CLMROC


CLIMATE REPORT
NATIONAL WEATHER SERVICE BUFFALO NY
1009 AM EST THU FEB 1 2018

...................................

...THE ROCHESTER NY CLIMATE SUMMARY FOR THE MONTH OF JANUARY 2018...

CLIMATE NORMAL PERIOD 1981 TO 2010
CLIMATE RECORD PERIOD 1871 TO 2018

WEATHER         OBSERVED          NORMAL  DEPART  LAST YEAR`S
                 VALUE   DATE(S)  VALUE   FROM    VALUE  DATE(S)
                                          NORMAL
................................................................
TEMPERATURE (F)
RECORD
 HIGH              74   01/25/1950
 LOW              -17   01/16/1994
HIGHEST            60   01/12                         56  01/12
                        01/11
LOWEST             -6   01/07                          7  01/08
                                                          01/07
                                                          01/06
AVG. MAXIMUM     33.1              31.7     1.4     37.3
AVG. MINIMUM     16.9              17.6    -0.7     25.5
MEAN             25.0              24.7     0.3     31.4
DAYS MAX >= 90      0               0.0     0.0        0
DAYS MAX <= 32     16              15.9     0.1       10
DAYS MIN <= 32     27              27.5    -0.5       21
DAYS MIN <= 0       5               2.6     2.4        0

PRECIPITATION (INCHES)
RECORD
 MAXIMUM         8.05   1878
 MINIMUM         0.52   1921
TOTALS           3.11              2.41    0.70     2.75
DAYS >= .01        18                                 16
DAYS >= .10         7                                  6
DAYS >= .50         2                                  3
DAYS >= 1.00        0                                  0
GREATEST
 24 HR. TOTAL    0.98   01/12 TO 01/12           01/17 TO 01/18
                                                          01/24 TO 01/24
                                                          01/24 TO 01/24

SNOWFALL (INCHES)
RECORDS
 TOTAL           61.3   2004
TOTALS           32.9              28.2     4.7     11.8
SINCE 7/1        70.2              57.4    12.8     57.0
SNOWDEPTH AVG.      5                 4       1        0
DAYS >= 1.0         7               8.8    -1.8        4
GREATEST
 SNOW DEPTH        12   01/14                          5  01/25
 24 HR TOTAL      9.6   01/13 TO 01/13           01/24 TO 01/24
                                                          01/24 TO 01/24
                                                          01/24 TO 01/24

DEGREE_DAYS
HEATING TOTAL    1233              1251     -18     1036
 SINCE 7/1       3526              3704    -178     3049
COOLING TOTAL       0                 0       0        0
 SINCE 1/1          0                 0       0        0
.....................................................

WIND (MPH)
AVERAGE WIND SPEED              11.5
HIGHEST WIND SPEED/DIRECTION    38/260
HIGHEST GUST SPEED/DIRECTION    46/270    DATE  01/23

SKY COVER
POSSIBLE SUNSHINE (PERCENT)   MM
AVERAGE SKY COVER           0.80
NUMBER OF DAYS FAIR            0
NUMBER OF DAYS PC              9
NUMBER OF DAYS CLOUDY         22

AVERAGE RH (PERCENT)     71

WEATHER CONDITIONS. NUMBER OF DAYS WITH
THUNDERSTORM              0     MIXED PRECIP               0
HEAVY RAIN                0     RAIN                       4
LIGHT RAIN                7     FREEZING RAIN              1
LT FREEZING RAIN          1     HAIL                       0
HEAVY SNOW                0     SNOW                       7
LIGHT SNOW               22     SLEET                      1
FOG                      20     FOG W/VIS <= 1/4 MILE      1
HAZE                      2

-  INDICATES NEGATIVE NUMBERS.
R  INDICATES RECORD WAS SET OR TIED.
MM INDICATES DATA IS MISSING.
T  INDICATES TRACE AMOUNT.

$$
