000
CXUS51 KBUF 011806
CLMROC


CLIMATE REPORT
NATIONAL WEATHER SERVICE BUFFALO NY
1256 PM EST TUE DEC 1 2015

...................................

...THE ROCHESTER NY CLIMATE SUMMARY FOR THE MONTH OF NOVEMBER 2015...

CLIMATE NORMAL PERIOD 1981 TO 2010
CLIMATE RECORD PERIOD 1871 TO 2015

WEATHER         OBSERVED          NORMAL  DEPART  LAST YEAR`S
                 VALUE   DATE(S)  VALUE   FROM    VALUE  DATE(S)
                                          NORMAL
................................................................
TEMPERATURE (F)
RECORD
 HIGH              80   11/02/1933
 LOW                1   11/30/1875
HIGHEST            78   11/04                         70  11/24
LOWEST             24   11/23                         15  11/19
AVG. MAXIMUM     55.8              48.0     7.8     45.3
AVG. MINIMUM     37.3              33.0     4.3     32.1
MEAN             46.6              40.5     6.1     38.7
DAYS MAX >= 90      0               0.0     0.0        0
DAYS MAX <= 32      0               1.4    -1.4        5
DAYS MIN <= 32     11              14.8    -3.8       15
DAYS MIN <= 0       0               0.0     0.0        0

PRECIPITATION (INCHES)
RECORD
 MAXIMUM         7.72   1927
 MINIMUM         0.33   1904
TOTALS           0.97              2.94   -1.97     2.41
DAYS >= .01        14                                 16
DAYS >= .10         2                                  5
DAYS >= .50         0                                  1
DAYS >= 1.00        0                                  0
GREATEST
 24 HR. TOTAL    0.37   11/10 TO 11/11

SNOWFALL (INCHES)
RECORDS
 TOTAL           24.9   1996
TOTALS            1.2               7.3    -6.1      9.1
SINCE 7/1         1.2               7.4    -6.2      9.1
SNOWDEPTH AVG.      0                MM      MM        0
DAYS >= 1.0         0               2.3    -2.3        2
GREATEST
 SNOW DEPTH         1   11/23                          3  11/21
                                                          11/20
 24 HR TOTAL      0.6   11/22 TO 11/22



DEGREE_DAYS
HEATING TOTAL     545               735    -190      783
 SINCE 7/1       1040              1368    -328     1280
COOLING TOTAL       0                 0       0        0
 SINCE 1/1        698               539     159      542
........................................................

WIND (MPH)
AVERAGE WIND SPEED              9.6
HIGHEST WIND SPEED/DIRECTION    37/260
HIGHEST GUST SPEED/DIRECTION    50/240    DATE  11/22

SKY COVER
POSSIBLE SUNSHINE (PERCENT)   MM
AVERAGE SKY COVER           0.60
NUMBER OF DAYS FAIR            8
NUMBER OF DAYS PC              8
NUMBER OF DAYS CLOUDY         14

AVERAGE RH (PERCENT)     66

WEATHER CONDITIONS. NUMBER OF DAYS WITH
THUNDERSTORM              0     MIXED PRECIP               0
HEAVY RAIN                0     RAIN                       2
LIGHT RAIN               12     FREEZING RAIN              0
LT FREEZING RAIN          0     HAIL                       0
HEAVY SNOW                0     SNOW                       2
LIGHT SNOW                4     SLEET                      0
FOG                      15     FOG W/VIS <= 1/4 MILE      0
HAZE                      2

-  INDICATES NEGATIVE NUMBERS.
R  INDICATES RECORD WAS SET OR TIED.
MM INDICATES DATA IS MISSING.
T  INDICATES TRACE AMOUNT.

$$
