000
CXUS51 KBUF 011915
CLMROC


CLIMATE REPORT
NATIONAL WEATHER SERVICE BUFFALO NY
315 PM EDT THU OCT 1 2015

...................................

...THE ROCHESTER NY CLIMATE SUMMARY FOR THE MONTH OF SEPTEMBER 2015...

CLIMATE NORMAL PERIOD 1981 TO 2010
CLIMATE RECORD PERIOD 1871 TO 2015

WEATHER         OBSERVED          NORMAL  DEPART  LAST YEAR`S
                 VALUE   DATE(S)  VALUE   FROM    VALUE  DATE(S)
                                          NORMAL
................................................................
TEMPERATURE (F)
RECORD
 HIGH              99   09/03/1953
 LOW               28   09/28/1947
HIGHEST            92   09/08                         92  09/05
LOWEST             45   09/21                         40  09/19
                                                          09/14
AVG. MAXIMUM     77.7              71.6     6.1     74.1
AVG. MINIMUM     58.0              52.0     6.0     51.8
MEAN             67.9              61.8     6.1     62.9
DAYS MAX >= 90      2               0.3     1.7        1
DAYS MAX <= 32      0               0.0     0.0        0
DAYS MIN <= 32      0               0.0     0.0        0
DAYS MIN <= 0       0               0.0     0.0        0

PRECIPITATION (INCHES)
RECORD
 MAXIMUM         6.30   1977
 MINIMUM         0.28   1960
TOTALS           4.07              3.38    0.69     1.33
DAYS >= .01         9                                 11
DAYS >= .10         7                                  5
DAYS >= .50         4                                  0
DAYS >= 1.00        1                                  0
GREATEST
 24 HR. TOTAL    1.63   09/12 TO 09/13           09/10 TO 09/11
                                                          09/30 TO 09/30
                                                          09/30 TO 09/30

SNOWFALL (INCHES)
RECORDS
 TOTAL             MM   MM
TOTALS            0.0               0.0     0.0      0.0
SINCE 7/1         0.0               0.0     0.0      0.0
SNOWDEPTH AVG.      0                MM      MM        0
DAYS >= 1.0         0               0.0     0.0        0
GREATEST
 SNOW DEPTH         0   MM                             0  MM
 24 HR TOTAL      0.0   09/30 TO 09/30           09/30 TO 09/30
                                                          09/30 TO 09/30
                                                          09/30 TO 09/30

DEGREE_DAYS
HEATING TOTAL      49               147     -98      124
 SINCE 7/1         68               181    -113      149
COOLING TOTAL     143                50      93       68
 SINCE 1/1        697               534     163      532
.................................................

WIND (MPH)
AVERAGE WIND SPEED              6.9
HIGHEST WIND SPEED/DIRECTION    25/030
HIGHEST GUST SPEED/DIRECTION    33/030    DATE  09/30

SKY COVER
POSSIBLE SUNSHINE (PERCENT)   MM
AVERAGE SKY COVER           0.50
NUMBER OF DAYS FAIR            9
NUMBER OF DAYS PC             14
NUMBER OF DAYS CLOUDY          7

AVERAGE RH (PERCENT)     72

WEATHER CONDITIONS. NUMBER OF DAYS WITH
THUNDERSTORM              0     MIXED PRECIP               0
HEAVY RAIN                2     RAIN                       7
LIGHT RAIN                8     FREEZING RAIN              0
LT FREEZING RAIN          0     HAIL                       0
HEAVY SNOW                0     SNOW                       0
LIGHT SNOW                0     SLEET                      0
FOG                      14     FOG W/VIS <= 1/4 MILE      0
HAZE                      5

-  INDICATES NEGATIVE NUMBERS.
R  INDICATES RECORD WAS SET OR TIED.
MM INDICATES DATA IS MISSING.
T  INDICATES TRACE AMOUNT.

$$
