000
CXUS51 KBUF 011232
CLMROC


CLIMATE REPORT
NATIONAL WEATHER SERVICE BUFFALO NY
828 AM EDT TUE APR 1 2014

...................................

...THE ROCHESTER NY CLIMATE SUMMARY FOR THE MONTH OF MARCH 2014...

CLIMATE NORMAL PERIOD 1981 TO 2010
CLIMATE RECORD PERIOD 1871 TO 2014

WEATHER         OBSERVED          NORMAL  DEPART  LAST YEAR`S
                 VALUE   DATE(S)  VALUE   FROM    VALUE  DATE(S)
                                          NORMAL
................................................................
TEMPERATURE (F)
RECORD
 HIGH              86   03/29/1905
 LOW               -9   03/06/2014
HIGHEST            57   03/28                         64  03/10
LOWEST             -9R  03/06                         17  03/21
AVG. MAXIMUM     37.0              42.8    -5.8     40.3
AVG. MINIMUM     18.5              25.8    -7.3     26.6
MEAN             27.7              34.3    -6.6     33.5
DAYS MAX >= 90      0               0.0     0.0        0
DAYS MAX <= 32     11               5.5     5.5        8
DAYS MIN <= 32     28              23.2     4.8       27
DAYS MIN <= 0       2               0.1     1.9        0

PRECIPITATION (INCHES)
RECORD
 MAXIMUM         7.02   1873
 MINIMUM         0.47   1958
TOTALS           2.36              2.50   -0.14     0.85
DAYS >= .01        15                                 14
DAYS >= .10         5                                  2
DAYS >= .50         2                                  0
DAYS >= 1.00        0                                  0
GREATEST
 24 HR. TOTAL    0.76   03/12 TO 03/12

SNOWFALL (INCHES)
RECORDS
 TOTAL           54.0   1900
TOTALS           29.3              16.3    13.0     11.9
SINCE 7/1       112.4              95.2    17.2     75.8
SNOWDEPTH AVG.      2                 3      -1        1
DAYS >= 1.0         5               4.0     1.0        6
GREATEST
 SNOW DEPTH        16   03/13                          4  03/05
                                                          03/04
 24 HR TOTAL     14.9   MM

DEGREE_DAYS
HEATING TOTAL    1148               952     196      971
 SINCE 7/1       6233              5738     495     5279
COOLING TOTAL       0                 0       0        0
 SINCE 1/1          0                 0       0        0
....................................................

WIND (MPH)
AVERAGE WIND SPEED              10.4
HIGHEST WIND SPEED/DIRECTION    38/040
HIGHEST GUST SPEED/DIRECTION    52/030    DATE  03/12

SKY COVER
POSSIBLE SUNSHINE (PERCENT)   MM
NUMBER OF DAYS FAIR            4
NUMBER OF DAYS PC              9
NUMBER OF DAYS CLOUDY         18

AVERAGE RH (PERCENT)     65

WEATHER CONDITIONS. NUMBER OF DAYS WITH
THUNDERSTORM              0     MIXED PRECIP               0
HEAVY RAIN                0     RAIN                       2
LIGHT RAIN               12     FREEZING RAIN              0
LT FREEZING RAIN          0     HAIL                       0
HEAVY SNOW                3     SNOW                       6
LIGHT SNOW               19     SLEET                      1
FOG                      12     FOG W/VIS <= 1/4 MILE      1
HAZE                     17

-  INDICATES NEGATIVE NUMBERS.
R  INDICATES RECORD WAS SET OR TIED.
MM INDICATES DATA IS MISSING.
T  INDICATES TRACE AMOUNT.

$$
