000
CXUS51 KBUF 011435
CLMROC


CLIMATE REPORT
NATIONAL WEATHER SERVICE BUFFALO NY
935 AM EST SUN MAR 1 2015

...................................

...THE ROCHESTER NY CLIMATE SUMMARY FOR THE MONTH OF FEBRUARY 2015...

CLIMATE NORMAL PERIOD 1981 TO 2010
CLIMATE RECORD PERIOD 1871 TO 2015

WEATHER         OBSERVED          NORMAL  DEPART  LAST YEAR`S
                 VALUE   DATE(S)  VALUE   FROM    VALUE  DATE(S)
                                          NORMAL
................................................................
TEMPERATURE (F)
RECORD
 HIGH              73   02/21/1997
 LOW              -22   02/09/1934
HIGHEST            34   02/04                         50  02/19
LOWEST            -11   02/21                         -5  02/12
                        02/20
AVG. MAXIMUM     20.7              34.1   -13.4     28.4
AVG. MINIMUM      3.6              18.6   -15.0     14.1
MEAN             12.2              26.4   -14.2     21.2
DAYS MAX >= 90      0               0.0     0.0        0
DAYS MAX <= 32     27              12.4    14.6       21
DAYS MIN <= 32     28              25.2     2.8       26
DAYS MIN <= 0      11               0.8    10.2        3

PRECIPITATION (INCHES)
RECORD
 MAXIMUM         6.04   1876
 MINIMUM         0.35   1888
TOTALS           2.51              1.95    0.56     2.39
DAYS >= .01        22                                 17
DAYS >= .10         9                                  8
DAYS >= .50         0                                  2
DAYS >= 1.00        0                                  0
GREATEST
 24 HR. TOTAL    0.56   02/01 TO 02/02           02/20 TO 02/21
                                                          02/21 TO 02/21
                                                          02/21 TO 02/21

SNOWFALL (INCHES)
RECORDS
 TOTAL           64.8   1958
TOTALS           45.2              21.5    23.7     26.3
SINCE 7/1        88.6              78.9     9.7     83.1
SNOWDEPTH AVG.     15                 4      11        4
DAYS >= 1.0        14               6.8     7.2        5
GREATEST
 SNOW DEPTH        21   02/15                          9  02/06
                        02/13
 24 HR TOTAL      6.5   02/09 TO 02/09           02/21 TO 02/21
                                                          02/21 TO 02/21
                                                          02/21 TO 02/21

DEGREE_DAYS
HEATING TOTAL    1472              1082     390     1217
 SINCE 7/1       5094              4786     308     5085
COOLING TOTAL       0                 0       0        0
 SINCE 1/1          0                 0       0        0
..................................................

WIND (MPH)
AVERAGE WIND SPEED              10.5
HIGHEST WIND SPEED/DIRECTION    29/250
HIGHEST GUST SPEED/DIRECTION    38/260    DATE  02/06

SKY COVER
POSSIBLE SUNSHINE (PERCENT)   MM
AVERAGE SKY COVER           0.80
NUMBER OF DAYS FAIR            2
NUMBER OF DAYS PC              5
NUMBER OF DAYS CLOUDY         21

AVERAGE RH (PERCENT)     72

WEATHER CONDITIONS. NUMBER OF DAYS WITH
THUNDERSTORM              0     MIXED PRECIP               0
HEAVY RAIN                0     RAIN                       0
LIGHT RAIN                1     FREEZING RAIN              0
LT FREEZING RAIN          0     HAIL                       0
HEAVY SNOW                2     SNOW                       9
LIGHT SNOW               26     SLEET                      0
FOG                      20     FOG W/VIS <= 1/4 MILE      3
HAZE                     11

-  INDICATES NEGATIVE NUMBERS.
R  INDICATES RECORD WAS SET OR TIED.
MM INDICATES DATA IS MISSING.
T  INDICATES TRACE AMOUNT.

$$
