000
CXUS51 KBUF 011716
CLMROC


CLIMATE REPORT
NATIONAL WEATHER SERVICE BUFFALO NY
1244 PM EDT TUE JUL 1 2014

...................................

...THE ROCHESTER NY CLIMATE SUMMARY FOR THE MONTH OF JUNE 2014...

CLIMATE NORMAL PERIOD 1981 TO 2010
CLIMATE RECORD PERIOD 1871 TO 2014

WEATHER         OBSERVED          NORMAL  DEPART  LAST YEAR`S
                 VALUE   DATE(S)  VALUE   FROM    VALUE  DATE(S)
                                          NORMAL
................................................................
TEMPERATURE (F)
RECORD
 HIGH             100   06/21/1953
 LOW               35   06/08/1949
HIGHEST            90   06/30                         90  06/23
                        06/17
LOWEST             48   06/20                         46  06/20
                        06/01
AVG. MAXIMUM     79.7              76.6     3.1     74.8
AVG. MINIMUM     58.0              55.9     2.1     58.0
MEAN             68.8              66.2     2.6     66.4
DAYS MAX >= 90      2               0.9     1.1        1
DAYS MAX <= 32      0               0.0     0.0        0
DAYS MIN <= 32      0               0.0     0.0        0
DAYS MIN <= 0       0               0.0     0.0        0

PRECIPITATION (INCHES)
RECORDS
 MAXIMUM         8.14   1922
 MINIMUM         0.22   1963
TOTALS           2.06              3.34   -1.28     6.27
DAYS >= .01         8                                 14
DAYS >= .10         6                                 11
DAYS >= .50         1                                  4
DAYS >= 1.00        0                                  2
GREATEST
 24 HR. TOTAL    0.87   06/24 TO 06/25

SNOWFALL (INCHES)
RECORDS
 TOTAL             MM   MM
TOTALS            0.0               0.0     0.0      0.0
SINCE 7/1       112.7              99.5    13.2     78.1
SNOWDEPTH AVG.      0                MM      MM        0
DAYS >= 1.0         0               0.0     0.0        0
GREATEST
 SNOW DEPTH         0   MM                             0  MM
 24 HR TOTAL      0.0   06/30 TO 06/30           06/30 TO 06/30
                                                          06/30 TO 06/30
                                                          06/30 TO 06/30

DEGREE_DAYS
HEATING TOTAL      29                68     -39       58
 SINCE 7/1       7015              6646     369     6056
COOLING TOTAL     150               106      44      107
 SINCE 1/1        189               136      53      178
.................................................

WIND (MPH)
AVERAGE WIND SPEED              6.7
HIGHEST WIND SPEED/DIRECTION    35/240
HIGHEST GUST SPEED/DIRECTION    46/220    DATE  06/17

SKY COVER
POSSIBLE SUNSHINE (PERCENT)   MM
AVERAGE SKY COVER           0.60
NUMBER OF DAYS FAIR            5
NUMBER OF DAYS PC             16
NUMBER OF DAYS CLOUDY          9

AVERAGE RH (PERCENT)     68

WEATHER CONDITIONS. NUMBER OF DAYS WITH
THUNDERSTORM              4     MIXED PRECIP               0
HEAVY RAIN                3     RAIN                       5
LIGHT RAIN               10     FREEZING RAIN              0
LT FREEZING RAIN          0     HAIL                       0
HEAVY SNOW                0     SNOW                       0
LIGHT SNOW                0     SLEET                      0
FOG                       7     FOG W/VIS <= 1/4 MILE      0
HAZE                      3

-  INDICATES NEGATIVE NUMBERS.
R  INDICATES RECORD WAS SET OR TIED.
MM INDICATES DATA IS MISSING.
T  INDICATES TRACE AMOUNT.

$$
