000
CXUS51 KBUF 011735
CLMROC


CLIMATE REPORT
NATIONAL WEATHER SERVICE BUFFALO NY
1203 PM EST TUE MAR 1 2016

...................................

...THE ROCHESTER NY CLIMATE SUMMARY FOR THE MONTH OF FEBRUARY 2016...

CLIMATE NORMAL PERIOD 1981 TO 2010
CLIMATE RECORD PERIOD 1871 TO 2016

WEATHER         OBSERVED          NORMAL  DEPART  LAST YEAR`S
                 VALUE   DATE(S)  VALUE   FROM    VALUE  DATE(S)
                                          NORMAL
................................................................
TEMPERATURE (F)
RECORD
 HIGH              73   02/21/1997
 LOW              -22   02/09/1934
HIGHEST            62   02/28                         34  02/04
LOWEST            -12   02/14                        -11  02/21
                                                          02/20
AVG. MAXIMUM     38.0              34.1     3.9     20.7
AVG. MINIMUM     21.1              18.6     2.5      3.6
MEAN             29.5              26.4     3.1     12.2
DAYS MAX >= 90      0               0.0     0.0        0
DAYS MAX <= 32     10              12.4    -2.4       27
DAYS MIN <= 32     23              25.2    -2.2       28
DAYS MIN <= 0       2               0.8     1.2       11

PRECIPITATION (INCHES)
RECORD
 MAXIMUM         6.04   1876
 MINIMUM         0.35   1888
TOTALS           3.78              1.95    1.83     2.51
DAYS >= .01        18                                 22
DAYS >= .10         5                                  9
DAYS >= .50         3                                  0
DAYS >= 1.00        1                                  0
GREATEST
 24 HR. TOTAL    1.47   02/16 TO 02/16           02/01 TO 02/02

SNOWFALL (INCHES)
RECORDS
 TOTAL           64.8   1958
TOTALS           28.0              21.5     6.5     45.2
SINCE 7/1        51.7              78.9   -27.2     88.6
SNOWDEPTH AVG.      3                MM      MM       15
DAYS >= 1.0         6               6.8    -0.8       14
GREATEST
 SNOW DEPTH        15   02/17                         21  02/15
                                                          02/13
 24 HR TOTAL     18.3   02/16 TO 02/16           02/09 TO 02/09

DEGREE_DAYS
HEATING TOTAL    1019              1082     -63     1472
 SINCE 7/1       3917              4822    -905     5094
COOLING TOTAL       0                 0       0        0
 SINCE 1/1          0                 0       0        0
..........................................................

WIND (MPH)
AVERAGE WIND SPEED              11.4
HIGHEST WIND SPEED/DIRECTION    35/200    DATE  02/03
HIGHEST GUST SPEED/DIRECTION    49/180    DATE  02/03

SKY COVER
POSSIBLE SUNSHINE (PERCENT)   MM
AVERAGE SKY COVER           0.80
NUMBER OF DAYS FAIR            0
NUMBER OF DAYS PC             12
NUMBER OF DAYS CLOUDY         17

AVERAGE RH (PERCENT)     69

WEATHER CONDITIONS. NUMBER OF DAYS WITH
THUNDERSTORM              0     MIXED PRECIP               0
HEAVY RAIN                0     RAIN                       5
LIGHT RAIN                9     FREEZING RAIN              0
LT FREEZING RAIN          0     HAIL                       0
HEAVY SNOW                2     SNOW                       6
LIGHT SNOW               21     SLEET                      1
FOG                      16     FOG W/VIS <= 1/4 MILE      4
HAZE                      1

-  INDICATES NEGATIVE NUMBERS.
R  INDICATES RECORD WAS SET OR TIED.
MM INDICATES DATA IS MISSING.
T  INDICATES TRACE AMOUNT.

$$
