000
CXUS51 KBUF 011749
CLMROC


CLIMATE REPORT
NATIONAL WEATHER SERVICE BUFFALO NY
139 PM EDT THU SEP 1 2016

...................................

...THE ROCHESTER NY CLIMATE SUMMARY FOR THE MONTH OF AUGUST 2016...

CLIMATE NORMAL PERIOD 1981 TO 2010
CLIMATE RECORD PERIOD 1871 TO 2016

WEATHER         OBSERVED          NORMAL  DEPART  LAST YEAR`S
                 VALUE   DATE(S)  VALUE   FROM    VALUE  DATE(S)
                                          NORMAL
................................................................
TEMPERATURE (F)
RECORD
 HIGH              99   08/28/1948
                        08/26/1948
 LOW               36   08/30/1965
HIGHEST            96   08/12                         89  08/17
LOWEST             56   08/23                         50  08/28
AVG. MAXIMUM     86.5              79.1     7.4     79.1
AVG. MINIMUM     65.4              59.5     5.9     59.9
MEAN             75.9              69.3     6.6     69.5
DAYS MAX >= 90     10               1.4     8.6        0
DAYS MAX <= 32      0               0.0     0.0        0
DAYS MIN <= 32      0               0.0     0.0        0
DAYS MIN <= 0       0               0.0     0.0        0

PRECIPITATION (INCHES)
RECORD
 MAXIMUM         7.26   1886
 MINIMUM         0.36   1876
TOTALS           3.91              3.47    0.44     4.67
DAYS >= .01         9                                  9
DAYS >= .10         8                                  4
DAYS >= .50         3                                  2
DAYS >= 1.00        1                                  2
GREATEST
 24 HR. TOTAL    1.12   08/16 TO 08/16           08/10 TO 08/10

SNOWFALL (INCHES)
RECORDS
 TOTAL             MM   MM
TOTALS            0.0               0.0     0.0      0.0
SINCE 7/1         0.0               0.0     0.0      0.0
SNOWDEPTH AVG.      0                MM      MM        0
DAYS >= 1.0         0               0.0     0.0        0
GREATEST
 SNOW DEPTH         0   MM                             0  MM
 24 HR TOTAL      0.0   MM

DEGREE_DAYS
HEATING TOTAL       0                22     -22        8
 SINCE 7/1          0                34     -34       19
COOLING TOTAL     347               155     192      157
 SINCE 1/1        851               484     367      554
.................................................

WIND (MPH)
AVERAGE WIND SPEED              7.2
HIGHEST WIND SPEED/DIRECTION    32/250
HIGHEST GUST SPEED/DIRECTION    41/270    DATE  08/16

SKY COVER
POSSIBLE SUNSHINE (PERCENT)   MM
AVERAGE SKY COVER           0.50
NUMBER OF DAYS FAIR            7
NUMBER OF DAYS PC             18
NUMBER OF DAYS CLOUDY          6

AVERAGE RH (PERCENT)     68

WEATHER CONDITIONS. NUMBER OF DAYS WITH
THUNDERSTORM              7     MIXED PRECIP               0
HEAVY RAIN                7     RAIN                       5
LIGHT RAIN               10     FREEZING RAIN              0
LT FREEZING RAIN          0     HAIL                       0
HEAVY SNOW                0     SNOW                       0
LIGHT SNOW                0     SLEET                      0
FOG                      14     FOG W/VIS <= 1/4 MILE      0
HAZE                      1

-  INDICATES NEGATIVE NUMBERS.
R  INDICATES RECORD WAS SET OR TIED.
MM INDICATES DATA IS MISSING.
T  INDICATES TRACE AMOUNT.

$$
