000
CXUS51 KBUF 011417
CLMROC


CLIMATE REPORT
NATIONAL WEATHER SERVICE BUFFALO NY
913 AM EST MON FEB 1 2016

...................................

...THE ROCHESTER NY CLIMATE SUMMARY FOR THE MONTH OF JANUARY 2016...

CLIMATE NORMAL PERIOD 1981 TO 2010
CLIMATE RECORD PERIOD 1871 TO 2016

WEATHER         OBSERVED          NORMAL  DEPART  LAST YEAR`S
                 VALUE   DATE(S)  VALUE   FROM    VALUE  DATE(S)
                                          NORMAL
................................................................
TEMPERATURE (F)
RECORD
 HIGH              74   01/25/1950
 LOW              -17   01/16/1994
HIGHEST            58   01/31                         57  01/04
LOWEST              5   01/24                         -9  01/14
AVG. MAXIMUM     35.1              31.7     3.4     29.2
AVG. MINIMUM     19.6              17.6     2.0      9.9
MEAN             27.4              24.7     2.7     19.5
DAYS MAX >= 90      0               0.0     0.0        0
DAYS MAX <= 32     12              15.9    -3.9       20
DAYS MIN <= 32     28              27.5     0.5       30
DAYS MIN <= 0       0               2.6    -2.6        4

PRECIPITATION (INCHES)
RECORD
 MAXIMUM         8.05   1878
 MINIMUM         0.52   1921
TOTALS           1.52              2.41   -0.89     1.74
DAYS >= .01        18                                 17
DAYS >= .10         6                                  6
DAYS >= .50         0                                  1
DAYS >= 1.00        0                                  0
GREATEST
 24 HR. TOTAL    0.48   01/10 TO 01/10           01/03 TO 01/04
                                                          01/04 TO 01/04
                                                          01/04 TO 01/04

SNOWFALL (INCHES)
RECORDS
 TOTAL           61.3   2004
TOTALS           20.2              28.2    -8.0     17.7
SINCE 7/1        23.7              57.4   -33.7     43.4
SNOWDEPTH AVG.      1                 4      -3        2
DAYS >= 1.0         7               8.8    -1.8        9
GREATEST
 SNOW DEPTH         5   01/23                          4  01/31
                        01/22                             01/13
                        01/21
 24 HR TOTAL      4.0   01/18 TO 01/18           01/04 TO 01/04
                                                          01/04 TO 01/04
                                                          01/04 TO 01/04

DEGREE_DAYS
HEATING TOTAL    1159              1251     -92     1402
 SINCE 7/1       2898              3704    -806     3622
COOLING TOTAL       0                 0       0        0
 SINCE 1/1          0                 0       0        0
.....................................................

WIND (MPH)
AVERAGE WIND SPEED              10.7
HIGHEST WIND SPEED/DIRECTION    46/250
HIGHEST GUST SPEED/DIRECTION    58/250    DATE  01/10

SKY COVER
POSSIBLE SUNSHINE (PERCENT)   MM
AVERAGE SKY COVER           0.80
NUMBER OF DAYS FAIR            1
NUMBER OF DAYS PC              7
NUMBER OF DAYS CLOUDY         23

AVERAGE RH (PERCENT)     68

WEATHER CONDITIONS. NUMBER OF DAYS WITH
THUNDERSTORM              0     MIXED PRECIP               0
HEAVY RAIN                0     RAIN                       1
LIGHT RAIN                5     FREEZING RAIN              0
LT FREEZING RAIN          1     HAIL                       0
HEAVY SNOW                2     SNOW                       8
LIGHT SNOW               22     SLEET                      0
FOG                      14     FOG W/VIS <= 1/4 MILE      1
HAZE                      8

-  INDICATES NEGATIVE NUMBERS.
R  INDICATES RECORD WAS SET OR TIED.
MM INDICATES DATA IS MISSING.
T  INDICATES TRACE AMOUNT.

$$
