000
CXUS51 KBUF 011421
CLMROC
CLIMATE REPORT
NATIONAL WEATHER SERVICE BUFFALO NY
1021 AM EDT SAT JUL 01 2023
...................................
...THE ROCHESTER NY CLIMATE SUMMARY FOR THE MONTH OF JUNE 2023...
CLIMATE NORMAL PERIOD: 1991 TO 2020
CLIMATE RECORD PERIOD: 1871 TO 2023
WEATHER OBSERVED NORMAL DEPART LAST YEAR`S
VALUE DATE(S) VALUE FROM VALUE DATE(S)
NORMAL
................................................................
TEMPERATURE (F)
RECORD
HIGH 100 06/21/1953
LOW 35 06/08/1949
HIGHEST 89 06/02 93 06/22
LOWEST 47 06/05 47 06/05
06/07
AVG. MAXIMUM 75.2 77.9 -2.7 78.1
AVG. MINIMUM 56.4 57.4 -1.0 56.6
MEAN 65.8 67.6 -1.8 67.4
DAYS MAX >= 90 0 1.6 -1.6 3
DAYS MAX <= 32 0 0.0 0.0 0
DAYS MIN <= 32 0 0.0 0.0 0
DAYS MIN <= 0 0 0.0 0.0 0
PRECIPITATION (INCHES)
RECORD
MAXIMUM 8.14 1922
MINIMUM 0.22 1963
TOTALS 2.55 3.37 -0.82 2.04
DAYS >= .01 10 12
DAYS >= .10 6 5
DAYS >= .50 2 2
DAYS >= 1.00 1 0
GREATEST
24 HR. TOTAL 1.07 06/12 TO 06/12 0.62 06/08 TO 06/09
SNOWFALL (INCHES)
RECORDS
TOTAL MM MM
TOTALS 0.0 0.0 0.0 0.0
SINCE 7/1 50.4 102.0 -51.6 MM
SNOWDEPTH AVG. 0 0
DAYS >= 1.0 0 0.0 0.0 0
DAYS >= 0.1 0 0
GREATEST
SNOW DEPTH 0 0 MM
24 HR TOTAL MM MM 0.0
DEGREE DAYS
HEATING TOTAL 54 49 5 35
SINCE 7/1 5856 6273 -417 MM
COOLING TOTAL 86 128 -42 113
SINCE 1/1 107 172 -65 MM
................................................................
WIND (MPH)
AVERAGE WIND SPEED 7.3
HIGHEST WIND SPEED/DIRECTION 31/060
HIGHEST GUST SPEED/DIRECTION 41/070 DATE 06/03
SKY COVER
POSSIBLE SUNSHINE (PERCENT) MM
AVERAGE SKY COVER 0.70
NUMBER OF DAYS FAIR 5
NUMBER OF DAYS PC 9
NUMBER OF DAYS CLOUDY 16
AVERAGE RH (PERCENT) 70
WEATHER CONDITIONS. NUMBER OF DAYS WITH
THUNDERSTORM 3 MIXED PRECIP 0
HEAVY RAIN 3 RAIN 5
LIGHT RAIN 18 FREEZING RAIN 0
LT FREEZING RAIN 0 HAIL 0
HEAVY SNOW 0 SNOW 0
LIGHT SNOW 0 SLEET 0
FOG 16 FOG W/VIS <= 1/4 MILE 0
HAZE 9
- INDICATES NEGATIVE NUMBERS.
R INDICATES RECORD WAS SET OR TIED.
MM INDICATES DATA IS MISSING.
T INDICATES TRACE AMOUNT.
$$