000
CXUS51 KBUF 012051
CLMROC


CLIMATE REPORT
NATIONAL WEATHER SERVICE BUFFALO NY
436 PM EDT SAT NOV 1 2014

...................................

...THE ROCHESTER NY CLIMATE SUMMARY FOR THE MONTH OF OCTOBER 2014...

CLIMATE NORMAL PERIOD 1981 TO 2010
CLIMATE RECORD PERIOD 1871 TO 2014

WEATHER         OBSERVED          NORMAL  DEPART  LAST YEAR`S
                 VALUE   DATE(S)  VALUE   FROM    VALUE  DATE(S)
                                          NORMAL
................................................................
TEMPERATURE (F)
RECORD
 HIGH              91   10/05/1951
 LOW               19   10/25/1879
HIGHEST            82   10/14                         83  10/06
LOWEST             33   10/12                         25  10/29
AVG. MAXIMUM     62.6              59.6     3.0     62.9
AVG. MINIMUM     45.2              41.5     3.7     43.7
MEAN             53.9              50.6     3.3     53.3
DAYS MAX >= 90      0               0.0     0.0        0
DAYS MAX <= 32      0               0.0     0.0        0
DAYS MIN <= 32      0               3.3    -3.3        3
DAYS MIN <= 0       0               0.0     0.0        0

PRECIPITATION (INCHES)
RECORD
 MAXIMUM         8.67   1873
 MINIMUM         0.08   1924
TOTALS           1.89              2.72   -0.83     3.32
DAYS >= .01        16                                 18
DAYS >= .10         8                                  9
DAYS >= .50         1                                  2
DAYS >= 1.00        0                                  0
GREATEST
 24 HR. TOTAL    0.70   10/20 TO 10/21           10/06 TO 10/07
                                                          10/31 TO 10/31
                                                          10/31 TO 10/31

SNOWFALL (INCHES)
RECORDS
 TOTAL            5.0   1906
TOTALS            0.0               0.1    -0.1      0.0
SINCE 7/1         0.0               0.1    -0.1      0.0
SNOWDEPTH AVG.      0                MM      MM        0
DAYS >= 1.0         0               0.0     0.0        0
GREATEST
 SNOW DEPTH         0   MM                             0  MM
 24 HR TOTAL      0.0   10/31 TO 10/31           10/31 TO 10/31
                                                          10/31 TO 10/31
                                                          10/31 TO 10/31

DEGREE_DAYS
HEATING TOTAL     348               452    -104      365
 SINCE 7/1        497               633    -136      555
COOLING TOTAL      10                 5       5       10
 SINCE 1/1        542               539       3      660
..................................................

WIND (MPH)
AVERAGE WIND SPEED              9.3
HIGHEST WIND SPEED/DIRECTION    37/260    DATE  10/08
HIGHEST GUST SPEED/DIRECTION    48/250    DATE  10/08

SKY COVER
POSSIBLE SUNSHINE (PERCENT)   MM
AVERAGE SKY COVER           0.70
NUMBER OF DAYS FAIR            2
NUMBER OF DAYS PC             12
NUMBER OF DAYS CLOUDY         17

AVERAGE RH (PERCENT)     71

WEATHER CONDITIONS. NUMBER OF DAYS WITH
THUNDERSTORM              1     MIXED PRECIP               0
HEAVY RAIN                2     RAIN                       4
LIGHT RAIN               21     FREEZING RAIN              0
LT FREEZING RAIN          0     HAIL                       1
HEAVY SNOW                0     SNOW                       0
LIGHT SNOW                0     SLEET                      0
FOG                      14     FOG W/VIS <= 1/4 MILE      3
HAZE                      3

-  INDICATES NEGATIVE NUMBERS.
R  INDICATES RECORD WAS SET OR TIED.
MM INDICATES DATA IS MISSING.
T  INDICATES TRACE AMOUNT.

$$
