000
CXUS51 KBUF 011307
CLMROC


CLIMATE REPORT
NATIONAL WEATHER SERVICE BUFFALO NY
904 AM EDT MON JUL 1 2013

...................................

...THE ROCHESTER NY CLIMATE SUMMARY FOR THE MONTH OF JUNE 2013...

CLIMATE NORMAL PERIOD 1981 TO 2010
CLIMATE RECORD PERIOD 1871 TO 2013

WEATHER         OBSERVED          NORMAL  DEPART  LAST YEAR`S
                 VALUE   DATE(S)  VALUE   FROM    VALUE  DATE(S)
                                          NORMAL
................................................................
TEMPERATURE (F)
RECORD
 HIGH             100   06/21/1953
 LOW               35   06/08/1949
HIGHEST            90   06/23                         92  06/20
LOWEST             46   06/20                         47  06/06
AVG. MAXIMUM     74.8              76.6    -1.8     78.5
AVG. MINIMUM     58.0              55.9     2.1     58.3
MEAN             66.4              66.2     0.2     68.4
DAYS MAX >= 90      1               0.9     0.1        3
DAYS MAX <= 32      0               0.0     0.0        0
DAYS MIN <= 32      0               0.0     0.0        0
DAYS MIN <= 0       0               0.0     0.0        0

PRECIPITATION (INCHES)
RECORD
 MAXIMUM         8.14   1922
 MINIMUM         0.22   1963
TOTALS           6.27              3.34    2.93     3.98
DAYS >= .01        14                                 13
DAYS >= .10        11                                  6
DAYS >= .50         4                                  3
DAYS >= 1.00        2                                  1
GREATEST
 24 HR. TOTAL    1.72   06/06 TO 06/07

SNOWFALL (INCHES)
RECORDS
 TOTAL             MM   MM
TOTALS            0.0               0.0     0.0      0.0
SINCE 7/1        78.1              99.5   -21.4     59.9
SNOWDEPTH AVG.      0                MM      MM        0
DAYS >= 1.0         0               0.0     0.0        0
GREATEST
 SNOW DEPTH         0   MM                             0  MM
 24 HR TOTAL      0.0

DEGREE_DAYS
HEATING TOTAL      58                68     -10       46
 SINCE 7/1       6056              6646    -590     5306
COOLING TOTAL     107               106       1      155
 SINCE 1/1        178               136      42      243
.................................................

WIND (MPH)
AVERAGE WIND SPEED              7.4
HIGHEST WIND SPEED/DIRECTION    32/270
HIGHEST GUST SPEED/DIRECTION    41/250    DATE  06/02

SKY COVER
POSSIBLE SUNSHINE (PERCENT)   MM
NUMBER OF DAYS FAIR            4
NUMBER OF DAYS PC             15
NUMBER OF DAYS CLOUDY         11

AVERAGE RH (PERCENT)     72

WEATHER CONDITIONS. NUMBER OF DAYS WITH
THUNDERSTORM              4     MIXED PRECIP               0
HEAVY RAIN                9     RAIN                       9
LIGHT RAIN               15     FREEZING RAIN              0
LT FREEZING RAIN          0     HAIL                       0
HEAVY SNOW                0     SNOW                       0
LIGHT SNOW                0     SLEET                      0
FOG                      14     FOG W/VIS <= 1/4 MILE      1
HAZE                      5

-  INDICATES NEGATIVE NUMBERS.
R  INDICATES RECORD WAS SET OR TIED.
MM INDICATES DATA IS MISSING.
T  INDICATES TRACE AMOUNT.

$$
