000
CXUS51 KBUF 011852
CLMROC


CLIMATE REPORT
NATIONAL WEATHER SERVICE BUFFALO NY
117 PM EST SUN NOV 1 2015

...................................

...THE ROCHESTER NY CLIMATE SUMMARY FOR THE MONTH OF OCTOBER 2015...

CLIMATE NORMAL PERIOD 1981 TO 2010
CLIMATE RECORD PERIOD 1871 TO 2015

WEATHER         OBSERVED          NORMAL  DEPART  LAST YEAR`S
                 VALUE   DATE(S)  VALUE   FROM    VALUE  DATE(S)
                                          NORMAL
................................................................
TEMPERATURE (F)
RECORD
 HIGH              91   10/05/1951
 LOW               19   10/25/1879
HIGHEST            78   10/12                         82  10/14
LOWEST             30   10/19                         33  10/12
AVG. MAXIMUM     59.6              59.6     0.0     62.6
AVG. MINIMUM     42.5              41.5     1.0     45.2
MEAN             51.0              50.6     0.4     53.9
DAYS MAX >= 90      0               0.0     0.0        0
DAYS MAX <= 32      0               0.0     0.0        0
DAYS MIN <= 32      6               3.3     2.7        0
DAYS MIN <= 0       0               0.0     0.0        0

PRECIPITATION (INCHES)
RECORD
 MAXIMUM         8.67   1873
 MINIMUM         0.08   1924
TOTALS           2.78              2.72    0.06     1.89
DAYS >= .01        16                                 16
DAYS >= .10         7                                  8
DAYS >= .50         2                                  1
DAYS >= 1.00        0                                  0
GREATEST
 24 HR. TOTAL    0.95   10/28 TO 10/28

SNOWFALL (INCHES)
RECORDS
 TOTAL            5.0   1906
TOTALS              T               0.1    -0.1      0.0
SINCE 7/1           T               0.1    -0.1      0.0
SNOWDEPTH AVG.      0                MM      MM        0
DAYS >= 1.0         0               0.0     0.0        0
GREATEST
 SNOW DEPTH         0   MM                             0  MM
 24 HR TOTAL        T   10/18 TO 10/18
                        10/17 TO 10/17
DEGREE_DAYS
HEATING TOTAL     427               452     -25      348
 SINCE 7/1        495               633    -138      497
COOLING TOTAL       1                 5      -4       10
 SINCE 1/1        698               539     159      542
..................................................

WIND (MPH)
AVERAGE WIND SPEED              9.4
HIGHEST WIND SPEED/DIRECTION    43/250    DATE  10/15
HIGHEST GUST SPEED/DIRECTION    53/250    DATE  10/15

SKY COVER
POSSIBLE SUNSHINE (PERCENT)   MM
AVERAGE SKY COVER           0.70
NUMBER OF DAYS FAIR            2
NUMBER OF DAYS PC             13
NUMBER OF DAYS CLOUDY         16

AVERAGE RH (PERCENT)     68

WEATHER CONDITIONS. NUMBER OF DAYS WITH
THUNDERSTORM              6     MIXED PRECIP               0
HEAVY RAIN                3     RAIN                       5
LIGHT RAIN               19     FREEZING RAIN              0
LT FREEZING RAIN          0     HAIL                       0
HEAVY SNOW                0     SNOW                       0
LIGHT SNOW                2     SLEET                      0
FOG                      10     FOG W/VIS <= 1/4 MILE      0
HAZE                      2

-  INDICATES NEGATIVE NUMBERS.
R  INDICATES RECORD WAS SET OR TIED.
MM INDICATES DATA IS MISSING.
T  INDICATES TRACE AMOUNT.

$$
