000
CXUS51 KBUF 021142
CLMROC


CLIMATE REPORT
NATIONAL WEATHER SERVICE BUFFALO NY
739 AM EDT SAT NOV 2 2013

...................................

...THE ROCHESTER NY CLIMATE SUMMARY FOR THE MONTH OF OCTOBER 2013...

CLIMATE NORMAL PERIOD 1981 TO 2010
CLIMATE RECORD PERIOD 1871 TO 2013

WEATHER         OBSERVED          NORMAL  DEPART  LAST YEAR`S
                 VALUE   DATE(S)  VALUE   FROM    VALUE  DATE(S)
                                          NORMAL
................................................................
TEMPERATURE (F)
RECORD
 HIGH              91   10/05/1951
 LOW               19   10/25/1879
HIGHEST            83   10/06                         81  10/25
LOWEST             25   10/29                         28  10/13
AVG. MAXIMUM     62.9              59.6     3.3     61.4
AVG. MINIMUM     43.7              41.5     2.2     44.2
MEAN             53.3              50.6     2.7     52.8
DAYS MAX >= 90      0               0.0     0.0        0
DAYS MAX <= 32      0               0.0     0.0        0
DAYS MIN <= 32      3               3.3    -0.3        2
DAYS MIN <= 0       0               0.0     0.0        0

PRECIPITATION (INCHES)
RECORD
 MAXIMUM         8.67   1873
 MINIMUM         0.08   1924
TOTALS           3.32              2.72    0.60     4.93
DAYS >= .01        18                                 18
DAYS >= .10         9                                  9
DAYS >= .50         2                                  3
DAYS >= 1.00        0                                  1
GREATEST
 24 HR. TOTAL    0.80   10/06 TO 10/07           10/29 TO 10/30
                                                          10/31 TO 10/31
                                                          10/31 TO 10/31

SNOWFALL (INCHES)
RECORDS
 TOTAL            5.0   1906
TOTALS            0.0               0.1    -0.1      0.0
SINCE 7/1         0.0               0.1    -0.1      0.0
SNOWDEPTH AVG.      0                MM      MM        0
DAYS >= 1.0         0               0.0     0.0        0
GREATEST
 SNOW DEPTH         0   MM                             0  MM
 24 HR TOTAL      0.0   10/31 TO 10/31           10/31 TO 10/31
                                                          10/31 TO 10/31
                                                          10/31 TO 10/31

DEGREE_DAYS
HEATING TOTAL     365               452     -87      374
 SINCE 7/1        555               633     -78      526
COOLING TOTAL      10                 5       5        5
 SINCE 1/1        660               539     121      802
..................................................

WIND (MPH)
AVERAGE WIND SPEED              6.9
HIGHEST WIND SPEED/DIRECTION    32/240
HIGHEST GUST SPEED/DIRECTION    41/240    DATE  10/26

SKY COVER
POSSIBLE SUNSHINE (PERCENT)   MM
NUMBER OF DAYS FAIR            3
NUMBER OF DAYS PC             14
NUMBER OF DAYS CLOUDY         14

AVERAGE RH (PERCENT)     72

WEATHER CONDITIONS. NUMBER OF DAYS WITH
THUNDERSTORM              0     MIXED PRECIP               0
HEAVY RAIN                6     RAIN                       8
LIGHT RAIN               21     FREEZING RAIN              0
LT FREEZING RAIN          0     HAIL                       0
HEAVY SNOW                0     SNOW                       0
LIGHT SNOW                0     SLEET                      0
FOG                      22     FOG W/VIS <= 1/4 MILE      2
HAZE                      3

-  INDICATES NEGATIVE NUMBERS.
R  INDICATES RECORD WAS SET OR TIED.
MM INDICATES DATA IS MISSING.
T  INDICATES TRACE AMOUNT.

$$
