000
CXUS51 KBUF 011722
CLMROC


CLIMATE REPORT
NATIONAL WEATHER SERVICE BUFFALO NY
118 PM EDT MON SEP 1 2014

...................................

...THE ROCHESTER NY CLIMATE SUMMARY FOR THE MONTH OF AUGUST 2014...

CLIMATE NORMAL PERIOD 1981 TO 2010
CLIMATE RECORD PERIOD 1871 TO 2014

WEATHER         OBSERVED          NORMAL  DEPART  LAST YEAR`S
                 VALUE   DATE(S)  VALUE   FROM    VALUE  DATE(S)
                                          NORMAL
................................................................
TEMPERATURE (F)
RECORD
 HIGH              99   08/28/1948
                        08/26/1948
 LOW               36   08/30/1965
HIGHEST            87   08/30                         87  08/21
                        08/26
LOWEST             50   08/29                         49  08/15
                        08/19
AVG. MAXIMUM     77.8              79.1    -1.3     79.2
AVG. MINIMUM     58.6              59.5    -0.9     59.3
MEAN             68.2              69.3    -1.1     69.3
DAYS MAX >= 90      0               1.4    -1.4        0
DAYS MAX <= 32      0               0.0     0.0        0
DAYS MIN <= 32      0               0.0     0.0        0
DAYS MIN <= 0       0               0.0     0.0        0

PRECIPITATION (INCHES)
RECORD
 MAXIMUM         7.26   1886
 MINIMUM         0.36   1876
TOTALS           2.27              3.47   -1.20     2.70
DAYS >= .01        10                                 10
DAYS >= .10         7                                  8
DAYS >= .50         1                                  1
DAYS >= 1.00        0                                  0
GREATEST
 24 HR. TOTAL    1.01   08/12 TO 08/13           08/08 TO 08/09
                                                          08/09 TO 08/09
                                                          08/09 TO 08/09

SNOWFALL (INCHES)
RECORDS
 TOTAL             MM   MM
TOTALS            0.0               0.0     0.0      0.0
SINCE 7/1         0.0               0.0     0.0      0.0
SNOWDEPTH AVG.      0                MM      MM        0
DAYS >= 1.0         0               0.0     0.0        0
GREATEST
 SNOW DEPTH         0   MM                             0  MM
 24 HR TOTAL      0.0   08/31 TO 08/31           08/09 TO 08/09
                                                          08/09 TO 08/09
                                                          08/09 TO 08/09

DEGREE_DAYS
HEATING TOTAL      18                22      -4       10
 SINCE 7/1         25                34      -9       18
COOLING TOTAL     125               155     -30      152
 SINCE 1/1        464               484     -20      591
..........................................................

WIND (MPH)
AVERAGE WIND SPEED              6.2
HIGHEST WIND SPEED/DIRECTION    36/250
HIGHEST GUST SPEED/DIRECTION    51/260    DATE  08/01

SKY COVER
POSSIBLE SUNSHINE (PERCENT)   MM
AVERAGE SKY COVER           0.60
NUMBER OF DAYS FAIR            5
NUMBER OF DAYS PC             18
NUMBER OF DAYS CLOUDY          8

AVERAGE RH (PERCENT)     73

WEATHER CONDITIONS. NUMBER OF DAYS WITH
THUNDERSTORM              0     MIXED PRECIP               0
HEAVY RAIN                4     RAIN                       4
LIGHT RAIN               12     FREEZING RAIN              0
LT FREEZING RAIN          0     HAIL                       0
HEAVY SNOW                0     SNOW                       0
LIGHT SNOW                0     SLEET                      0
FOG                      14     FOG W/VIS <= 1/4 MILE      0
HAZE                      4

-  INDICATES NEGATIVE NUMBERS.
R  INDICATES RECORD WAS SET OR TIED.
MM INDICATES DATA IS MISSING.
T  INDICATES TRACE AMOUNT.

$$
