000
CXUS51 KBUF 011812
CLMROC


CLIMATE REPORT
NATIONAL WEATHER SERVICE BUFFALO NY
209 PM EDT WED OCT 1 2014

...................................

...THE ROCHESTER NY CLIMATE SUMMARY FOR THE MONTH OF SEPTEMBER 2014...

CLIMATE NORMAL PERIOD 1981 TO 2010
CLIMATE RECORD PERIOD 1871 TO 2014

WEATHER         OBSERVED          NORMAL  DEPART  LAST YEAR`S
                 VALUE   DATE(S)  VALUE   FROM    VALUE  DATE(S)
                                          NORMAL
................................................................
TEMPERATURE (F)
RECORD
 HIGH              99   09/03/1953
 LOW               28   09/28/1947
HIGHEST            92   09/05                         92  09/11
LOWEST             40   09/19                         37  09/17
                        09/14
AVG. MAXIMUM     74.1              71.6     2.5     71.4
AVG. MINIMUM     51.8              52.0    -0.2     50.5
MEAN             62.9              61.8     1.1     61.0
DAYS MAX >= 90      1               0.3     0.7        2
DAYS MAX <= 32      0               0.0     0.0        0
DAYS MIN <= 32      0               0.0     0.0        0
DAYS MIN <= 0       0               0.0     0.0        0

PRECIPITATION (INCHES)
RECORD
 MAXIMUM         6.30   1977
 MINIMUM         0.28   1960
TOTALS           1.33              3.38   -2.05     2.41
DAYS >= .01        11                                 10
DAYS >= .10         5                                  7
DAYS >= .50         0                                  1
DAYS >= 1.00        0                                  1
GREATEST
 24 HR. TOTAL    0.39   09/10 TO 09/11

SNOWFALL (INCHES)
RECORDS
 TOTAL             MM   MM
TOTALS            0.0               0.0     0.0      0.0
SINCE 7/1         0.0               0.0     0.0      0.0
SNOWDEPTH AVG.      0                MM      MM        0
DAYS >= 1.0         0               0.0     0.0        0
GREATEST
 SNOW DEPTH         0   MM                             0  MM
 24 HR TOTAL      0.0

DEGREE_DAYS
HEATING TOTAL     124               147     -23      172
 SINCE 7/1        149               181     -32      190
COOLING TOTAL      68                50      18       59
 SINCE 1/1        532               534      -2      650
..................................................

WIND (MPH)
AVERAGE WIND SPEED              6.6
HIGHEST WIND SPEED/DIRECTION    29/320
HIGHEST GUST SPEED/DIRECTION    39/310    DATE  09/13

SKY COVER
POSSIBLE SUNSHINE (PERCENT)   MM
AVERAGE SKY COVER           0.50
NUMBER OF DAYS FAIR            7
NUMBER OF DAYS PC             16
NUMBER OF DAYS CLOUDY          7

AVERAGE RH (PERCENT)     71

WEATHER CONDITIONS. NUMBER OF DAYS WITH
THUNDERSTORM              3     MIXED PRECIP               0
HEAVY RAIN                3     RAIN                       5
LIGHT RAIN               12     FREEZING RAIN              0
LT FREEZING RAIN          0     HAIL                       0
HEAVY SNOW                0     SNOW                       0
LIGHT SNOW                0     SLEET                      0
FOG                      16     FOG W/VIS <= 1/4 MILE      0
HAZE                      2

-  INDICATES NEGATIVE NUMBERS.
R  INDICATES RECORD WAS SET OR TIED.
MM INDICATES DATA IS MISSING.
T  INDICATES TRACE AMOUNT.

$$
