000
CXUS51 KBUF 011125
CLMROC


CLIMATE REPORT
NATIONAL WEATHER SERVICE BUFFALO NY
725 AM EDT TUE NOV 1 2016

...................................

...THE ROCHESTER NY CLIMATE SUMMARY FOR THE MONTH OF OCTOBER 2016...

CLIMATE NORMAL PERIOD 1981 TO 2010
CLIMATE RECORD PERIOD 1871 TO 2016

WEATHER         OBSERVED          NORMAL  DEPART  LAST YEAR`S
                 VALUE   DATE(S)  VALUE   FROM    VALUE  DATE(S)
                                          NORMAL
................................................................
TEMPERATURE (F)
RECORD
 HIGH              91   10/05/1951
 LOW               10   10/21/2016
HIGHEST            80   10/18                         78  10/12
LOWEST             31   10/31                         30  10/19
AVG. MAXIMUM     62.8              59.6     3.2     59.6
AVG. MINIMUM     45.6              41.5     4.1     42.5
MEAN             54.2              50.6     3.6     51.0
DAYS MAX >= 90      0               0.0     0.0        0
DAYS MAX <= 32      0               0.0     0.0        0
DAYS MIN <= 32      1               3.3    -2.3        6
DAYS MIN <= 0       0               0.0     0.0        0

PRECIPITATION (INCHES)
RECORD
 MAXIMUM         8.67   1873
 MINIMUM         0.08   1924
TOTALS           5.26              2.72    2.54     2.78
DAYS >= .01        14                                 16
DAYS >= .10        10                                  7
DAYS >= .50         2                                  2
DAYS >= 1.00        1                                  0
GREATEST
 24 HR. TOTAL    2.53   10/21 TO 10/21           10/28 TO 10/28
                                                          10/27 TO 10/28
                                                          10/28 TO 10/28

SNOWFALL (INCHES)
RECORDS
 TOTAL            5.0   1906
TOTALS            0.9               0.1     0.8        T
SINCE 7/1         0.9               0.1     0.8        T
SNOWDEPTH AVG.      0                MM      MM        0
DAYS >= 1.0         0               0.0     0.0        0
GREATEST
 SNOW DEPTH         T   10/27                          0  MM
 24 HR TOTAL      0.9   10/27 TO 10/27           10/18 TO 10/18
                                                          10/28 TO 10/28
                                                          10/28 TO 10/28

DEGREE_DAYS
HEATING TOTAL     342               452    -110      427
 SINCE 7/1        393               633    -240      495
COOLING TOTAL      15                 5      10        1
 SINCE 1/1        978               539     439      698
.........................................................

WIND (MPH)
AVERAGE WIND SPEED              8.3
HIGHEST WIND SPEED/DIRECTION    26/250
HIGHEST GUST SPEED/DIRECTION    36/300    DATE  10/22

SKY COVER
POSSIBLE SUNSHINE (PERCENT)   MM
AVERAGE SKY COVER           0.70
NUMBER OF DAYS FAIR            7
NUMBER OF DAYS PC              9
NUMBER OF DAYS CLOUDY         15

AVERAGE RH (PERCENT)     74

WEATHER CONDITIONS. NUMBER OF DAYS WITH
THUNDERSTORM              0     MIXED PRECIP               0
HEAVY RAIN                4     RAIN                       8
LIGHT RAIN               16     FREEZING RAIN              0
LT FREEZING RAIN          0     HAIL                       0
HEAVY SNOW                0     SNOW                       1
LIGHT SNOW                2     SLEET                      0
FOG                      13     FOG W/VIS <= 1/4 MILE      1
HAZE                      0

-  INDICATES NEGATIVE NUMBERS.
R  INDICATES RECORD WAS SET OR TIED.
MM INDICATES DATA IS MISSING.
T  INDICATES TRACE AMOUNT.

$$
