000
CXUS51 KBUF 011846
CLMROC


CLIMATE REPORT
NATIONAL WEATHER SERVICE BUFFALO NY
242 PM EDT FRI AUG 1 2014

...................................

...THE ROCHESTER NY CLIMATE SUMMARY FOR THE MONTH OF JULY 2014...

CLIMATE NORMAL PERIOD 1981 TO 2010
CLIMATE RECORD PERIOD 1871 TO 2014

WEATHER         OBSERVED          NORMAL  DEPART  LAST YEAR`S
                 VALUE   DATE(S)  VALUE   FROM    VALUE  DATE(S)
                                          NORMAL
................................................................
TEMPERATURE (F)
RECORD
 HIGH             102   07/10/1936
                        07/09/1936
 LOW               42   07/09/1963
HIGHEST            89   07/01                         93  07/19
                                                          07/17
LOWEST             52   07/25                         50  07/25
                        07/05
AVG. MAXIMUM     78.5              81.0    -2.5     81.9
AVG. MINIMUM     60.0              60.7    -0.7     64.1
MEAN             69.3              70.8    -1.5     73.0
DAYS MAX >= 90      0               2.3    -2.3        5
DAYS MAX <= 32      0               0.0     0.0        0
DAYS MIN <= 32      0               0.0     0.0        0
DAYS MIN <= 0       0               0.0     0.0        0

PRECIPITATION (INCHES)
RECORD
 MAXIMUM         9.70   1947
 MINIMUM         0.43   1933
TOTALS           7.70              3.33    4.37     4.41
DAYS >= .01        13                                 13
DAYS >= .10        10                                  6
DAYS >= .50         4                                  2
DAYS >= 1.00        3                                  1
GREATEST
 24 HR. TOTAL    3.07   07/27 TO 07/28           07/03 TO 07/04
                                                          07/31 TO 07/31
                                                          07/31 TO 07/31

SNOWFALL (INCHES)
RECORDS
 TOTAL             MM   MM
TOTALS            0.0               0.0     0.0      0.0
SINCE 7/1         0.0               0.0     0.0      0.0
SNOWDEPTH AVG.      0                MM      MM        0
DAYS >= 1.0         0               0.0     0.0        0
GREATEST
 SNOW DEPTH         0   MM                             0  MM
 24 HR TOTAL      0.0   07/31 TO 07/31           07/31 TO 07/31
                                                          07/31 TO 07/31
                                                          07/31 TO 07/31

DEGREE_DAYS
HEATING TOTAL       7                12      -5        8
 SINCE 7/1          7                12      -5        8
COOLING TOTAL     150               193     -43      261
 SINCE 1/1        339               329      10      439
..................................................

WIND (MPH)
AVERAGE WIND SPEED              7.1
HIGHEST WIND SPEED/DIRECTION    30/250
HIGHEST GUST SPEED/DIRECTION    43/240    DATE  07/08

SKY COVER
POSSIBLE SUNSHINE (PERCENT)   MM
AVERAGE SKY COVER           0.60
NUMBER OF DAYS FAIR            5
NUMBER OF DAYS PC             18
NUMBER OF DAYS CLOUDY          8

AVERAGE RH (PERCENT)     70

WEATHER CONDITIONS. NUMBER OF DAYS WITH
THUNDERSTORM              0     MIXED PRECIP               0
HEAVY RAIN                7     RAIN                       8
LIGHT RAIN               15     FREEZING RAIN              0
LT FREEZING RAIN          0     HAIL                       0
HEAVY SNOW                0     SNOW                       0
LIGHT SNOW                0     SLEET                      0
FOG                      15     FOG W/VIS <= 1/4 MILE      1
HAZE                      2

-  INDICATES NEGATIVE NUMBERS.
R  INDICATES RECORD WAS SET OR TIED.
MM INDICATES DATA IS MISSING.
T  INDICATES TRACE AMOUNT.

$$
