000
CXUS51 KBUF 011049
CLMROC


CLIMATE REPORT
NATIONAL WEATHER SERVICE BUFFALO NY
549 AM EST SUN DEC 1 2013

...................................

...THE ROCHESTER NY CLIMATE SUMMARY FOR THE MONTH OF NOVEMBER 2013...

CLIMATE NORMAL PERIOD 1981 TO 2010
CLIMATE RECORD PERIOD 1871 TO 2013

WEATHER         OBSERVED          NORMAL  DEPART  LAST YEAR`S
                 VALUE   DATE(S)  VALUE   FROM    VALUE  DATE(S)
                                          NORMAL
................................................................
TEMPERATURE (F)
RECORD
 HIGH              80   11/02/1933
 LOW                1   11/30/1875
HIGHEST            67   11/06                         73  11/11
LOWEST              7   11/30                         26  11/30
                                                          11/29
                                                          11/21
AVG. MAXIMUM     45.0              48.0    -3.0     46.7
AVG. MINIMUM     30.0              33.0    -3.0     32.0
MEAN             37.5              40.5    -3.0     39.3
DAYS MAX >= 90      0               0.0     0.0        0
DAYS MAX <= 32      3               1.4     1.6        0
DAYS MIN <= 32     15              14.8     0.2       20
DAYS MIN <= 0       0               0.0     0.0        0

PRECIPITATION (INCHES)
RECORD
 MAXIMUM         7.72   1927
 MINIMUM         0.33   1904
TOTALS           2.81              2.94   -0.13     0.71
DAYS >= .01        20                                 10
DAYS >= .10         9                                  2
DAYS >= .50         0                                  0
DAYS >= 1.00        0                                  0
GREATEST
 24 HR. TOTAL    0.66   11/26 TO 11/27           11/12 TO 11/13
                                                          11/30 TO 11/30
                                                          11/30 TO 11/30

SNOWFALL (INCHES)
RECORDS
 TOTAL           24.9   1996
TOTALS           13.3               7.3     6.0      0.8
SINCE 7/1        13.3               7.4     5.9      0.8
SNOWDEPTH AVG.      1                MM      MM        0
DAYS >= 1.0         5               2.3     2.7        0
GREATEST
 SNOW DEPTH         7   11/28                         -1  11/26
                        11/27
 24 HR TOTAL      3.6   MM                       11/30 TO 11/30
                                                          11/30 TO 11/30
                                                          11/30 TO 11/30

DEGREE_DAYS
HEATING TOTAL     817               735      82      763
 SINCE 7/1       1372              1368       4     1289
COOLING TOTAL       0                 0       0        0
 SINCE 1/1        660               539     121      802
.................................................

WIND (MPH)
AVERAGE WIND SPEED              10.5
HIGHEST WIND SPEED/DIRECTION    44/250
HIGHEST GUST SPEED/DIRECTION    63/230    DATE  11/18

SKY COVER
POSSIBLE SUNSHINE (PERCENT)   MM
NUMBER OF DAYS FAIR            0
NUMBER OF DAYS PC              9
NUMBER OF DAYS CLOUDY         21

AVERAGE RH (PERCENT)     67

WEATHER CONDITIONS. NUMBER OF DAYS WITH
THUNDERSTORM              0     MIXED PRECIP               0
HEAVY RAIN                1     RAIN                       4
LIGHT RAIN               13     FREEZING RAIN              0
LT FREEZING RAIN          0     HAIL                       1
HEAVY SNOW                1     SNOW                       6
LIGHT SNOW               12     SLEET                      0
FOG                      17     FOG W/VIS <= 1/4 MILE      1
HAZE                      6

-  INDICATES NEGATIVE NUMBERS.
R  INDICATES RECORD WAS SET OR TIED.
MM INDICATES DATA IS MISSING.
T  INDICATES TRACE AMOUNT.

$$
