672
CXUS51 KBUF 011528
CLMROC


CLIMATE REPORT
NATIONAL WEATHER SERVICE BUFFALO NY
1027 AM EST THU DEC 1 2016

...................................

...THE ROCHESTER NY CLIMATE SUMMARY FOR THE MONTH OF NOVEMBER 2016...

CLIMATE NORMAL PERIOD 1981 TO 2010
CLIMATE RECORD PERIOD 1871 TO 2016

WEATHER         OBSERVED          NORMAL  DEPART  LAST YEAR`S
                 VALUE   DATE(S)  VALUE   FROM    VALUE  DATE(S)
                                          NORMAL
................................................................
TEMPERATURE (F)
RECORD
 HIGH              80   11/02/1933
 LOW                1   11/30/1875
HIGHEST            73   11/18                         78  11/04
LOWEST             27   11/12                         24  11/23
AVG. MAXIMUM     54.0              48.0     6.0     55.8
AVG. MINIMUM     36.5              33.0     3.5     37.3
MEAN             45.2              40.5     4.7     46.6
DAYS MAX >= 90      0               0.0     0.0        0
DAYS MAX <= 32      0               1.4    -1.4        0
DAYS MIN <= 32      9              14.8    -5.8       11
DAYS MIN <= 0       0               0.0     0.0        0

PRECIPITATION (INCHES)
RECORD
 MAXIMUM         7.72   1927
 MINIMUM         0.33   1904
TOTALS           2.60              2.94   -0.34     0.97
DAYS >= .01        16                                 14
DAYS >= .10         7                                  2
DAYS >= .50         2                                  0
DAYS >= 1.00        0                                  0
GREATEST
 24 HR. TOTAL    0.91   11/02 TO 11/03           11/10 TO 11/11
                                                          11/22 TO 11/22
                                                          11/22 TO 11/22

SNOWFALL (INCHES)
RECORDS
 TOTAL           24.9   1996
TOTALS           15.0               7.3     7.7      1.2
SINCE 7/1        15.9               7.4     8.5      1.2
SNOWDEPTH AVG.      1                MM      MM        0
DAYS >= 1.0         2               2.3    -0.3        0
GREATEST
 SNOW DEPTH        12   11/21                          1  11/23
 24 HR TOTAL     11.2   MM                       11/22 TO 11/22
                                                          11/22 TO 11/22
                                                          11/22 TO 11/22

DEGREE_DAYS
HEATING TOTAL     585               735    -150      545
 SINCE 7/1        978              1368    -390     1040
COOLING TOTAL       0                 0       0        0
 SINCE 1/1        978               539     439      698
...................................................

WIND (MPH)
AVERAGE WIND SPEED              9.0
HIGHEST WIND SPEED/DIRECTION    32/310
HIGHEST GUST SPEED/DIRECTION    46/280    DATE  11/21

SKY COVER
POSSIBLE SUNSHINE (PERCENT)   MM
AVERAGE SKY COVER           0.70
NUMBER OF DAYS FAIR            4
NUMBER OF DAYS PC              9
NUMBER OF DAYS CLOUDY         17

AVERAGE RH (PERCENT)     72

WEATHER CONDITIONS. NUMBER OF DAYS WITH
THUNDERSTORM              0     MIXED PRECIP               0
HEAVY RAIN                4     RAIN                       5
LIGHT RAIN               14     FREEZING RAIN              0
LT FREEZING RAIN          1     HAIL                       0
HEAVY SNOW                1     SNOW                       3
LIGHT SNOW                5     SLEET                      3
FOG                      15     FOG W/VIS <= 1/4 MILE      1
HAZE                      1

-  INDICATES NEGATIVE NUMBERS.
R  INDICATES RECORD WAS SET OR TIED.
MM INDICATES DATA IS MISSING.
T  INDICATES TRACE AMOUNT.

$$
