000
CXUS51 KBUF 021756
CLMROC


CLIMATE REPORT
NATIONAL WEATHER SERVICE BUFFALO NY
149 PM EDT THU JUL 2 2015

...................................

...THE ROCHESTER NY CLIMATE SUMMARY FOR THE MONTH OF JUNE 2015...

CLIMATE NORMAL PERIOD 1981 TO 2010
CLIMATE RECORD PERIOD 1871 TO 2015

WEATHER         OBSERVED          NORMAL  DEPART  LAST YEAR`S
                 VALUE   DATE(S)  VALUE   FROM    VALUE  DATE(S)
                                          NORMAL
................................................................
TEMPERATURE (F)
RECORD
 HIGH             100   06/21/1953
 LOW               35   06/08/1949
HIGHEST            83   06/22                         90  06/30
                        06/12                             06/17
LOWEST             42   06/03                         48  06/20
                                                          06/01
AVG. MAXIMUM     75.2              76.6    -1.4     79.7
AVG. MINIMUM     56.5              55.9     0.6     58.0
MEAN             65.9              66.2    -0.3     68.8
DAYS MAX >= 90      0               0.9    -0.9        2
DAYS MAX <= 32      0               0.0     0.0        0
DAYS MIN <= 32      0               0.0     0.0        0
DAYS MIN <= 0       0               0.0     0.0        0

PRECIPITATION (INCHES)
RECORD
 MAXIMUM         8.14   1922
 MINIMUM         0.22   1963
TOTALS           6.20              3.34    2.86     2.06
DAYS >= .01        17                                  8
DAYS >= .10        12                                  6
DAYS >= .50         5                                  1
DAYS >= 1.00        2                                  0
GREATEST
 24 HR. TOTAL    1.58   06/10 TO 06/10

SNOWFALL (INCHES)
RECORDS
 TOTAL             MM   MM
TOTALS            0.0               0.0     0.0      0.0
SINCE 7/1       101.9              99.5     2.4    112.7
SNOWDEPTH AVG.      0                MM      MM        0
DAYS >= 1.0         0               0.0     0.0        0
GREATEST
 SNOW DEPTH         0   MM                             0  MM
 24 HR TOTAL      0.0

DEGREE_DAYS
HEATING TOTAL      57                68     -11       29
 SINCE 7/1       6871              6646     225     7015
COOLING TOTAL      94               106     -12      150
 SINCE 1/1        197               136      61      189
.................................................

WIND (MPH)
AVERAGE WIND SPEED              7.6
HIGHEST WIND SPEED/DIRECTION    32/330
HIGHEST GUST SPEED/DIRECTION    58/270    DATE  06/10

SKY COVER
POSSIBLE SUNSHINE (PERCENT)   MM
AVERAGE SKY COVER           0.70
NUMBER OF DAYS FAIR            2
NUMBER OF DAYS PC             11
NUMBER OF DAYS CLOUDY         17

AVERAGE RH (PERCENT)     72

WEATHER CONDITIONS. NUMBER OF DAYS WITH
THUNDERSTORM              7     MIXED PRECIP               0
HEAVY RAIN                6     RAIN                      13
LIGHT RAIN               18     FREEZING RAIN              0
LT FREEZING RAIN          0     HAIL                       0
HEAVY SNOW                0     SNOW                       0
LIGHT SNOW                0     SLEET                      0
FOG                      19     FOG W/VIS <= 1/4 MILE      0
HAZE                      2

-  INDICATES NEGATIVE NUMBERS.
R  INDICATES RECORD WAS SET OR TIED.
MM INDICATES DATA IS MISSING.
T  INDICATES TRACE AMOUNT.

$$
