000
CXUS51 KBUF 011357
CLMROC


CLIMATE REPORT
NATIONAL WEATHER SERVICE BUFFALO NY
851 AM EST SAT FEB 1 2014

...................................

...THE ROCHESTER NY CLIMATE SUMMARY FOR THE MONTH OF JANUARY 2014...

CLIMATE NORMAL PERIOD 1981 TO 2010
CLIMATE RECORD PERIOD 1871 TO 2014

WEATHER         OBSERVED          NORMAL  DEPART  LAST YEAR`S
                 VALUE   DATE(S)  VALUE   FROM    VALUE  DATE(S)
                                          NORMAL
................................................................
TEMPERATURE (F)
RECORD
 HIGH              74   01/25/1950
 LOW              -17   01/16/1994
HIGHEST            53   01/13                         69  01/13
                        01/11
LOWEST             -6   01/03                          2  01/26
AVG. MAXIMUM     28.7              31.7    -3.0     38.0
AVG. MINIMUM     12.5              17.6    -5.1     22.3
MEAN             20.6              24.7    -4.1     30.1
DAYS MAX >= 90      0               0.0     0.0        0
DAYS MAX <= 32     18              15.9     2.1       10
DAYS MIN <= 32     29              27.5     1.5       26
DAYS MIN <= 0       6               2.6     3.4        0

PRECIPITATION (INCHES)
RECORD
 MAXIMUM         8.05   1878
 MINIMUM         0.52   1921
TOTALS           1.23              2.41   -1.18     1.47
DAYS >= .01        17                                 15
DAYS >= .10         3                                  5
DAYS >= .50         0                                  0
DAYS >= 1.00        0                                  0
GREATEST
 24 HR. TOTAL    0.35   01/01 TO 01/02

SNOWFALL (INCHES)
RECORDS
 TOTAL           61.3   2004
TOTALS           20.8              28.2    -7.4     11.7
SINCE 7/1        56.8              57.4    -0.6     35.1
SNOWDEPTH AVG.      2                 4      -2        2
DAYS >= 1.0         6               8.8    -2.8        3
GREATEST
 SNOW DEPTH        10   01/03                          9  01/03
                                                          01/01
 24 HR TOTAL      8.0   01/02 TO 01/02

DEGREE_DAYS
HEATING TOTAL    1371              1251     120     1069
 SINCE 7/1       3868              3704     164     3245
COOLING TOTAL       0                 0       0        0
 SINCE 1/1          0                 0       0        0
..........................................................

WIND (MPH)
AVERAGE WIND SPEED              11.7
HIGHEST WIND SPEED/DIRECTION    38/250
HIGHEST GUST SPEED/DIRECTION    49/250    DATE  01/06

SKY COVER
POSSIBLE SUNSHINE (PERCENT)   MM
NUMBER OF DAYS FAIR            1
NUMBER OF DAYS PC             13
NUMBER OF DAYS CLOUDY         17

AVERAGE RH (PERCENT)     69

WEATHER CONDITIONS. NUMBER OF DAYS WITH
THUNDERSTORM              0     MIXED PRECIP               2
HEAVY RAIN                1     RAIN                       2
LIGHT RAIN                6     FREEZING RAIN              0
LT FREEZING RAIN          2     HAIL                       0
HEAVY SNOW                3     SNOW                       6
LIGHT SNOW               23     SLEET                      0
FOG                      16     FOG W/VIS <= 1/4 MILE      1
HAZE                     10

-  INDICATES NEGATIVE NUMBERS.
R  INDICATES RECORD WAS SET OR TIED.
MM INDICATES DATA IS MISSING.
T  INDICATES TRACE AMOUNT.

$$
