000
CXUS51 KBUF 011707
CLMROC


CLIMATE REPORT
NATIONAL WEATHER SERVICE BUFFALO NY
1226 PM EDT TUE SEP 1 2015

...................................

...THE ROCHESTER NY CLIMATE SUMMARY FOR THE MONTH OF AUGUST 2015...

CLIMATE NORMAL PERIOD 1981 TO 2010
CLIMATE RECORD PERIOD 1871 TO 2015

WEATHER         OBSERVED          NORMAL  DEPART  LAST YEAR`S
                 VALUE   DATE(S)  VALUE   FROM    VALUE  DATE(S)
                                          NORMAL
................................................................
TEMPERATURE (F)
RECORD
 HIGH              99   08/28/1948
                        08/26/1948
 LOW               36   08/30/1965
HIGHEST            89   08/17                         87  08/30
                                                          08/26
LOWEST             50   08/28                         50  08/29
                                                          08/19
AVG. MAXIMUM     79.1              79.1     0.0     77.8
AVG. MINIMUM     59.9              59.5     0.4     58.6
MEAN             69.5              69.3     0.2     68.2
DAYS MAX >= 90      0               1.4    -1.4        0
DAYS MAX <= 32      0               0.0     0.0        0
DAYS MIN <= 32      0               0.0     0.0        0
DAYS MIN <= 0       0               0.0     0.0        0

PRECIPITATION (INCHES)
RECORD
 MAXIMUM         7.26   1886
 MINIMUM         0.36   1876
TOTALS           4.67              3.47    1.20     2.27
DAYS >= .01         9                                 10
DAYS >= .10         4                                  7
DAYS >= .50         2                                  1
DAYS >= 1.00        2                                  0
GREATEST
 24 HR. TOTAL    2.38   08/10 TO 08/10

SNOWFALL (INCHES)
RECORDS
 TOTAL             MM   MM
TOTALS            0.0               0.0     0.0      0.0
SINCE 7/1         0.0               0.0     0.0      0.0
SNOWDEPTH AVG.      0                MM      MM        0
DAYS >= 1.0         0               0.0     0.0        0
GREATEST
 SNOW DEPTH         0   MM                             0  MM
 24 HR TOTAL      0.0

DEGREE_DAYS
HEATING TOTAL       8                22     -14       18
 SINCE 7/1         19                34     -15       25
COOLING TOTAL     157               155       2      125
 SINCE 1/1        554               484      70      464
..................................................

WIND (MPH)
AVERAGE WIND SPEED              7.1
HIGHEST WIND SPEED/DIRECTION    31/280    DATE  08/20
HIGHEST GUST SPEED/DIRECTION    35/270    DATE  08/20

SKY COVER
POSSIBLE SUNSHINE (PERCENT)   MM
AVERAGE SKY COVER           0.60
NUMBER OF DAYS FAIR            4
NUMBER OF DAYS PC             22
NUMBER OF DAYS CLOUDY          5

AVERAGE RH (PERCENT)     71

WEATHER CONDITIONS. NUMBER OF DAYS WITH
THUNDERSTORM              5     MIXED PRECIP               0
HEAVY RAIN                4     RAIN                       1
LIGHT RAIN               10     FREEZING RAIN              0
LT FREEZING RAIN          0     HAIL                       0
HEAVY SNOW                0     SNOW                       0
LIGHT SNOW                0     SLEET                      0
FOG                      11     FOG W/VIS <= 1/4 MILE      1
HAZE                      0

-  INDICATES NEGATIVE NUMBERS.
R  INDICATES RECORD WAS SET OR TIED.
MM INDICATES DATA IS MISSING.
T  INDICATES TRACE AMOUNT.

$$
