000
CXUS51 KBUF 011259
CLMROC


CLIMATE REPORT
NATIONAL WEATHER SERVICE BUFFALO NY
757 AM EST WED FEB 1 2017

...................................

...THE ROCHESTER NY CLIMATE SUMMARY FOR THE MONTH OF JANUARY 2017...

CLIMATE NORMAL PERIOD 1981 TO 2010
CLIMATE RECORD PERIOD 1871 TO 2017

WEATHER         OBSERVED          NORMAL  DEPART  LAST YEAR`S
                 VALUE   DATE(S)  VALUE   FROM    VALUE  DATE(S)
                                          NORMAL
................................................................
TEMPERATURE (F)
RECORD
 HIGH              74   01/25/1950
 LOW              -17   01/16/1994
HIGHEST            56   01/12                         58  01/31
LOWEST              7   01/08                          5  01/24
                        01/07
                        01/06
AVG. MAXIMUM     37.3              31.7     5.6     35.1
AVG. MINIMUM     25.5              17.6     7.9     19.6
MEAN             31.4              24.7     6.7     27.4
DAYS MAX >= 90      0               0.0     0.0        0
DAYS MAX <= 32     10              15.9    -5.9       12
DAYS MIN <= 32     21              27.5    -6.5       28
DAYS MIN <= 0       0               2.6    -2.6        0

PRECIPITATION (INCHES)
RECORD
 MAXIMUM         8.05   1878
 MINIMUM         0.52   1921
TOTALS           2.75              2.41    0.34     1.52
DAYS >= .01        16                                 18
DAYS >= .10         6                                  6
DAYS >= .50         3                                  0
DAYS >= 1.00        0                                  0
GREATEST
 24 HR. TOTAL    0.83   01/17 TO 01/18

SNOWFALL (INCHES)
RECORDS
 TOTAL           61.3   2004
TOTALS           11.8              28.2   -16.4     20.2
SINCE 7/1        57.0              57.4    -0.4     23.7
SNOWDEPTH AVG.      0                 4      -4        1
DAYS >= 1.0         4               8.8    -4.8        7
GREATEST
 SNOW DEPTH         5   01/25                          5  01/23
                                                          01/22
                                                          01/21
 24 HR TOTAL      4.8   01/24 TO 01/24

DEGREE_DAYS
HEATING TOTAL    1036              1251    -215     1159
 SINCE 7/1       3049              3704    -655     2898
COOLING TOTAL       0                 0       0        0
 SINCE 1/1          0                 0       0        0
.........................................................

WIND (MPH)
AVERAGE WIND SPEED              10.1
HIGHEST WIND SPEED/DIRECTION    41/260
HIGHEST GUST SPEED/DIRECTION    58/260    DATE  01/11

SKY COVER
POSSIBLE SUNSHINE (PERCENT)   MM
AVERAGE SKY COVER           0.80
NUMBER OF DAYS FAIR            2
NUMBER OF DAYS PC              7
NUMBER OF DAYS CLOUDY         22

AVERAGE RH (PERCENT)     75

WEATHER CONDITIONS. NUMBER OF DAYS WITH
THUNDERSTORM              1     MIXED PRECIP               1
HEAVY RAIN                1     RAIN                       4
LIGHT RAIN               16     FREEZING RAIN              0
LT FREEZING RAIN          2     HAIL                       0
HEAVY SNOW                1     SNOW                       5
LIGHT SNOW               16     SLEET                      2
FOG                      24     FOG W/VIS <= 1/4 MILE      2
HAZE                      2

-  INDICATES NEGATIVE NUMBERS.
R  INDICATES RECORD WAS SET OR TIED.
MM INDICATES DATA IS MISSING.
T  INDICATES TRACE AMOUNT.

$$
